{"id":14660,"date":"2024-09-23T08:14:34","date_gmt":"2024-09-23T08:14:34","guid":{"rendered":"https:\/\/energizer.com\/canada-french\/?page_id=14660"},"modified":"2024-09-27T12:21:55","modified_gmt":"2024-09-27T12:21:55","slug":"lampes-de-poche-en-caoutchouc","status":"publish","type":"page","link":"https:\/\/energizer.com\/canada-french\/lampes-de-poche-en-caoutchouc\/","title":{"rendered":"Energizer\u00ae Rubber Flashlights"},"content":{"rendered":"\t\t<div data-elementor-type=\"wp-page\" data-elementor-id=\"14660\" class=\"elementor elementor-14660\" data-elementor-post-type=\"page\">\n\t\t\t\t<div class=\"elementor-element elementor-element-bc38427 e-flex e-con-boxed e-con e-parent\" data-id=\"bc38427\" data-element_type=\"container\" data-e-type=\"container\">\n\t\t\t\t\t<div class=\"e-con-inner\">\n\t\t\t\t<div class=\"elementor-element elementor-element-18383a3 elementor-widget elementor-widget-heading\" data-id=\"18383a3\" data-element_type=\"widget\" data-e-type=\"widget\" data-widget_type=\"heading.default\">\n\t\t\t\t<div class=\"elementor-widget-container\">\n\t\t\t\t\t<h1 class=\"elementor-heading-title elementor-size-default\">Lampes de poche en caoutchouc Energizer\u00ae<\/h1>\t\t\t\t<\/div>\n\t\t\t\t<\/div>\n\t\t\t\t<div class=\"elementor-element elementor-element-8a34065 elementor-widget-divider--view-line elementor-widget elementor-widget-divider\" data-id=\"8a34065\" data-element_type=\"widget\" data-e-type=\"widget\" data-widget_type=\"divider.default\">\n\t\t\t\t<div class=\"elementor-widget-container\">\n\t\t\t\t\t\t\t<div class=\"elementor-divider\">\n\t\t\t<span class=\"elementor-divider-separator\">\n\t\t\t\t\t\t<\/span>\n\t\t<\/div>\n\t\t\t\t\t\t<\/div>\n\t\t\t\t<\/div>\n\t\t\t\t\t<\/div>\n\t\t\t\t<\/div>\n\t\t<div class=\"elementor-element elementor-element-644d795 e-flex e-con-boxed e-con e-parent\" data-id=\"644d795\" data-element_type=\"container\" data-e-type=\"container\">\n\t\t\t\t\t<div class=\"e-con-inner\">\n\t\t<div class=\"elementor-element elementor-element-e596d78 e-con-full e-flex e-con e-child\" data-id=\"e596d78\" data-element_type=\"container\" data-e-type=\"container\">\n\t\t\t\t<div class=\"elementor-element elementor-element-f7e710e elementor-widget elementor-widget-image\" data-id=\"f7e710e\" data-element_type=\"widget\" data-e-type=\"widget\" data-widget_type=\"image.default\">\n\t\t\t\t<div class=\"elementor-widget-container\">\n\t\t\t\t\t\t\t\t\t\t\t\t\t\t\t<img loading=\"lazy\" decoding=\"async\" width=\"500\" height=\"350\" src=\"https:\/\/energizer.com\/canada-french\/wp-content\/uploads\/sites\/3\/2024\/09\/Energizer\u00ae-Rubber-Flashlights.png\" class=\"attachment-full size-full wp-image-14675\" alt=\"Energizer\u00ae Rubber Flashlights\" srcset=\"https:\/\/energizer.com\/canada-french\/wp-content\/uploads\/sites\/3\/2024\/09\/Energizer\u00ae-Rubber-Flashlights.png 500w, https:\/\/energizer.com\/canada-french\/wp-content\/uploads\/sites\/3\/2024\/09\/Energizer\u00ae-Rubber-Flashlights-300x210.png 300w\" sizes=\"auto, (max-width: 500px) 100vw, 500px\" \/>\t\t\t\t\t\t\t\t\t\t\t\t\t\t\t<\/div>\n\t\t\t\t<\/div>\n\t\t\t\t<\/div>\n\t\t<div class=\"elementor-element elementor-element-a27aff6 e-con-full e-flex e-con e-child\" data-id=\"a27aff6\" data-element_type=\"container\" data-e-type=\"container\">\n\t\t\t\t<div class=\"elementor-element elementor-element-4df3609 bestFor elementor-widget elementor-widget-text-editor\" data-id=\"4df3609\" data-element_type=\"widget\" data-e-type=\"widget\" data-widget_type=\"text-editor.default\">\n\t\t\t\t<div class=\"elementor-widget-container\">\n\t\t\t\t\t\t\t\t\t<strong>Types disponibles: 2AA | 2AAA<\/strong>\t\t\t\t\t\t\t\t<\/div>\n\t\t\t\t<\/div>\n\t\t\t\t<div class=\"elementor-element elementor-element-707e853 elementor-widget elementor-widget-text-editor\" data-id=\"707e853\" data-element_type=\"widget\" data-e-type=\"widget\" data-widget_type=\"text-editor.default\">\n\t\t\t\t<div class=\"elementor-widget-container\">\n\t\t\t\t\t\t\t\t\t<p>La robustesse du caoutchouc et la facilit\u00e9 \u00e0 le tenir en main, combin\u00e9es au rendement et \u00e0 la fiabilit\u00e9 l\u00e9gendaires\u00a0<em>Energizer<\/em><sub>\u00ae<\/sub>, partout o\u00f9 vous en avez besoin. Une brillance continuelle\u2026<\/p>\t\t\t\t\t\t\t\t<\/div>\n\t\t\t\t<\/div>\n\t\t\t\t<\/div>\n\t\t\t\t\t<\/div>\n\t\t\t\t<\/div>\n\t\t\t\t<\/div>\n\t\t","protected":false},"excerpt":{"rendered":"<p>Lampes de poche en caoutchouc Energizer\u00ae Types disponibles: 2AA | 2AAA La robustesse du caoutchouc et la facilit\u00e9 \u00e0 le tenir en main, combin\u00e9es au rendement et \u00e0 la fiabilit\u00e9 l\u00e9gendaires\u00a0Energizer\u00ae, partout o\u00f9 vous en avez besoin. Une brillance continuelle\u2026<\/p>\n","protected":false},"author":3,"featured_media":0,"parent":0,"menu_order":0,"comment_status":"closed","ping_status":"closed","template":"elementor_header_footer","meta":{"_acf_changed":false,"footnotes":""},"class_list":["post-14660","page","type-page","status-publish","hentry"],"acf":[],"_links":{"self":[{"href":"https:\/\/energizer.com\/canada-french\/wp-json\/wp\/v2\/pages\/14660","targetHints":{"allow":["GET"]}}],"collection":[{"href":"https:\/\/energizer.com\/canada-french\/wp-json\/wp\/v2\/pages"}],"about":[{"href":"https:\/\/energizer.com\/canada-french\/wp-json\/wp\/v2\/types\/page"}],"author":[{"embeddable":true,"href":"https:\/\/energizer.com\/canada-french\/wp-json\/wp\/v2\/users\/3"}],"replies":[{"embeddable":true,"href":"https:\/\/energizer.com\/canada-french\/wp-json\/wp\/v2\/comments?post=14660"}],"version-history":[{"count":0,"href":"https:\/\/energizer.com\/canada-french\/wp-json\/wp\/v2\/pages\/14660\/revisions"}],"wp:attachment":[{"href":"https:\/\/energizer.com\/canada-french\/wp-json\/wp\/v2\/media?parent=14660"}],"curies":[{"name":"wp","href":"https:\/\/api.w.org\/{rel}","templated":true}]}}