{"id":12509,"date":"2024-09-18T11:20:52","date_gmt":"2024-09-18T11:20:52","guid":{"rendered":"https:\/\/energizer.com\/canada-french\/?post_type=product&#038;p=12509"},"modified":"2024-09-30T05:33:49","modified_gmt":"2024-09-30T05:33:49","slug":"lampe-a-pince-em-energizer-em-sub-reg-sub","status":"publish","type":"product","link":"https:\/\/energizer.com\/canada-french\/product\/eclairage\/mains-libres\/lampe-a-pince-em-energizer-em-sub-reg-sub\/","title":{"rendered":"Energizer\u00ae Clip Light"},"content":{"rendered":"<ul>\n<li>Base autoporteuse<\/li>\n<li>Grande pince qui peut \u00eatre utilis\u00e9e sur un bureau et d\u2019autres surfaces \u00e9paisses<\/li>\n<li>Cou flexible qui permet \u00e0 la t\u00eate d\u2019\u00eatre point\u00e9e dans n\u2019importe quelle direction<\/li>\n<li>2 modes\u00a0: chaud et froid pour divers usages<\/li>\n<li>Rechargeable (c\u00e2ble USB inclus)<\/li>\n<\/ul>\n","protected":false},"excerpt":{"rendered":"<p>La lampe \u00e0 pince Energizer\u00ae est la lumi\u00e8re parfaite pour tous les besoins int\u00e9rieurs. Le mode blanc peut \u00eatre utilis\u00e9 comme lampe de travail pour des projets de bricolage ou pour l\u2019artisanat et la couture, tandis que le mode chaud est id\u00e9al pour la lecture ou simplement comme solution de rechange \u00e0 faible \u00e9clairage pour rendre la pi\u00e8ce un peu plus lumineuse. Les deux modes sont tr\u00e8s polyvalents et ont une fonction d\u2019intensit\u00e9 variable; maintenez simplement le bouton enfonc\u00e9 pour obtenir la luminosit\u00e9 optimale dont vous avez besoin. Cette lumi\u00e8re est rechargeable et a une base solide qui est autoporteuse, mais elle a \u00e9galement une pince d\u2019envergure qui peut \u00eatre utilis\u00e9e sur les bureaux et d\u2019autres surfaces \u00e9paisses. Le cou flexible vous permet de diriger la lumi\u00e8re l\u00e0 o\u00f9 vous en avez besoin<\/p>\n","protected":false},"featured_media":0,"comment_status":"open","ping_status":"closed","template":"","meta":{"_acf_changed":false},"product_brand":[],"product_cat":[43,45,132],"product_tag":[],"class_list":{"0":"post-12509","1":"product","2":"type-product","3":"status-publish","5":"product_cat-mains-libres","6":"product_cat-nouveautes","7":"product_cat-trouvez-des-produits-declairage-energizer","9":"first","10":"instock","11":"shipping-taxable","12":"product-type-simple"},"acf":[],"_links":{"self":[{"href":"https:\/\/energizer.com\/canada-french\/wp-json\/wp\/v2\/product\/12509","targetHints":{"allow":["GET"]}}],"collection":[{"href":"https:\/\/energizer.com\/canada-french\/wp-json\/wp\/v2\/product"}],"about":[{"href":"https:\/\/energizer.com\/canada-french\/wp-json\/wp\/v2\/types\/product"}],"replies":[{"embeddable":true,"href":"https:\/\/energizer.com\/canada-french\/wp-json\/wp\/v2\/comments?post=12509"}],"version-history":[{"count":0,"href":"https:\/\/energizer.com\/canada-french\/wp-json\/wp\/v2\/product\/12509\/revisions"}],"wp:attachment":[{"href":"https:\/\/energizer.com\/canada-french\/wp-json\/wp\/v2\/media?parent=12509"}],"wp:term":[{"taxonomy":"product_brand","embeddable":true,"href":"https:\/\/energizer.com\/canada-french\/wp-json\/wp\/v2\/product_brand?post=12509"},{"taxonomy":"product_cat","embeddable":true,"href":"https:\/\/energizer.com\/canada-french\/wp-json\/wp\/v2\/product_cat?post=12509"},{"taxonomy":"product_tag","embeddable":true,"href":"https:\/\/energizer.com\/canada-french\/wp-json\/wp\/v2\/product_tag?post=12509"}],"curies":[{"name":"wp","href":"https:\/\/api.w.org\/{rel}","templated":true}]}}