{"id":12643,"date":"2024-09-18T13:23:33","date_gmt":"2024-09-18T13:23:33","guid":{"rendered":"https:\/\/energizer.com\/canada-french\/?post_type=product&#038;p=12643"},"modified":"2024-09-25T07:07:56","modified_gmt":"2024-09-25T07:07:56","slug":"energizer-ultimate-lithium-9v","status":"publish","type":"product","link":"https:\/\/energizer.com\/canada-french\/product\/power\/energizer-ultimate-lithium\/energizer-ultimate-lithium-9v\/","title":{"rendered":"ENERGIZER\u00ae ULTIMATE LITHIUM 9V"},"content":{"rendered":"<ul>\n<li>Pile de secours qui dure jusqu\u2019\u00e0 10 ans dans les d\u00e9tecteurs de fum\u00e9e \u00e0 courant alternatif<\/li>\n<li>Durent jusqu\u2019\u00e0 20 % plus longtemps dans les jouets comparativement aux piles\u00a0<em>Energizer<\/em>\u00a0MAX\u00ae<\/li>\n<li>25 % plus l\u00e9g\u00e8res que les piles alcalines standard<\/li>\n<li>Performantes dans les temp\u00e9ratures extr\u00eames allant de -40 \u00b0F \u00e0 140 \u00b0F<\/li>\n<li>Construction anti-fuite<\/li>\n<\/ul>\n","protected":false},"excerpt":{"rendered":"<p>Pile de secours qui dure jusqu\u2019\u00e0 10 ans dans les d\u00e9tecteurs de fum\u00e9e \u00e0 courant alternatif Durent jusqu\u2019\u00e0 20 % plus longtemps dans les jouets comparativement aux piles\u00a0Energizer\u00a0MAX\u00ae 25 % plus l\u00e9g\u00e8res que les piles alcalines standard Performantes dans les temp\u00e9ratures extr\u00eames allant de -40 \u00b0F \u00e0 140 \u00b0F Construction anti-fuite<\/p>\n","protected":false},"featured_media":0,"comment_status":"open","ping_status":"closed","template":"","meta":{"_acf_changed":false},"product_brand":[],"product_cat":[30],"product_tag":[],"class_list":{"0":"post-12643","1":"product","2":"type-product","3":"status-publish","5":"product_cat-energizer-ultimate-lithium","7":"first","8":"instock","9":"shipping-taxable","10":"product-type-simple"},"acf":[],"_links":{"self":[{"href":"https:\/\/energizer.com\/canada-french\/wp-json\/wp\/v2\/product\/12643","targetHints":{"allow":["GET"]}}],"collection":[{"href":"https:\/\/energizer.com\/canada-french\/wp-json\/wp\/v2\/product"}],"about":[{"href":"https:\/\/energizer.com\/canada-french\/wp-json\/wp\/v2\/types\/product"}],"replies":[{"embeddable":true,"href":"https:\/\/energizer.com\/canada-french\/wp-json\/wp\/v2\/comments?post=12643"}],"version-history":[{"count":0,"href":"https:\/\/energizer.com\/canada-french\/wp-json\/wp\/v2\/product\/12643\/revisions"}],"wp:attachment":[{"href":"https:\/\/energizer.com\/canada-french\/wp-json\/wp\/v2\/media?parent=12643"}],"wp:term":[{"taxonomy":"product_brand","embeddable":true,"href":"https:\/\/energizer.com\/canada-french\/wp-json\/wp\/v2\/product_brand?post=12643"},{"taxonomy":"product_cat","embeddable":true,"href":"https:\/\/energizer.com\/canada-french\/wp-json\/wp\/v2\/product_cat?post=12643"},{"taxonomy":"product_tag","embeddable":true,"href":"https:\/\/energizer.com\/canada-french\/wp-json\/wp\/v2\/product_tag?post=12643"}],"curies":[{"name":"wp","href":"https:\/\/api.w.org\/{rel}","templated":true}]}}