{"id":12738,"date":"2024-09-19T05:50:47","date_gmt":"2024-09-19T05:50:47","guid":{"rendered":"https:\/\/energizer.com\/canada-french\/?post_type=product&#038;p=12738"},"modified":"2024-10-01T07:33:39","modified_gmt":"2024-10-01T07:33:39","slug":"pile-371","status":"publish","type":"product","link":"https:\/\/energizer.com\/canada-french\/product\/power\/specialty\/pile-371\/","title":{"rendered":"ENERGIZER\u00ae WATCH BATTERIES \u2013 371"},"content":{"rendered":"<h3>D\u00e9tails du produit<\/h3>\n<ul>\n<li>Un rendement sur lequel vous pouvez compter pour les montres, jouets, glucom\u00e8tres et calculatrices<\/li>\n<li>Format : 371<\/li>\n<li>Type : Oxyde d\u2019argent<\/li>\n<li>Volt : 1.5<\/li>\n<li>Remplacement pour : 280-31, 370\/371, 371BP, D370\/371, SB-AN, SR69, SR920W, TR920SW<\/li>\n<\/ul>\n","protected":false},"excerpt":{"rendered":"<p>Lorsqu\u2019il s\u2019agit d\u2019appareils \u00e9lectroniques domestiques \u2013 comme les syst\u00e8mes d\u2019entr\u00e9e sans cl\u00e9, les livres \u00e9lectroniques et les glucom\u00e8tres \u2013 Energizer va au-del\u00e0 de la taille des piles de base afin de vous offrir la pile \u00e0 l\u2019oxyde d\u2019argent qu\u2019il vous faut.<\/p>\n","protected":false},"featured_media":0,"comment_status":"open","ping_status":"closed","template":"","meta":{"_acf_changed":false},"product_brand":[],"product_cat":[58],"product_tag":[],"class_list":{"0":"post-12738","1":"product","2":"type-product","3":"status-publish","5":"product_cat-specialty","7":"first","8":"instock","9":"shipping-taxable","10":"product-type-simple"},"acf":[],"_links":{"self":[{"href":"https:\/\/energizer.com\/canada-french\/wp-json\/wp\/v2\/product\/12738","targetHints":{"allow":["GET"]}}],"collection":[{"href":"https:\/\/energizer.com\/canada-french\/wp-json\/wp\/v2\/product"}],"about":[{"href":"https:\/\/energizer.com\/canada-french\/wp-json\/wp\/v2\/types\/product"}],"replies":[{"embeddable":true,"href":"https:\/\/energizer.com\/canada-french\/wp-json\/wp\/v2\/comments?post=12738"}],"version-history":[{"count":0,"href":"https:\/\/energizer.com\/canada-french\/wp-json\/wp\/v2\/product\/12738\/revisions"}],"wp:attachment":[{"href":"https:\/\/energizer.com\/canada-french\/wp-json\/wp\/v2\/media?parent=12738"}],"wp:term":[{"taxonomy":"product_brand","embeddable":true,"href":"https:\/\/energizer.com\/canada-french\/wp-json\/wp\/v2\/product_brand?post=12738"},{"taxonomy":"product_cat","embeddable":true,"href":"https:\/\/energizer.com\/canada-french\/wp-json\/wp\/v2\/product_cat?post=12738"},{"taxonomy":"product_tag","embeddable":true,"href":"https:\/\/energizer.com\/canada-french\/wp-json\/wp\/v2\/product_tag?post=12738"}],"curies":[{"name":"wp","href":"https:\/\/api.w.org\/{rel}","templated":true}]}}