{"id":12983,"date":"2024-09-19T07:34:02","date_gmt":"2024-09-19T07:34:02","guid":{"rendered":"https:\/\/energizer.com\/canada-french\/?post_type=product&#038;p=12983"},"modified":"2024-10-01T07:31:43","modified_gmt":"2024-10-01T07:31:43","slug":"pile-aaaa","status":"publish","type":"product","link":"https:\/\/energizer.com\/canada-french\/product\/power\/specialty\/pile-aaaa\/","title":{"rendered":"ENERGIZER\u00ae ELECTRONIC BATTERIES \u2013 AAAA"},"content":{"rendered":"<h3>D\u00e9tails du produit<\/h3>\n<p>De l\u2019\u00e9nergie fiable pour les \u00e9couteurs Bluetooth<sup>\u00ae<\/sup>, les glucom\u00e8tres et les moniteurs de pression art\u00e9rielle<\/p>\n<ul>\n<li>Format : AAAA\/E96<\/li>\n<li>Type : Alcaline miniature<\/li>\n<li>Vol t: 1.5<\/li>\n<li>Remplacement pour : E96, LR8D425, MN2500, MX2500<\/li>\n<li>Bluetooth est une marque d\u00e9pos\u00e9e de Bluetooth SIG Inc.<\/li>\n<\/ul>\n","protected":false},"excerpt":{"rendered":"<p>Lorsque les piles AA ou AAA ne conviennent pas, nos piles alcalines miniatures sont appropri\u00e9es pour votre appareil. D\u00e9couvrez notre gamme compl\u00e8te de piles miniatures pour les appareils \u00e9lectroniques domestiques comme les syst\u00e8mes d\u2019entr\u00e9e sans cl\u00e9, les livres \u00e9lectroniques et les glucom\u00e8tres.<\/p>\n","protected":false},"featured_media":0,"comment_status":"open","ping_status":"closed","template":"","meta":{"_acf_changed":false},"product_brand":[],"product_cat":[58],"product_tag":[],"class_list":{"0":"post-12983","1":"product","2":"type-product","3":"status-publish","5":"product_cat-specialty","7":"first","8":"instock","9":"shipping-taxable","10":"product-type-simple"},"acf":[],"_links":{"self":[{"href":"https:\/\/energizer.com\/canada-french\/wp-json\/wp\/v2\/product\/12983","targetHints":{"allow":["GET"]}}],"collection":[{"href":"https:\/\/energizer.com\/canada-french\/wp-json\/wp\/v2\/product"}],"about":[{"href":"https:\/\/energizer.com\/canada-french\/wp-json\/wp\/v2\/types\/product"}],"replies":[{"embeddable":true,"href":"https:\/\/energizer.com\/canada-french\/wp-json\/wp\/v2\/comments?post=12983"}],"version-history":[{"count":0,"href":"https:\/\/energizer.com\/canada-french\/wp-json\/wp\/v2\/product\/12983\/revisions"}],"wp:attachment":[{"href":"https:\/\/energizer.com\/canada-french\/wp-json\/wp\/v2\/media?parent=12983"}],"wp:term":[{"taxonomy":"product_brand","embeddable":true,"href":"https:\/\/energizer.com\/canada-french\/wp-json\/wp\/v2\/product_brand?post=12983"},{"taxonomy":"product_cat","embeddable":true,"href":"https:\/\/energizer.com\/canada-french\/wp-json\/wp\/v2\/product_cat?post=12983"},{"taxonomy":"product_tag","embeddable":true,"href":"https:\/\/energizer.com\/canada-french\/wp-json\/wp\/v2\/product_tag?post=12983"}],"curies":[{"name":"wp","href":"https:\/\/api.w.org\/{rel}","templated":true}]}}