{"id":13077,"date":"2024-09-19T08:19:29","date_gmt":"2024-09-19T08:19:29","guid":{"rendered":"https:\/\/energizer.com\/canada-french\/?post_type=product&#038;p=13077"},"modified":"2024-09-30T06:11:53","modified_gmt":"2024-09-30T06:11:53","slug":"1225-battery","status":"publish","type":"product","link":"https:\/\/energizer.com\/canada-french\/product\/power\/specialty\/1225-battery\/","title":{"rendered":"ENERGIZER\u00ae ELECTRONIC BATTERIES \u2013 CR1225"},"content":{"rendered":"<h3>D\u00e9tails du produit<\/h3>\n<ul>\n<li>Garde son \u00e9nergie pendant 10 ans lorsqu\u2019elle est entrepos\u00e9e<\/li>\n<li>Performantes \u00e0 des temp\u00e9ratures extr\u00eames (-22 \u00b0F \u00e0 140 \u00b0F ou -30\u00b0C \u00e0 60 \u00b0C)<\/li>\n<li>Format: 1225<\/li>\n<li>CEI: CR1225<\/li>\n<li>Type: Miniature au lithium<\/li>\n<li>Volt: 3<\/li>\n<li>Remplacement pour: L09, DL1225, CR 1225, and CR1225<\/li>\n<\/ul>\n","protected":false},"excerpt":{"rendered":"<p><em>Important<\/em>: Les piles miniatures au lithium ne sont pas interchangeables. Le diam\u00e8tre et l\u2019\u00e9paisseur de la pile peuvent varier en fonction de la d\u00e9signation. Alors que, pour certains appareils, la taille du compartiment pour les piles peut varier pour accommoder diff\u00e9rents formats de piles, les capacit\u00e9s varient selon le format. Energizer recommande d\u2019utiliser la d\u00e9signation des piles sp\u00e9cifi\u00e9e par le fabricant de votre appareil ou indiqu\u00e9e dans la liste ci-dessus.<\/p>\n<p><strong data-renderer-mark=\"true\">GARDEZ HORS DE PORT\u00c9E DES ENFANTS<\/strong>. L\u2019ingestion peut provoquer des blessures graves et entra\u00eener la mort dans les 2 heures (br\u00fblures chimiques et perforation potentielle de l\u2019oesophage).\u00a0<strong data-renderer-mark=\"true\">Consultez imm\u00e9diatement un m\u00e9decin et demandez-lui d\u2019appeler le (202) 625-3333.\u00a0<\/strong>Gardez les piles dans l\u2019emballage d\u2019origine jusqu\u2019\u00e0 utilisation. D\u00e9barrassez-vous imm\u00e9diatement des piles usag\u00e9es. (2) Risque de blessure due au feu, \u00e0 une explosion ou \u00e0 une fuite. Ne pas d\u00e9monter, charger, \u00e9craser ni exposer au feu ou \u00e0 des temp\u00e9ratures \u00e9lev\u00e9es.<\/p>\n","protected":false},"featured_media":0,"comment_status":"open","ping_status":"closed","template":"","meta":{"_acf_changed":false},"product_brand":[],"product_cat":[58],"product_tag":[],"class_list":{"0":"post-13077","1":"product","2":"type-product","3":"status-publish","5":"product_cat-specialty","7":"first","8":"instock","9":"shipping-taxable","10":"product-type-simple"},"acf":[],"_links":{"self":[{"href":"https:\/\/energizer.com\/canada-french\/wp-json\/wp\/v2\/product\/13077","targetHints":{"allow":["GET"]}}],"collection":[{"href":"https:\/\/energizer.com\/canada-french\/wp-json\/wp\/v2\/product"}],"about":[{"href":"https:\/\/energizer.com\/canada-french\/wp-json\/wp\/v2\/types\/product"}],"replies":[{"embeddable":true,"href":"https:\/\/energizer.com\/canada-french\/wp-json\/wp\/v2\/comments?post=13077"}],"version-history":[{"count":0,"href":"https:\/\/energizer.com\/canada-french\/wp-json\/wp\/v2\/product\/13077\/revisions"}],"wp:attachment":[{"href":"https:\/\/energizer.com\/canada-french\/wp-json\/wp\/v2\/media?parent=13077"}],"wp:term":[{"taxonomy":"product_brand","embeddable":true,"href":"https:\/\/energizer.com\/canada-french\/wp-json\/wp\/v2\/product_brand?post=13077"},{"taxonomy":"product_cat","embeddable":true,"href":"https:\/\/energizer.com\/canada-french\/wp-json\/wp\/v2\/product_cat?post=13077"},{"taxonomy":"product_tag","embeddable":true,"href":"https:\/\/energizer.com\/canada-french\/wp-json\/wp\/v2\/product_tag?post=13077"}],"curies":[{"name":"wp","href":"https:\/\/api.w.org\/{rel}","templated":true}]}}