{"id":13132,"date":"2024-09-19T09:17:59","date_gmt":"2024-09-19T09:17:59","guid":{"rendered":"https:\/\/energizer.com\/canada-french\/?post_type=product&#038;p=13132"},"modified":"2024-10-01T07:43:31","modified_gmt":"2024-10-01T07:43:31","slug":"nimh-pro-charger","status":"publish","type":"product","link":"https:\/\/energizer.com\/canada-french\/product\/power\/battery-chargers\/nimh-pro-charger\/","title":{"rendered":"Energizer Recharge\u00ae Pro Charger"},"content":{"rendered":"<h3><span id=\"ctl00_contentPlaceholder_C002_ctl00_ctl00_ctl00_listsControl_ctrl0_listItemsControl_ctrl1_lbl1\">D\u00e9tails du produit<\/span><\/h3>\n<ul>\n<li>Alertes audio et visuelles:\n<ul>\n<li>Lumi\u00e8re rouge \u2013 La charge a commenc\u00e9. Un signal sonore retentit lorsque la charge commence<\/li>\n<li>Lumi\u00e8re jaune \u2013 La charge est \u00e0 50% et en cours<\/li>\n<li>Lumi\u00e8re verte \u2013 La charge est termin\u00e9e et les piles sont pleines \u00e0 100%. Un signal sonore retentit lorsque la charge est termin\u00e9e<\/li>\n<li>Alerte de d\u00e9tection de mauvaise pile \u2013 Si une mauvaise pile est d\u00e9tect\u00e9e, un \u2018x\u2019 rouge appara\u00eetra et un signal sonore r\u00e9p\u00e9titif retentira lors de la d\u00e9tection<\/li>\n<\/ul>\n<\/li>\n<li>Charge 2 ou 4 piles AA ou AAA NiMH rechargeables<\/li>\n<li>Fournit une charge pleine<\/li>\n<li>La protection contre la surcharge emp\u00eache les dommages de ce type<\/li>\n<li>Pour obtenir le temps approximatif de charge, veuillez t\u00e9l\u00e9charger\u00a0le manuel de l\u2019utilisateur<\/li>\n<li>Comprend les premi\u00e8res piles AA rechargeables au monde fabriqu\u00e9es avec 4% de piles recycl\u00e9es<\/li>\n<li>La marque rechargeable Num\u00e9ro 1 au monde selon les donn\u00e9es d\u2019une \u00e9tude de march\u00e9<\/li>\n<\/ul>\n<p>&nbsp;<\/p>\n<ul class=\"charger-table-ul\">\n<li><strong>TEMPS DE CHARGE: <\/strong>3 HEURE*<\/li>\n<li><strong>CHARGEZ LES PILES:<\/strong> AA\/AAA<\/li>\n<li><strong>NOMBRE DE POSITIONS POUR LA CHARGE:<\/strong> 4<\/li>\n<li><strong>L\u2019EMPLACEMENT DU CHARGEUR:<\/strong> Domicile<\/li>\n<li><strong>ARR\u00caT AUTOMATIQUE:<\/strong> OUI<\/li>\n<li><strong>INDICATEUR DE CHARGE D\u00c9L:<\/strong> OUI<\/li>\n<li><strong>D\u00c9TECTION D\u2019UNE MAUVAISE PILE:<\/strong> OUI<\/li>\n<li><strong>GARANTIE:<\/strong> OUI<\/li>\n<\/ul>\n<p><small>*3 heures pour 1300 et 500 mAh seulement; 5 heures pour toutes les piles AA\/AAA<\/small><\/p>\n","protected":false},"excerpt":{"rendered":"<p>Avec un nom comme Chargeur Pro, vous pouvez compter sur un chargement haute performance et d\u2019excellentes \u00e9conomies comparativement aux piles jetables. Lorsque vous \u00eates \u00e9quip\u00e9 de piles durables NiMH Energizer Recharge<sub>\u00ae<\/sub>, le chargement de 2 ou 4 piles AA ou AAA NiMH ne prend que 3 heures.<\/p>\n","protected":false},"featured_media":0,"comment_status":"open","ping_status":"closed","template":"","meta":{"_acf_changed":false},"product_brand":[],"product_cat":[82],"product_tag":[],"class_list":{"0":"post-13132","1":"product","2":"type-product","3":"status-publish","5":"product_cat-battery-chargers","7":"first","8":"instock","9":"shipping-taxable","10":"product-type-simple"},"acf":[],"_links":{"self":[{"href":"https:\/\/energizer.com\/canada-french\/wp-json\/wp\/v2\/product\/13132","targetHints":{"allow":["GET"]}}],"collection":[{"href":"https:\/\/energizer.com\/canada-french\/wp-json\/wp\/v2\/product"}],"about":[{"href":"https:\/\/energizer.com\/canada-french\/wp-json\/wp\/v2\/types\/product"}],"replies":[{"embeddable":true,"href":"https:\/\/energizer.com\/canada-french\/wp-json\/wp\/v2\/comments?post=13132"}],"version-history":[{"count":0,"href":"https:\/\/energizer.com\/canada-french\/wp-json\/wp\/v2\/product\/13132\/revisions"}],"wp:attachment":[{"href":"https:\/\/energizer.com\/canada-french\/wp-json\/wp\/v2\/media?parent=13132"}],"wp:term":[{"taxonomy":"product_brand","embeddable":true,"href":"https:\/\/energizer.com\/canada-french\/wp-json\/wp\/v2\/product_brand?post=13132"},{"taxonomy":"product_cat","embeddable":true,"href":"https:\/\/energizer.com\/canada-french\/wp-json\/wp\/v2\/product_cat?post=13132"},{"taxonomy":"product_tag","embeddable":true,"href":"https:\/\/energizer.com\/canada-french\/wp-json\/wp\/v2\/product_tag?post=13132"}],"curies":[{"name":"wp","href":"https:\/\/api.w.org\/{rel}","templated":true}]}}