{"id":15791,"date":"2024-09-26T10:48:54","date_gmt":"2024-09-26T10:48:54","guid":{"rendered":"https:\/\/energizer.com\/canada-french\/?post_type=product&#038;p=15791"},"modified":"2025-02-25T07:18:08","modified_gmt":"2025-02-25T07:18:08","slug":"pile-epx76","status":"publish","type":"product","link":"https:\/\/energizer.com\/canada-french\/product\/power\/specialty\/pile-epx76\/","title":{"rendered":"ENERGIZER\u00ae PHOTO LITHIUM BATTERIES \u2013 EPX76"},"content":{"rendered":"<h3>D\u00e9tails du produit<\/h3>\n<ul>\n<li>Utilis\u00e9e dans les montres, jouets, glucom\u00e8tres et calculatrices<\/li>\n<li>Format : EPX76<\/li>\n<li>Type : Oxyde d\u2019argent<\/li>\n<li>Volt : 1.5<\/li>\n<li>Remplacement pour : 1107SO, 675A, 76A, A76, A76-1, AG13, KA76, L1154, LR44, PX76A, SR44<\/li>\n<\/ul>\n<p>Feuillet des donn\u00e9es du produit<\/p>\n","protected":false},"excerpt":{"rendered":"<p>Pour l\u2019\u00e9lectronique autour de la maison \u2013 comme le t\u00e9l\u00e9d\u00e9verrouillage, des livres \u00e9lectroniques et des moniteurs de glucose \u2013 Energizer va au-del\u00e0 tailles de batterie de base pour vous apporter les bonnes piles pour le poste.<\/p>\n","protected":false},"featured_media":0,"comment_status":"open","ping_status":"closed","template":"","meta":{"_acf_changed":false},"product_brand":[],"product_cat":[58],"product_tag":[],"class_list":{"0":"post-15791","1":"product","2":"type-product","3":"status-publish","5":"product_cat-specialty","7":"first","8":"instock","9":"shipping-taxable","10":"product-type-simple"},"acf":[],"_links":{"self":[{"href":"https:\/\/energizer.com\/canada-french\/wp-json\/wp\/v2\/product\/15791","targetHints":{"allow":["GET"]}}],"collection":[{"href":"https:\/\/energizer.com\/canada-french\/wp-json\/wp\/v2\/product"}],"about":[{"href":"https:\/\/energizer.com\/canada-french\/wp-json\/wp\/v2\/types\/product"}],"replies":[{"embeddable":true,"href":"https:\/\/energizer.com\/canada-french\/wp-json\/wp\/v2\/comments?post=15791"}],"version-history":[{"count":0,"href":"https:\/\/energizer.com\/canada-french\/wp-json\/wp\/v2\/product\/15791\/revisions"}],"wp:attachment":[{"href":"https:\/\/energizer.com\/canada-french\/wp-json\/wp\/v2\/media?parent=15791"}],"wp:term":[{"taxonomy":"product_brand","embeddable":true,"href":"https:\/\/energizer.com\/canada-french\/wp-json\/wp\/v2\/product_brand?post=15791"},{"taxonomy":"product_cat","embeddable":true,"href":"https:\/\/energizer.com\/canada-french\/wp-json\/wp\/v2\/product_cat?post=15791"},{"taxonomy":"product_tag","embeddable":true,"href":"https:\/\/energizer.com\/canada-french\/wp-json\/wp\/v2\/product_tag?post=15791"}],"curies":[{"name":"wp","href":"https:\/\/api.w.org\/{rel}","templated":true}]}}