{"id":15810,"date":"2024-09-26T11:21:22","date_gmt":"2024-09-26T11:21:22","guid":{"rendered":"https:\/\/energizer.com\/canada-french\/?post_type=product&#038;p=15810"},"modified":"2025-02-25T08:38:16","modified_gmt":"2025-02-25T08:38:16","slug":"energizer-stranger-things-demogorgon-hunting-flashlight","status":"publish","type":"product","link":"https:\/\/energizer.com\/canada-french\/product\/eclairage\/lampes-de-poche\/energizer-stranger-things-demogorgon-hunting-flashlight\/","title":{"rendered":"Lampe de poche de chasse au D\u00e9mogorgon Energizer\u00ae Stranger Things"},"content":{"rendered":"<div class=\"button\"><a class=\"redbtn\" href=\"https:\/\/energizer.com\/canada-french\/eclairage\/lampes-de-poche-energizer-stranger-things\/\" rel=\"noopener\" aria-label=\"En savoir plus sur la lampe de poche de chasse Stranger Things Demogorgon\">En savoir plus sur la lampe de poche de chasse Stranger Things Demogorgon<\/a><\/div>\n<ul>\n<li>Une (1) lampe de poche LED de chasse au D\u00e9mogorgon Energizer\u00ae Stranger Things \u00e9dition limit\u00e9e, 2 piles D (alcalines) fournies.<\/li>\n<li>L\u2019ampoule LED est assez puissante pour \u00e9clairer jusqu\u2019\u00e0 80 heures, ce qui rend cette lampe de poche longue dur\u00e9e d\u2019Energizer parfaite pour chasser les D\u00e9mogorgons la nuit.<\/li>\n<li>La lampe de poche LED Energizer de 50 lumens rayonne jusqu\u2019\u00e0 90 m\u00e8tres pour \u00e9clairer votre chemin lorsque vous vous aventurez \u00e0 travers Hawkins et l\u2019Upside Down.<\/li>\n<li>Avec son look vintage, cette lampe de poche LED r\u00e9tro pr\u00e9sente des d\u00e9tails grav\u00e9s au laser, un interrupteur \u00e0 bouton-poussoir jaune, un anneau de suspension int\u00e9gr\u00e9 et un corps c\u00f4tel\u00e9 r\u00e9sistant \u00e0 l\u2019eau.<\/li>\n<li>Le logo du laboratoire national Hawkins et la signature d\u2019un personnage sp\u00e9cial vous indiquent \u00e0 qui appartient cette lampe de poche.<\/li>\n<li>Le code Morse sur la lampe de poche pr\u00e9sente un message urgent \u00e0 d\u00e9chiffrer avant que le D\u00e9mogorgon ne vous attrape.<\/li>\n<li>Le compartiment secret r\u00e9v\u00e8le un message cach\u00e9.<\/li>\n<li>Faites confiance \u00e0 la marque Energizer pour une puissance et une fiabilit\u00e9 in\u00e9gal\u00e9es.<\/li>\n<\/ul>\n","protected":false},"excerpt":{"rendered":"<p>En savoir plus sur la lampe de poche de chasse Stranger Things Demogorgon Une (1) lampe de poche LED de chasse au D\u00e9mogorgon Energizer\u00ae Stranger Things \u00e9dition limit\u00e9e, 2 piles D (alcalines) fournies. L\u2019ampoule LED est assez puissante pour \u00e9clairer jusqu\u2019\u00e0 80 heures, ce qui rend cette lampe de poche longue dur\u00e9e d\u2019Energizer parfaite pour [&hellip;]<\/p>\n","protected":false},"featured_media":0,"comment_status":"open","ping_status":"closed","template":"","meta":{"_acf_changed":false},"product_brand":[],"product_cat":[97],"product_tag":[],"class_list":{"0":"post-15810","1":"product","2":"type-product","3":"status-publish","5":"product_cat-lampes-de-poche","6":"pa_uses-bricolage","7":"pa_uses-exterieur","9":"first","10":"instock","11":"shipping-taxable","12":"product-type-simple"},"acf":[],"_links":{"self":[{"href":"https:\/\/energizer.com\/canada-french\/wp-json\/wp\/v2\/product\/15810","targetHints":{"allow":["GET"]}}],"collection":[{"href":"https:\/\/energizer.com\/canada-french\/wp-json\/wp\/v2\/product"}],"about":[{"href":"https:\/\/energizer.com\/canada-french\/wp-json\/wp\/v2\/types\/product"}],"replies":[{"embeddable":true,"href":"https:\/\/energizer.com\/canada-french\/wp-json\/wp\/v2\/comments?post=15810"}],"version-history":[{"count":0,"href":"https:\/\/energizer.com\/canada-french\/wp-json\/wp\/v2\/product\/15810\/revisions"}],"wp:attachment":[{"href":"https:\/\/energizer.com\/canada-french\/wp-json\/wp\/v2\/media?parent=15810"}],"wp:term":[{"taxonomy":"product_brand","embeddable":true,"href":"https:\/\/energizer.com\/canada-french\/wp-json\/wp\/v2\/product_brand?post=15810"},{"taxonomy":"product_cat","embeddable":true,"href":"https:\/\/energizer.com\/canada-french\/wp-json\/wp\/v2\/product_cat?post=15810"},{"taxonomy":"product_tag","embeddable":true,"href":"https:\/\/energizer.com\/canada-french\/wp-json\/wp\/v2\/product_tag?post=15810"}],"curies":[{"name":"wp","href":"https:\/\/api.w.org\/{rel}","templated":true}]}}