{"id":15842,"date":"2024-09-26T12:44:20","date_gmt":"2024-09-26T12:44:20","guid":{"rendered":"https:\/\/energizer.com\/canada-french\/?post_type=product&#038;p=15842"},"modified":"2024-10-01T05:49:16","modified_gmt":"2024-10-01T05:49:16","slug":"nouveau-lampe-portable","status":"publish","type":"product","link":"https:\/\/energizer.com\/canada-french\/product\/eclairage\/mains-libres\/nouveau-lampe-portable\/","title":{"rendered":"Lampe portable Energizer\u00ae"},"content":{"rendered":"<ul>\n<li>Construction en plastique r\u00e9sistant<\/li>\n<li>Clip int\u00e9gr\u00e9e permettant une panoplie d\u2019utilisations mains libres<\/li>\n<li>DEL rouge pour la vision de nuit et mode clignotant pour la visibilit\u00e9 en cas d\u2019urgence<\/li>\n<li>Conception compacte et l\u00e9g\u00e8re offrant une facilit\u00e9 d\u2019utilisation<\/li>\n<li>Light Fusion Technology\u2122 offrant un rendement lumineux puissant et uniforme<\/li>\n<li>Longue dur\u00e9e de fonctionnement<\/li>\n<li>Munie de la technologie DEL<\/li>\n<li>Fonctionne avec deux piles boutons CR2032 (comprend 2 piles boutons CR2032\u00a0<em>Energizer<sub>\u00ae<\/sub><\/em>)<\/li>\n<\/ul>\n","protected":false},"excerpt":{"rendered":"<p>La lampe portable\u00a0<em>Energizer<sub>\u00ae<\/sub><\/em>\u00a0est un choix compact et polyvalent. Elle peut \u00eatre fix\u00e9e sur une grande vari\u00e9t\u00e9 de surface, dans diff\u00e9rents sens, par exemple sur un sac \u00e0 dos, sur un v\u00eatement ou encore sur un livre. La technologie Light\u00a0Fusion\u00a0Technology\u2122 offre un rendement lumineux puissant et uniforme, ce qui fait de cette lampe une excellente solution mains libres pour une panoplie d\u2019activit\u00e9s int\u00e9rieures et ext\u00e9rieures. En plus de sa lumi\u00e8re\u00a0DEL blanche, elle comprend une DEL\u00a0rouge et une DEL\u00a0rouge clignotante qui peuvent \u00eatre utilis\u00e9es pour la vision de nuit et pour offrir de la visibilit\u00e9 en cas d\u2019urgence.<\/p>\n<p><small>*Light output measured from LED. Value is only applicable to the LED. Actual device light output may vary.<\/small><br \/>\n<small>**Endpoint determined at 1% of initial value.<\/small><\/p>\n","protected":false},"featured_media":0,"comment_status":"open","ping_status":"closed","template":"","meta":{"_acf_changed":false},"product_brand":[],"product_cat":[43,45],"product_tag":[],"class_list":{"0":"post-15842","1":"product","2":"type-product","3":"status-publish","5":"product_cat-mains-libres","6":"product_cat-nouveautes","8":"first","9":"instock","10":"shipping-taxable","11":"product-type-simple"},"acf":[],"_links":{"self":[{"href":"https:\/\/energizer.com\/canada-french\/wp-json\/wp\/v2\/product\/15842","targetHints":{"allow":["GET"]}}],"collection":[{"href":"https:\/\/energizer.com\/canada-french\/wp-json\/wp\/v2\/product"}],"about":[{"href":"https:\/\/energizer.com\/canada-french\/wp-json\/wp\/v2\/types\/product"}],"replies":[{"embeddable":true,"href":"https:\/\/energizer.com\/canada-french\/wp-json\/wp\/v2\/comments?post=15842"}],"version-history":[{"count":0,"href":"https:\/\/energizer.com\/canada-french\/wp-json\/wp\/v2\/product\/15842\/revisions"}],"wp:attachment":[{"href":"https:\/\/energizer.com\/canada-french\/wp-json\/wp\/v2\/media?parent=15842"}],"wp:term":[{"taxonomy":"product_brand","embeddable":true,"href":"https:\/\/energizer.com\/canada-french\/wp-json\/wp\/v2\/product_brand?post=15842"},{"taxonomy":"product_cat","embeddable":true,"href":"https:\/\/energizer.com\/canada-french\/wp-json\/wp\/v2\/product_cat?post=15842"},{"taxonomy":"product_tag","embeddable":true,"href":"https:\/\/energizer.com\/canada-french\/wp-json\/wp\/v2\/product_tag?post=15842"}],"curies":[{"name":"wp","href":"https:\/\/api.w.org\/{rel}","templated":true}]}}