{"id":15852,"date":"2024-09-26T12:56:14","date_gmt":"2024-09-26T12:56:14","guid":{"rendered":"https:\/\/energizer.com\/canada-french\/?post_type=product&#038;p=15852"},"modified":"2024-10-03T07:43:28","modified_gmt":"2024-10-03T07:43:28","slug":"energizervision-hybrid-lantern","status":"publish","type":"product","link":"https:\/\/energizer.com\/canada-french\/product\/eclairage\/eclairage-a-grand-faisceau\/energizervision-hybrid-lantern\/","title":{"rendered":"Lanterne hybride Energizer\u00ae Vision"},"content":{"rendered":"<div class=\"button\"><a class=\"redbtn\" href=\"https:\/\/energizer.com\/canada-french\/eclairage\/lanternes-vision\/\" rel=\"noopener\" aria-label=\"En savoir plus sur les lanternes Vision\">En savoir plus sur les lanternes Vision<\/a><\/div>\n<ul>\n<li>La conception hybride peut \u00eatre aliment\u00e9e par des piles rechargeables aux ions de lithium ou des piles CR123 (les deux types de piles sont compris)<\/li>\n<li>Excellente lampe rechargeable pour une utilisation portable et mains libres pour les t\u00e2ches de travail<\/li>\n<li>Faisceau puissant projetant 400\u00a0lumens \u00e0 haute intensit\u00e9 et 1\u00a0000\u00a0lumens \u00e0 intensit\u00e9 turbo<\/li>\n<li>Se d\u00e9tache de la base pour servir de lampe de poche \u00e0 DEL<\/li>\n<li>Cette lumi\u00e8re aliment\u00e9e par piles dispose d\u2019un indice d\u2019\u00e9tanch\u00e9it\u00e9 de IPX4 et aux chocs jusqu\u2019\u00e0 1\u00a0m\u00e8tre pour des performances fiables<\/li>\n<li>La conception confortable et compacte et la construction m\u00e9tallique durable offrent commodit\u00e9 et fiabilit\u00e9<\/li>\n<\/ul>\n","protected":false},"excerpt":{"rendered":"<p>En savoir plus sur les lanternes Vision La conception hybride peut \u00eatre aliment\u00e9e par des piles rechargeables aux ions de lithium ou des piles CR123 (les deux types de piles sont compris) Excellente lampe rechargeable pour une utilisation portable et mains libres pour les t\u00e2ches de travail Faisceau puissant projetant 400\u00a0lumens \u00e0 haute intensit\u00e9 et [&hellip;]<\/p>\n","protected":false},"featured_media":0,"comment_status":"open","ping_status":"closed","template":"","meta":{"_acf_changed":false},"product_brand":[],"product_cat":[44],"product_tag":[],"class_list":{"0":"post-15852","1":"product","2":"type-product","3":"status-publish","5":"product_cat-eclairage-a-grand-faisceau","6":"pa_uses-exterieur","7":"pa_uses-quotidien","8":"pa_uses-soyez-pret","10":"first","11":"instock","12":"shipping-taxable","13":"product-type-simple"},"acf":[],"_links":{"self":[{"href":"https:\/\/energizer.com\/canada-french\/wp-json\/wp\/v2\/product\/15852","targetHints":{"allow":["GET"]}}],"collection":[{"href":"https:\/\/energizer.com\/canada-french\/wp-json\/wp\/v2\/product"}],"about":[{"href":"https:\/\/energizer.com\/canada-french\/wp-json\/wp\/v2\/types\/product"}],"replies":[{"embeddable":true,"href":"https:\/\/energizer.com\/canada-french\/wp-json\/wp\/v2\/comments?post=15852"}],"version-history":[{"count":0,"href":"https:\/\/energizer.com\/canada-french\/wp-json\/wp\/v2\/product\/15852\/revisions"}],"wp:attachment":[{"href":"https:\/\/energizer.com\/canada-french\/wp-json\/wp\/v2\/media?parent=15852"}],"wp:term":[{"taxonomy":"product_brand","embeddable":true,"href":"https:\/\/energizer.com\/canada-french\/wp-json\/wp\/v2\/product_brand?post=15852"},{"taxonomy":"product_cat","embeddable":true,"href":"https:\/\/energizer.com\/canada-french\/wp-json\/wp\/v2\/product_cat?post=15852"},{"taxonomy":"product_tag","embeddable":true,"href":"https:\/\/energizer.com\/canada-french\/wp-json\/wp\/v2\/product_tag?post=15852"}],"curies":[{"name":"wp","href":"https:\/\/api.w.org\/{rel}","templated":true}]}}