{"id":5205,"date":"2024-05-21T14:04:58","date_gmt":"2024-05-21T14:04:58","guid":{"rendered":"https:\/\/23b13e8ab3.nxcli.io\/austria\/?post_type=product&#038;p=5205"},"modified":"2024-08-23T10:11:11","modified_gmt":"2024-08-23T10:11:11","slug":"energizer-compact-led","status":"publish","type":"product","link":"https:\/\/energizer.com\/eu\/austria\/product\/energizer-compact-led\/","title":{"rendered":"Energizer COMPACT LED"},"content":{"rendered":"<ul>\n<li>Langlebige Aluminiumkonstruktion<\/li>\n<li>Leicht zu bedienende Schiebehexe<\/li>\n<li>Bequeme Gr\u00f6\u00dfe zum Tragen und Aufbewahren<\/li>\n<li>St\u00e4nder f\u00fcr freih\u00e4ndigen Betrieb<\/li>\n<li>Bis zu 4-mal heller als Standard-LED-Technologie<\/li>\n<li>Lange Betriebszeit<\/li>\n<li>Morsesignal-F\u00e4higkeit<\/li>\n<li>Merkmale LED-Technologie<\/li>\n<li>Funktioniert mit 2 AA-Batterien<\/li>\n<\/ul>\n","protected":false},"excerpt":{"rendered":"<p>Die Energizer Compact Metal Light ist eine praktische, vielseitige L\u00f6sung, die in praktisch jeder Situation zuverl\u00e4ssige Beleuchtung bietet. Mit der hellen, langlebigen LED-Technologie erhalten die Benutzer helles Licht, das stundenlang anh\u00e4lt. Mit einem praktischen Aufh\u00e4ngehaken und der M\u00f6glichkeit, die Leuchte aufrecht zu stellen, kann sie bequem und freih\u00e4ndig benutzt werden. Die sto\u00dffeste Metallkonstruktion macht sie ideal f\u00fcr Aufgaben im Innen- und Au\u00dfenbereich und wird mit nur zwei AA-Batterien betrieben.<\/p>\n","protected":false},"featured_media":0,"comment_status":"open","ping_status":"closed","template":"","meta":{"_acf_changed":false},"product_brand":[],"product_cat":[97],"product_tag":[],"class_list":{"0":"post-5205","1":"product","2":"type-product","3":"status-publish","5":"product_cat-handheld","6":"pa_uses-everyday","8":"first","9":"instock","10":"shipping-taxable","11":"product-type-simple"},"acf":[],"yoast_head":"<!-- This site is optimized with the Yoast SEO plugin v27.4 - https:\/\/yoast.com\/product\/yoast-seo-wordpress\/ -->\n<title>Energizer COMPACT LED - Austria<\/title>\n<meta name=\"robots\" content=\"index, follow, max-snippet:-1, max-image-preview:large, max-video-preview:-1\" \/>\n<link rel=\"canonical\" href=\"https:\/\/energizer.com\/eu\/austria\/product\/energizer-compact-led\/\" \/>\n<meta property=\"og:locale\" content=\"en_US\" \/>\n<meta property=\"og:type\" content=\"article\" \/>\n<meta property=\"og:title\" content=\"Energizer COMPACT LED - Austria\" \/>\n<meta property=\"og:description\" content=\"Die Energizer Compact Metal Light ist eine praktische, vielseitige L\u00f6sung, die in praktisch jeder Situation zuverl\u00e4ssige Beleuchtung bietet. Mit der hellen, langlebigen LED-Technologie erhalten die Benutzer helles Licht, das stundenlang anh\u00e4lt. Mit einem praktischen Aufh\u00e4ngehaken und der M\u00f6glichkeit, die Leuchte aufrecht zu stellen, kann sie bequem und freih\u00e4ndig benutzt werden. Die sto\u00dffeste Metallkonstruktion macht sie ideal f\u00fcr Aufgaben im Innen- und Au\u00dfenbereich und wird mit nur zwei AA-Batterien betrieben.\" \/>\n<meta property=\"og:url\" content=\"https:\/\/energizer.com\/eu\/austria\/product\/energizer-compact-led\/\" \/>\n<meta property=\"og:site_name\" content=\"Austria\" \/>\n<meta property=\"article:modified_time\" content=\"2024-08-23T10:11:11+00:00\" \/>\n<meta name=\"twitter:card\" content=\"summary_large_image\" \/>\n<script type=\"application\/ld+json\" class=\"yoast-schema-graph\">{\"@context\":\"https:\\\/\\\/schema.org\",\"@graph\":[{\"@type\":\"WebPage\",\"@id\":\"https:\\\/\\\/energizer.com\\\/eu\\\/austria\\\/product\\\/energizer-compact-led\\\/\",\"url\":\"https:\\\/\\\/energizer.com\\\/eu\\\/austria\\\/product\\\/energizer-compact-led\\\/\",\"name\":\"Energizer COMPACT LED - Austria\",\"isPartOf\":{\"@id\":\"https:\\\/\\\/energizer.com\\\/eu\\\/austria\\\/#website\"},\"datePublished\":\"2024-05-21T14:04:58+00:00\",\"dateModified\":\"2024-08-23T10:11:11+00:00\",\"breadcrumb\":{\"@id\":\"https:\\\/\\\/energizer.com\\\/eu\\\/austria\\\/product\\\/energizer-compact-led\\\/#breadcrumb\"},\"inLanguage\":\"en-US\",\"potentialAction\":[{\"@type\":\"ReadAction\",\"target\":[\"https:\\\/\\\/energizer.com\\\/eu\\\/austria\\\/product\\\/energizer-compact-led\\\/\"]}]},{\"@type\":\"BreadcrumbList\",\"@id\":\"https:\\\/\\\/energizer.com\\\/eu\\\/austria\\\/product\\\/energizer-compact-led\\\/#breadcrumb\",\"itemListElement\":[{\"@type\":\"ListItem\",\"position\":1,\"name\":\"Home\",\"item\":\"https:\\\/\\\/energizer.com\\\/eu\\\/austria\\\/\"},{\"@type\":\"ListItem\",\"position\":2,\"name\":\"Energizer COMPACT LED\"}]},{\"@type\":\"WebSite\",\"@id\":\"https:\\\/\\\/energizer.com\\\/eu\\\/austria\\\/#website\",\"url\":\"https:\\\/\\\/energizer.com\\\/eu\\\/austria\\\/\",\"name\":\"Energizer Austria\",\"description\":\"\",\"publisher\":{\"@id\":\"https:\\\/\\\/energizer.com\\\/eu\\\/austria\\\/#organization\"},\"potentialAction\":[{\"@type\":\"SearchAction\",\"target\":{\"@type\":\"EntryPoint\",\"urlTemplate\":\"https:\\\/\\\/energizer.com\\\/eu\\\/austria\\\/?s={search_term_string}\"},\"query-input\":{\"@type\":\"PropertyValueSpecification\",\"valueRequired\":true,\"valueName\":\"search_term_string\"}}],\"inLanguage\":\"en-US\"},{\"@type\":\"Organization\",\"@id\":\"https:\\\/\\\/energizer.com\\\/eu\\\/austria\\\/#organization\",\"name\":\"Energizer Austria\",\"url\":\"https:\\\/\\\/energizer.com\\\/eu\\\/austria\\\/\",\"logo\":{\"@type\":\"ImageObject\",\"inLanguage\":\"en-US\",\"@id\":\"https:\\\/\\\/energizer.com\\\/eu\\\/austria\\\/#\\\/schema\\\/logo\\\/image\\\/\",\"url\":\"https:\\\/\\\/energizer.com\\\/eu\\\/austria\\\/wp-content\\\/uploads\\\/sites\\\/54\\\/2024\\\/04\\\/Energizer_brand.png\",\"contentUrl\":\"https:\\\/\\\/energizer.com\\\/eu\\\/austria\\\/wp-content\\\/uploads\\\/sites\\\/54\\\/2024\\\/04\\\/Energizer_brand.png\",\"width\":267,\"height\":100,\"caption\":\"Energizer Austria\"},\"image\":{\"@id\":\"https:\\\/\\\/energizer.com\\\/eu\\\/austria\\\/#\\\/schema\\\/logo\\\/image\\\/\"}}]}<\/script>\n<!-- \/ Yoast SEO plugin. -->","yoast_head_json":{"title":"Energizer COMPACT LED - Austria","robots":{"index":"index","follow":"follow","max-snippet":"max-snippet:-1","max-image-preview":"max-image-preview:large","max-video-preview":"max-video-preview:-1"},"canonical":"https:\/\/energizer.com\/eu\/austria\/product\/energizer-compact-led\/","og_locale":"en_US","og_type":"article","og_title":"Energizer COMPACT LED - Austria","og_description":"Die Energizer Compact Metal Light ist eine praktische, vielseitige L\u00f6sung, die in praktisch jeder Situation zuverl\u00e4ssige Beleuchtung bietet. Mit der hellen, langlebigen LED-Technologie erhalten die Benutzer helles Licht, das stundenlang anh\u00e4lt. Mit einem praktischen Aufh\u00e4ngehaken und der M\u00f6glichkeit, die Leuchte aufrecht zu stellen, kann sie bequem und freih\u00e4ndig benutzt werden. Die sto\u00dffeste Metallkonstruktion macht sie ideal f\u00fcr Aufgaben im Innen- und Au\u00dfenbereich und wird mit nur zwei AA-Batterien betrieben.","og_url":"https:\/\/energizer.com\/eu\/austria\/product\/energizer-compact-led\/","og_site_name":"Austria","article_modified_time":"2024-08-23T10:11:11+00:00","twitter_card":"summary_large_image","schema":{"@context":"https:\/\/schema.org","@graph":[{"@type":"WebPage","@id":"https:\/\/energizer.com\/eu\/austria\/product\/energizer-compact-led\/","url":"https:\/\/energizer.com\/eu\/austria\/product\/energizer-compact-led\/","name":"Energizer COMPACT LED - Austria","isPartOf":{"@id":"https:\/\/energizer.com\/eu\/austria\/#website"},"datePublished":"2024-05-21T14:04:58+00:00","dateModified":"2024-08-23T10:11:11+00:00","breadcrumb":{"@id":"https:\/\/energizer.com\/eu\/austria\/product\/energizer-compact-led\/#breadcrumb"},"inLanguage":"en-US","potentialAction":[{"@type":"ReadAction","target":["https:\/\/energizer.com\/eu\/austria\/product\/energizer-compact-led\/"]}]},{"@type":"BreadcrumbList","@id":"https:\/\/energizer.com\/eu\/austria\/product\/energizer-compact-led\/#breadcrumb","itemListElement":[{"@type":"ListItem","position":1,"name":"Home","item":"https:\/\/energizer.com\/eu\/austria\/"},{"@type":"ListItem","position":2,"name":"Energizer COMPACT LED"}]},{"@type":"WebSite","@id":"https:\/\/energizer.com\/eu\/austria\/#website","url":"https:\/\/energizer.com\/eu\/austria\/","name":"Energizer Austria","description":"","publisher":{"@id":"https:\/\/energizer.com\/eu\/austria\/#organization"},"potentialAction":[{"@type":"SearchAction","target":{"@type":"EntryPoint","urlTemplate":"https:\/\/energizer.com\/eu\/austria\/?s={search_term_string}"},"query-input":{"@type":"PropertyValueSpecification","valueRequired":true,"valueName":"search_term_string"}}],"inLanguage":"en-US"},{"@type":"Organization","@id":"https:\/\/energizer.com\/eu\/austria\/#organization","name":"Energizer Austria","url":"https:\/\/energizer.com\/eu\/austria\/","logo":{"@type":"ImageObject","inLanguage":"en-US","@id":"https:\/\/energizer.com\/eu\/austria\/#\/schema\/logo\/image\/","url":"https:\/\/energizer.com\/eu\/austria\/wp-content\/uploads\/sites\/54\/2024\/04\/Energizer_brand.png","contentUrl":"https:\/\/energizer.com\/eu\/austria\/wp-content\/uploads\/sites\/54\/2024\/04\/Energizer_brand.png","width":267,"height":100,"caption":"Energizer Austria"},"image":{"@id":"https:\/\/energizer.com\/eu\/austria\/#\/schema\/logo\/image\/"}}]}},"_links":{"self":[{"href":"https:\/\/energizer.com\/eu\/austria\/wp-json\/wp\/v2\/product\/5205","targetHints":{"allow":["GET"]}}],"collection":[{"href":"https:\/\/energizer.com\/eu\/austria\/wp-json\/wp\/v2\/product"}],"about":[{"href":"https:\/\/energizer.com\/eu\/austria\/wp-json\/wp\/v2\/types\/product"}],"replies":[{"embeddable":true,"href":"https:\/\/energizer.com\/eu\/austria\/wp-json\/wp\/v2\/comments?post=5205"}],"version-history":[{"count":4,"href":"https:\/\/energizer.com\/eu\/austria\/wp-json\/wp\/v2\/product\/5205\/revisions"}],"predecessor-version":[{"id":7913,"href":"https:\/\/energizer.com\/eu\/austria\/wp-json\/wp\/v2\/product\/5205\/revisions\/7913"}],"wp:attachment":[{"href":"https:\/\/energizer.com\/eu\/austria\/wp-json\/wp\/v2\/media?parent=5205"}],"wp:term":[{"taxonomy":"product_brand","embeddable":true,"href":"https:\/\/energizer.com\/eu\/austria\/wp-json\/wp\/v2\/product_brand?post=5205"},{"taxonomy":"product_cat","embeddable":true,"href":"https:\/\/energizer.com\/eu\/austria\/wp-json\/wp\/v2\/product_cat?post=5205"},{"taxonomy":"product_tag","embeddable":true,"href":"https:\/\/energizer.com\/eu\/austria\/wp-json\/wp\/v2\/product_tag?post=5205"}],"curies":[{"name":"wp","href":"https:\/\/api.w.org\/{rel}","templated":true}]}}