{"id":5193,"date":"2024-05-21T13:32:31","date_gmt":"2024-05-21T13:32:31","guid":{"rendered":"https:\/\/23b13e8ab3.nxcli.io\/netherlands\/?post_type=product&#038;p=5193"},"modified":"2024-08-22T06:38:13","modified_gmt":"2024-08-22T06:38:13","slug":"energizer-hybrid-tactical-1200","status":"publish","type":"product","link":"https:\/\/energizer.com\/eu\/belgium_dutch\/product\/energizer-hybrid-tactical-1200\/","title":{"rendered":"Energizer HYBRID TACTICAL 1200"},"content":{"rendered":"<ul>\n<li>Energizer hybride tactische LED-zaklamp<\/li>\n<li>Een stoere metalen tactische lamp die krachtige helderheid en robuuste constructie combineert<\/li>\n<li>Ideaal als noodverlichting, campingzaklamp en LED-werklamp<\/li>\n<li>Krachtig helder LED-licht straalt tot 1200 lumen gedurende 4 uur in de hoge modus<\/li>\n<li>IPX4 waterbestendig en schokbestendig tot 0.91 meter<\/li>\n<li>Werkt op een oplaadbare batterij (meegeleverd) of op 6 AA-batterijen voor een veelzijdige lamp op batterijen<\/li>\n<li>Vertrouw op Energizer voor betrouwbare prestaties in elke situatie<\/li>\n<\/ul>\n","protected":false},"excerpt":{"rendered":"<p>Schijn een helder licht op donkere situaties met de Energizer Hybrid Tactical Light. Krachtige prestaties en robuuste constructie komen samen in deze stoere metalen LED-zaklamp. Berg er \u00e9\u00e9n op in je rugzak als kampeerlamp, of plaats er \u00e9\u00e9n in je huis als noodlamp. De oplaadbare zaklamp is tot 15x helderder dan standaard LED-lichttechnologie en werpt een straal die meer dan 200 meter reikt. De hoge en lage modi bieden de juiste hoeveelheid licht voor uw taak, en knipperlicht helpt u voorbereid te blijven op een noodgeval. De buitenlamp werkt op AA-batterijen of op het oplaadbare batterijpakket dat wordt meegeleverd. Dit oplaadbare lampje wordt in 8 uur volledig opgeladen via een USB-oplaadkabel en heeft een USB-uitgang waarmee u uw andere apparaten kunt opladen. Een aluminium behuizing van vliegtuigkwaliteit en een onbreekbare lens bieden robuuste duurzaamheid, en een drukknop aan de achterkant maakt deze Energizer-zaklamp gemakkelijk te gebruiken. Vertrouw op Energizer voor betrouwbare prestaties in elke situatie.<\/p>\n","protected":false},"featured_media":0,"template":"","meta":{"_acf_changed":false},"product_brand":[],"product_cat":[97],"product_tag":[],"class_list":{"0":"post-5193","1":"product","2":"type-product","3":"status-publish","5":"product_cat-handheld","7":"first","8":"instock","9":"shipping-taxable","10":"product-type-simple"},"acf":[],"_links":{"self":[{"href":"https:\/\/energizer.com\/eu\/belgium_dutch\/wp-json\/wp\/v2\/product\/5193","targetHints":{"allow":["GET"]}}],"collection":[{"href":"https:\/\/energizer.com\/eu\/belgium_dutch\/wp-json\/wp\/v2\/product"}],"about":[{"href":"https:\/\/energizer.com\/eu\/belgium_dutch\/wp-json\/wp\/v2\/types\/product"}],"version-history":[{"count":5,"href":"https:\/\/energizer.com\/eu\/belgium_dutch\/wp-json\/wp\/v2\/product\/5193\/revisions"}],"predecessor-version":[{"id":9119,"href":"https:\/\/energizer.com\/eu\/belgium_dutch\/wp-json\/wp\/v2\/product\/5193\/revisions\/9119"}],"wp:attachment":[{"href":"https:\/\/energizer.com\/eu\/belgium_dutch\/wp-json\/wp\/v2\/media?parent=5193"}],"wp:term":[{"taxonomy":"product_brand","embeddable":true,"href":"https:\/\/energizer.com\/eu\/belgium_dutch\/wp-json\/wp\/v2\/product_brand?post=5193"},{"taxonomy":"product_cat","embeddable":true,"href":"https:\/\/energizer.com\/eu\/belgium_dutch\/wp-json\/wp\/v2\/product_cat?post=5193"},{"taxonomy":"product_tag","embeddable":true,"href":"https:\/\/energizer.com\/eu\/belgium_dutch\/wp-json\/wp\/v2\/product_tag?post=5193"}],"curies":[{"name":"wp","href":"https:\/\/api.w.org\/{rel}","templated":true}]}}