{"id":7203,"date":"2024-06-03T05:16:27","date_gmt":"2024-06-03T05:16:27","guid":{"rendered":"https:\/\/23b13e8ab3.nxcli.io\/belgium-french\/?post_type=product&#038;p=7203"},"modified":"2024-12-17T11:40:04","modified_gmt":"2024-12-17T11:40:04","slug":"energizer-ultimate-lithium-9v","status":"publish","type":"product","link":"https:\/\/energizer.com\/eu\/belgium_french\/product\/energizer-ultimate-lithium-9v\/","title":{"rendered":"ENERGIZER\u00ae ULTIMATE LITHIUM &#8211; 9V"},"content":{"rendered":"<ul>\n<li>Pack de 1 pile Energizer Ultimate Lithium 9V<\/li>\n<li>La plus longue dur\u00e9e de vie : Ces piles de 9V vous permettent de garder vos objets essentiels sous tension<\/li>\n<li>Une \u00e9nergie fiable : Piles au lithium pour les d\u00e9tecteurs de fum\u00e9e, les sonnettes, les consoles de jeux, les torches et bien d\u2019autres appareils de tous les jours<\/li>\n<li>Fiable : Ces piles au lithium 9V ont une dur\u00e9e de vie de 10 ans en stockage et tol\u00e8rent des temp\u00e9ratures extr\u00eames, de -40\u00b0C \u00e0 60\u00b0C, pour une utilisation int\u00e9rieure et ext\u00e9rieure tout au long de l\u2019ann\u00e9e<\/li>\n<li>Emballage 100% recyclable: cet emballage est fabriqu\u00e9 \u00e0 partir de carton 100% recyclable<\/li>\n<li><\/li>\n<\/ul>\n","protected":false},"excerpt":{"rendered":"<p>Tirez le meilleur parti de vos appareils high-tech gr\u00e2ce \u00e0 la fiabilit\u00e9 de cette pile 9V la plus durable d&#8217;Energizer ; Energizer Ultimate Lithium 9V. Faites le plein de piles au lithium pour les d\u00e9tecteurs de fum\u00e9e et les jouets, ainsi que de piles pour les sonnettes et les torches. Ce pack de piles est \u00e9galement un excellent choix si vous avez besoin d&#8217;une pile Energizer 9V pour un rasoir. Les piles Energizer 9V au lithium conservent leur \u00e9nergie jusqu&#8217;\u00e0 10 ans lorsqu&#8217;elles sont stock\u00e9es, de sorte qu&#8217;elles sont toujours pr\u00eates lorsque vous l&#8217;\u00eates. De plus, les piles Energizer Ultimate Lithium r\u00e9sistent \u00e0 des temp\u00e9ratures extr\u00eames &#8211; de -40\u00b0C \u00e0 60\u00b0C &#8211; pour vous fournir de l&#8217;\u00e9nergie lorsque vous en avez le plus besoin.<\/p>\n<p>La gamme Energizer Ultimate Lithium comprend \u00e9galement des piles AAA et des piles 9 V. Il est donc facile de trouver de l&#8217;\u00e9nergie fiable dans la taille dont vous avez besoin.<\/p>\n","protected":false},"featured_media":0,"comment_status":"open","ping_status":"closed","template":"","meta":{"_acf_changed":false},"product_brand":[],"product_cat":[30],"product_tag":[],"class_list":{"0":"post-7203","1":"product","2":"type-product","3":"status-publish","5":"product_cat-energizer-ultimate-lithium","7":"first","8":"instock","9":"shipping-taxable","10":"product-type-simple"},"acf":[],"yoast_head":"<!-- This site is optimized with the Yoast SEO plugin v27.2 - https:\/\/yoast.com\/product\/yoast-seo-wordpress\/ -->\n<title>ENERGIZER\u00ae ULTIMATE LITHIUM - 9V - Belgium French<\/title>\n<meta name=\"robots\" content=\"index, follow, max-snippet:-1, max-image-preview:large, max-video-preview:-1\" \/>\n<link rel=\"canonical\" href=\"https:\/\/energizer.com\/eu\/belgium_french\/product\/energizer-ultimate-lithium-9v\/\" \/>\n<meta property=\"og:locale\" content=\"en_US\" \/>\n<meta property=\"og:type\" content=\"article\" \/>\n<meta property=\"og:title\" content=\"ENERGIZER\u00ae ULTIMATE LITHIUM - 9V - Belgium French\" \/>\n<meta property=\"og:description\" content=\"Tirez le meilleur parti de vos appareils high-tech gr\u00e2ce \u00e0 la fiabilit\u00e9 de cette pile 9V la plus durable d&#039;Energizer ; Energizer Ultimate Lithium 9V. Faites le plein de piles au lithium pour les d\u00e9tecteurs de fum\u00e9e et les jouets, ainsi que de piles pour les sonnettes et les torches. Ce pack de piles est \u00e9galement un excellent choix si vous avez besoin d&#039;une pile Energizer 9V pour un rasoir. Les piles Energizer 9V au lithium conservent leur \u00e9nergie jusqu&#039;\u00e0 10 ans lorsqu&#039;elles sont stock\u00e9es, de sorte qu&#039;elles sont toujours pr\u00eates lorsque vous l&#039;\u00eates. De plus, les piles Energizer Ultimate Lithium r\u00e9sistent \u00e0 des temp\u00e9ratures extr\u00eames - de -40\u00b0C \u00e0 60\u00b0C - pour vous fournir de l&#039;\u00e9nergie lorsque vous en avez le plus besoin.  La gamme Energizer Ultimate Lithium comprend \u00e9galement des piles AAA et des piles 9 V. Il est donc facile de trouver de l&#039;\u00e9nergie fiable dans la taille dont vous avez besoin.\" \/>\n<meta property=\"og:url\" content=\"https:\/\/energizer.com\/eu\/belgium_french\/product\/energizer-ultimate-lithium-9v\/\" \/>\n<meta property=\"og:site_name\" content=\"Belgium French\" \/>\n<meta property=\"article:modified_time\" content=\"2024-12-17T11:40:04+00:00\" \/>\n<meta name=\"twitter:card\" content=\"summary_large_image\" \/>\n<script type=\"application\/ld+json\" class=\"yoast-schema-graph\">{\"@context\":\"https:\/\/schema.org\",\"@graph\":[{\"@type\":\"WebPage\",\"@id\":\"https:\/\/energizer.com\/eu\/belgium_french\/product\/energizer-ultimate-lithium-9v\/\",\"url\":\"https:\/\/energizer.com\/eu\/belgium_french\/product\/energizer-ultimate-lithium-9v\/\",\"name\":\"ENERGIZER\u00ae ULTIMATE LITHIUM - 9V - Belgium French\",\"isPartOf\":{\"@id\":\"https:\/\/energizer.com\/eu\/belgium_french\/#website\"},\"datePublished\":\"2024-06-03T05:16:27+00:00\",\"dateModified\":\"2024-12-17T11:40:04+00:00\",\"breadcrumb\":{\"@id\":\"https:\/\/energizer.com\/eu\/belgium_french\/product\/energizer-ultimate-lithium-9v\/#breadcrumb\"},\"inLanguage\":\"en-US\",\"potentialAction\":[{\"@type\":\"ReadAction\",\"target\":[\"https:\/\/energizer.com\/eu\/belgium_french\/product\/energizer-ultimate-lithium-9v\/\"]}]},{\"@type\":\"BreadcrumbList\",\"@id\":\"https:\/\/energizer.com\/eu\/belgium_french\/product\/energizer-ultimate-lithium-9v\/#breadcrumb\",\"itemListElement\":[{\"@type\":\"ListItem\",\"position\":1,\"name\":\"Home\",\"item\":\"https:\/\/energizer.com\/eu\/belgium_french\/\"},{\"@type\":\"ListItem\",\"position\":2,\"name\":\"ENERGIZER\u00ae ULTIMATE LITHIUM &#8211; 9V\"}]},{\"@type\":\"WebSite\",\"@id\":\"https:\/\/energizer.com\/eu\/belgium_french\/#website\",\"url\":\"https:\/\/energizer.com\/eu\/belgium_french\/\",\"name\":\"Energizer Belgium French\",\"description\":\"\",\"publisher\":{\"@id\":\"https:\/\/energizer.com\/eu\/belgium_french\/#organization\"},\"potentialAction\":[{\"@type\":\"SearchAction\",\"target\":{\"@type\":\"EntryPoint\",\"urlTemplate\":\"https:\/\/energizer.com\/eu\/belgium_french\/?s={search_term_string}\"},\"query-input\":{\"@type\":\"PropertyValueSpecification\",\"valueRequired\":true,\"valueName\":\"search_term_string\"}}],\"inLanguage\":\"en-US\"},{\"@type\":\"Organization\",\"@id\":\"https:\/\/energizer.com\/eu\/belgium_french\/#organization\",\"name\":\"Energizer Belgium French\",\"url\":\"https:\/\/energizer.com\/eu\/belgium_french\/\",\"logo\":{\"@type\":\"ImageObject\",\"inLanguage\":\"en-US\",\"@id\":\"https:\/\/energizer.com\/eu\/belgium_french\/#\/schema\/logo\/image\/\",\"url\":\"https:\/\/energizer.com\/eu\/belgium_french\/wp-content\/uploads\/sites\/56\/2024\/04\/Energizer_brand.png\",\"contentUrl\":\"https:\/\/energizer.com\/eu\/belgium_french\/wp-content\/uploads\/sites\/56\/2024\/04\/Energizer_brand.png\",\"width\":267,\"height\":100,\"caption\":\"Energizer Belgium French\"},\"image\":{\"@id\":\"https:\/\/energizer.com\/eu\/belgium_french\/#\/schema\/logo\/image\/\"}}]}<\/script>\n<!-- \/ Yoast SEO plugin. -->","yoast_head_json":{"title":"ENERGIZER\u00ae ULTIMATE LITHIUM - 9V - Belgium French","robots":{"index":"index","follow":"follow","max-snippet":"max-snippet:-1","max-image-preview":"max-image-preview:large","max-video-preview":"max-video-preview:-1"},"canonical":"https:\/\/energizer.com\/eu\/belgium_french\/product\/energizer-ultimate-lithium-9v\/","og_locale":"en_US","og_type":"article","og_title":"ENERGIZER\u00ae ULTIMATE LITHIUM - 9V - Belgium French","og_description":"Tirez le meilleur parti de vos appareils high-tech gr\u00e2ce \u00e0 la fiabilit\u00e9 de cette pile 9V la plus durable d'Energizer ; Energizer Ultimate Lithium 9V. Faites le plein de piles au lithium pour les d\u00e9tecteurs de fum\u00e9e et les jouets, ainsi que de piles pour les sonnettes et les torches. Ce pack de piles est \u00e9galement un excellent choix si vous avez besoin d'une pile Energizer 9V pour un rasoir. Les piles Energizer 9V au lithium conservent leur \u00e9nergie jusqu'\u00e0 10 ans lorsqu'elles sont stock\u00e9es, de sorte qu'elles sont toujours pr\u00eates lorsque vous l'\u00eates. De plus, les piles Energizer Ultimate Lithium r\u00e9sistent \u00e0 des temp\u00e9ratures extr\u00eames - de -40\u00b0C \u00e0 60\u00b0C - pour vous fournir de l'\u00e9nergie lorsque vous en avez le plus besoin.  La gamme Energizer Ultimate Lithium comprend \u00e9galement des piles AAA et des piles 9 V. Il est donc facile de trouver de l'\u00e9nergie fiable dans la taille dont vous avez besoin.","og_url":"https:\/\/energizer.com\/eu\/belgium_french\/product\/energizer-ultimate-lithium-9v\/","og_site_name":"Belgium French","article_modified_time":"2024-12-17T11:40:04+00:00","twitter_card":"summary_large_image","schema":{"@context":"https:\/\/schema.org","@graph":[{"@type":"WebPage","@id":"https:\/\/energizer.com\/eu\/belgium_french\/product\/energizer-ultimate-lithium-9v\/","url":"https:\/\/energizer.com\/eu\/belgium_french\/product\/energizer-ultimate-lithium-9v\/","name":"ENERGIZER\u00ae ULTIMATE LITHIUM - 9V - Belgium French","isPartOf":{"@id":"https:\/\/energizer.com\/eu\/belgium_french\/#website"},"datePublished":"2024-06-03T05:16:27+00:00","dateModified":"2024-12-17T11:40:04+00:00","breadcrumb":{"@id":"https:\/\/energizer.com\/eu\/belgium_french\/product\/energizer-ultimate-lithium-9v\/#breadcrumb"},"inLanguage":"en-US","potentialAction":[{"@type":"ReadAction","target":["https:\/\/energizer.com\/eu\/belgium_french\/product\/energizer-ultimate-lithium-9v\/"]}]},{"@type":"BreadcrumbList","@id":"https:\/\/energizer.com\/eu\/belgium_french\/product\/energizer-ultimate-lithium-9v\/#breadcrumb","itemListElement":[{"@type":"ListItem","position":1,"name":"Home","item":"https:\/\/energizer.com\/eu\/belgium_french\/"},{"@type":"ListItem","position":2,"name":"ENERGIZER\u00ae ULTIMATE LITHIUM &#8211; 9V"}]},{"@type":"WebSite","@id":"https:\/\/energizer.com\/eu\/belgium_french\/#website","url":"https:\/\/energizer.com\/eu\/belgium_french\/","name":"Energizer Belgium French","description":"","publisher":{"@id":"https:\/\/energizer.com\/eu\/belgium_french\/#organization"},"potentialAction":[{"@type":"SearchAction","target":{"@type":"EntryPoint","urlTemplate":"https:\/\/energizer.com\/eu\/belgium_french\/?s={search_term_string}"},"query-input":{"@type":"PropertyValueSpecification","valueRequired":true,"valueName":"search_term_string"}}],"inLanguage":"en-US"},{"@type":"Organization","@id":"https:\/\/energizer.com\/eu\/belgium_french\/#organization","name":"Energizer Belgium French","url":"https:\/\/energizer.com\/eu\/belgium_french\/","logo":{"@type":"ImageObject","inLanguage":"en-US","@id":"https:\/\/energizer.com\/eu\/belgium_french\/#\/schema\/logo\/image\/","url":"https:\/\/energizer.com\/eu\/belgium_french\/wp-content\/uploads\/sites\/56\/2024\/04\/Energizer_brand.png","contentUrl":"https:\/\/energizer.com\/eu\/belgium_french\/wp-content\/uploads\/sites\/56\/2024\/04\/Energizer_brand.png","width":267,"height":100,"caption":"Energizer Belgium French"},"image":{"@id":"https:\/\/energizer.com\/eu\/belgium_french\/#\/schema\/logo\/image\/"}}]}},"_links":{"self":[{"href":"https:\/\/energizer.com\/eu\/belgium_french\/wp-json\/wp\/v2\/product\/7203","targetHints":{"allow":["GET"]}}],"collection":[{"href":"https:\/\/energizer.com\/eu\/belgium_french\/wp-json\/wp\/v2\/product"}],"about":[{"href":"https:\/\/energizer.com\/eu\/belgium_french\/wp-json\/wp\/v2\/types\/product"}],"replies":[{"embeddable":true,"href":"https:\/\/energizer.com\/eu\/belgium_french\/wp-json\/wp\/v2\/comments?post=7203"}],"version-history":[{"count":8,"href":"https:\/\/energizer.com\/eu\/belgium_french\/wp-json\/wp\/v2\/product\/7203\/revisions"}],"predecessor-version":[{"id":9923,"href":"https:\/\/energizer.com\/eu\/belgium_french\/wp-json\/wp\/v2\/product\/7203\/revisions\/9923"}],"wp:attachment":[{"href":"https:\/\/energizer.com\/eu\/belgium_french\/wp-json\/wp\/v2\/media?parent=7203"}],"wp:term":[{"taxonomy":"product_brand","embeddable":true,"href":"https:\/\/energizer.com\/eu\/belgium_french\/wp-json\/wp\/v2\/product_brand?post=7203"},{"taxonomy":"product_cat","embeddable":true,"href":"https:\/\/energizer.com\/eu\/belgium_french\/wp-json\/wp\/v2\/product_cat?post=7203"},{"taxonomy":"product_tag","embeddable":true,"href":"https:\/\/energizer.com\/eu\/belgium_french\/wp-json\/wp\/v2\/product_tag?post=7203"}],"curies":[{"name":"wp","href":"https:\/\/api.w.org\/{rel}","templated":true}]}}