{"id":7267,"date":"2024-06-03T05:16:32","date_gmt":"2024-06-03T05:16:32","guid":{"rendered":"https:\/\/23b13e8ab3.nxcli.io\/belgium-french\/?post_type=product&#038;p=7267"},"modified":"2024-12-26T09:50:48","modified_gmt":"2024-12-26T09:50:48","slug":"energizer-photo-lithium-batteries-123","status":"publish","type":"product","link":"https:\/\/energizer.com\/eu\/belgium_french\/product\/energizer-photo-lithium-batteries-123\/","title":{"rendered":"ENERGIZER\u00ae PHOTO LITHIUM BATTERIES \u2013 123"},"content":{"rendered":"<ul>\n<li>Contient deux (2) piles Energizer Lithium Photo 123, qui offrent des performances longue dur\u00e9e pour votre appareil, photo apr\u00e8s photo<\/li>\n<li>Pr\u00eates \u00e0 servir d\u00e8s que vous en avez besoin : nos piles 123 pour appareils photo peuvent \u00eatre gard\u00e9es dans leur emballage pendant 10 ans en conservant leur puissance<\/li>\n<li>Puissantes : les piles Energizer pour appareils photo ont \u00e9t\u00e9 con\u00e7ues pour r\u00e9pondre aux exigences des appareils modernes \u00e0 haute consommation d\u2019\u00e9nergie<\/li>\n<\/ul>\n","protected":false},"excerpt":{"rendered":"<p>Soyez toujours pr\u00eat \u00e0 immortaliser vos meilleurs moments : les piles 123 pour appareils photos Energizer offrent des performances pr\u00e9cises et longue dur\u00e9e pour votre mat\u00e9riel et vos appareils photographiques. Mais elles vous aident pour bien plus que vos photos : Ces piles au lithium peuvent alimenter tous vos appareils high-tech : lampes de poche, appareils photo num\u00e9riques, cam\u00e9scopes num\u00e9riques, appareils IoT, dispositifs de flash, lasers et autres. Pouvant \u00eatre conserv\u00e9es jusqu\u2019\u00e0 10 ans dans leur emballage, elles restent pr\u00eates \u00e0 servir jusqu\u2019\u00e0 ce que vous en ayez besoin.<\/p>\n","protected":false},"featured_media":0,"comment_status":"open","ping_status":"closed","template":"","meta":{"_acf_changed":false},"product_brand":[],"product_cat":[58],"product_tag":[],"class_list":{"0":"post-7267","1":"product","2":"type-product","3":"status-publish","5":"product_cat-speciality","7":"first","8":"instock","9":"shipping-taxable","10":"product-type-simple"},"acf":[],"yoast_head":"<!-- This site is optimized with the Yoast SEO plugin v27.2 - https:\/\/yoast.com\/product\/yoast-seo-wordpress\/ -->\n<title>ENERGIZER\u00ae PHOTO LITHIUM BATTERIES \u2013 123 - Belgium French<\/title>\n<meta name=\"robots\" content=\"index, follow, max-snippet:-1, max-image-preview:large, max-video-preview:-1\" \/>\n<link rel=\"canonical\" href=\"https:\/\/energizer.com\/eu\/belgium_french\/product\/energizer-photo-lithium-batteries-123\/\" \/>\n<meta property=\"og:locale\" content=\"en_US\" \/>\n<meta property=\"og:type\" content=\"article\" \/>\n<meta property=\"og:title\" content=\"ENERGIZER\u00ae PHOTO LITHIUM BATTERIES \u2013 123 - Belgium French\" \/>\n<meta property=\"og:description\" content=\"Soyez toujours pr\u00eat \u00e0 immortaliser vos meilleurs moments : les piles 123 pour appareils photos Energizer offrent des performances pr\u00e9cises et longue dur\u00e9e pour votre mat\u00e9riel et vos appareils photographiques. Mais elles vous aident pour bien plus que vos photos : Ces piles au lithium peuvent alimenter tous vos appareils high-tech : lampes de poche, appareils photo num\u00e9riques, cam\u00e9scopes num\u00e9riques, appareils IoT, dispositifs de flash, lasers et autres. Pouvant \u00eatre conserv\u00e9es jusqu\u2019\u00e0 10 ans dans leur emballage, elles restent pr\u00eates \u00e0 servir jusqu\u2019\u00e0 ce que vous en ayez besoin.\" \/>\n<meta property=\"og:url\" content=\"https:\/\/energizer.com\/eu\/belgium_french\/product\/energizer-photo-lithium-batteries-123\/\" \/>\n<meta property=\"og:site_name\" content=\"Belgium French\" \/>\n<meta property=\"article:modified_time\" content=\"2024-12-26T09:50:48+00:00\" \/>\n<meta name=\"twitter:card\" content=\"summary_large_image\" \/>\n<script type=\"application\/ld+json\" class=\"yoast-schema-graph\">{\"@context\":\"https:\/\/schema.org\",\"@graph\":[{\"@type\":\"WebPage\",\"@id\":\"https:\/\/energizer.com\/eu\/belgium_french\/product\/energizer-photo-lithium-batteries-123\/\",\"url\":\"https:\/\/energizer.com\/eu\/belgium_french\/product\/energizer-photo-lithium-batteries-123\/\",\"name\":\"ENERGIZER\u00ae PHOTO LITHIUM BATTERIES \u2013 123 - Belgium French\",\"isPartOf\":{\"@id\":\"https:\/\/energizer.com\/eu\/belgium_french\/#website\"},\"datePublished\":\"2024-06-03T05:16:32+00:00\",\"dateModified\":\"2024-12-26T09:50:48+00:00\",\"breadcrumb\":{\"@id\":\"https:\/\/energizer.com\/eu\/belgium_french\/product\/energizer-photo-lithium-batteries-123\/#breadcrumb\"},\"inLanguage\":\"en-US\",\"potentialAction\":[{\"@type\":\"ReadAction\",\"target\":[\"https:\/\/energizer.com\/eu\/belgium_french\/product\/energizer-photo-lithium-batteries-123\/\"]}]},{\"@type\":\"BreadcrumbList\",\"@id\":\"https:\/\/energizer.com\/eu\/belgium_french\/product\/energizer-photo-lithium-batteries-123\/#breadcrumb\",\"itemListElement\":[{\"@type\":\"ListItem\",\"position\":1,\"name\":\"Home\",\"item\":\"https:\/\/energizer.com\/eu\/belgium_french\/\"},{\"@type\":\"ListItem\",\"position\":2,\"name\":\"ENERGIZER\u00ae PHOTO LITHIUM BATTERIES \u2013 123\"}]},{\"@type\":\"WebSite\",\"@id\":\"https:\/\/energizer.com\/eu\/belgium_french\/#website\",\"url\":\"https:\/\/energizer.com\/eu\/belgium_french\/\",\"name\":\"Energizer Belgium French\",\"description\":\"\",\"publisher\":{\"@id\":\"https:\/\/energizer.com\/eu\/belgium_french\/#organization\"},\"potentialAction\":[{\"@type\":\"SearchAction\",\"target\":{\"@type\":\"EntryPoint\",\"urlTemplate\":\"https:\/\/energizer.com\/eu\/belgium_french\/?s={search_term_string}\"},\"query-input\":{\"@type\":\"PropertyValueSpecification\",\"valueRequired\":true,\"valueName\":\"search_term_string\"}}],\"inLanguage\":\"en-US\"},{\"@type\":\"Organization\",\"@id\":\"https:\/\/energizer.com\/eu\/belgium_french\/#organization\",\"name\":\"Energizer Belgium French\",\"url\":\"https:\/\/energizer.com\/eu\/belgium_french\/\",\"logo\":{\"@type\":\"ImageObject\",\"inLanguage\":\"en-US\",\"@id\":\"https:\/\/energizer.com\/eu\/belgium_french\/#\/schema\/logo\/image\/\",\"url\":\"https:\/\/energizer.com\/eu\/belgium_french\/wp-content\/uploads\/sites\/56\/2024\/04\/Energizer_brand.png\",\"contentUrl\":\"https:\/\/energizer.com\/eu\/belgium_french\/wp-content\/uploads\/sites\/56\/2024\/04\/Energizer_brand.png\",\"width\":267,\"height\":100,\"caption\":\"Energizer Belgium French\"},\"image\":{\"@id\":\"https:\/\/energizer.com\/eu\/belgium_french\/#\/schema\/logo\/image\/\"}}]}<\/script>\n<!-- \/ Yoast SEO plugin. -->","yoast_head_json":{"title":"ENERGIZER\u00ae PHOTO LITHIUM BATTERIES \u2013 123 - Belgium French","robots":{"index":"index","follow":"follow","max-snippet":"max-snippet:-1","max-image-preview":"max-image-preview:large","max-video-preview":"max-video-preview:-1"},"canonical":"https:\/\/energizer.com\/eu\/belgium_french\/product\/energizer-photo-lithium-batteries-123\/","og_locale":"en_US","og_type":"article","og_title":"ENERGIZER\u00ae PHOTO LITHIUM BATTERIES \u2013 123 - Belgium French","og_description":"Soyez toujours pr\u00eat \u00e0 immortaliser vos meilleurs moments : les piles 123 pour appareils photos Energizer offrent des performances pr\u00e9cises et longue dur\u00e9e pour votre mat\u00e9riel et vos appareils photographiques. Mais elles vous aident pour bien plus que vos photos : Ces piles au lithium peuvent alimenter tous vos appareils high-tech : lampes de poche, appareils photo num\u00e9riques, cam\u00e9scopes num\u00e9riques, appareils IoT, dispositifs de flash, lasers et autres. Pouvant \u00eatre conserv\u00e9es jusqu\u2019\u00e0 10 ans dans leur emballage, elles restent pr\u00eates \u00e0 servir jusqu\u2019\u00e0 ce que vous en ayez besoin.","og_url":"https:\/\/energizer.com\/eu\/belgium_french\/product\/energizer-photo-lithium-batteries-123\/","og_site_name":"Belgium French","article_modified_time":"2024-12-26T09:50:48+00:00","twitter_card":"summary_large_image","schema":{"@context":"https:\/\/schema.org","@graph":[{"@type":"WebPage","@id":"https:\/\/energizer.com\/eu\/belgium_french\/product\/energizer-photo-lithium-batteries-123\/","url":"https:\/\/energizer.com\/eu\/belgium_french\/product\/energizer-photo-lithium-batteries-123\/","name":"ENERGIZER\u00ae PHOTO LITHIUM BATTERIES \u2013 123 - Belgium French","isPartOf":{"@id":"https:\/\/energizer.com\/eu\/belgium_french\/#website"},"datePublished":"2024-06-03T05:16:32+00:00","dateModified":"2024-12-26T09:50:48+00:00","breadcrumb":{"@id":"https:\/\/energizer.com\/eu\/belgium_french\/product\/energizer-photo-lithium-batteries-123\/#breadcrumb"},"inLanguage":"en-US","potentialAction":[{"@type":"ReadAction","target":["https:\/\/energizer.com\/eu\/belgium_french\/product\/energizer-photo-lithium-batteries-123\/"]}]},{"@type":"BreadcrumbList","@id":"https:\/\/energizer.com\/eu\/belgium_french\/product\/energizer-photo-lithium-batteries-123\/#breadcrumb","itemListElement":[{"@type":"ListItem","position":1,"name":"Home","item":"https:\/\/energizer.com\/eu\/belgium_french\/"},{"@type":"ListItem","position":2,"name":"ENERGIZER\u00ae PHOTO LITHIUM BATTERIES \u2013 123"}]},{"@type":"WebSite","@id":"https:\/\/energizer.com\/eu\/belgium_french\/#website","url":"https:\/\/energizer.com\/eu\/belgium_french\/","name":"Energizer Belgium French","description":"","publisher":{"@id":"https:\/\/energizer.com\/eu\/belgium_french\/#organization"},"potentialAction":[{"@type":"SearchAction","target":{"@type":"EntryPoint","urlTemplate":"https:\/\/energizer.com\/eu\/belgium_french\/?s={search_term_string}"},"query-input":{"@type":"PropertyValueSpecification","valueRequired":true,"valueName":"search_term_string"}}],"inLanguage":"en-US"},{"@type":"Organization","@id":"https:\/\/energizer.com\/eu\/belgium_french\/#organization","name":"Energizer Belgium French","url":"https:\/\/energizer.com\/eu\/belgium_french\/","logo":{"@type":"ImageObject","inLanguage":"en-US","@id":"https:\/\/energizer.com\/eu\/belgium_french\/#\/schema\/logo\/image\/","url":"https:\/\/energizer.com\/eu\/belgium_french\/wp-content\/uploads\/sites\/56\/2024\/04\/Energizer_brand.png","contentUrl":"https:\/\/energizer.com\/eu\/belgium_french\/wp-content\/uploads\/sites\/56\/2024\/04\/Energizer_brand.png","width":267,"height":100,"caption":"Energizer Belgium French"},"image":{"@id":"https:\/\/energizer.com\/eu\/belgium_french\/#\/schema\/logo\/image\/"}}]}},"_links":{"self":[{"href":"https:\/\/energizer.com\/eu\/belgium_french\/wp-json\/wp\/v2\/product\/7267","targetHints":{"allow":["GET"]}}],"collection":[{"href":"https:\/\/energizer.com\/eu\/belgium_french\/wp-json\/wp\/v2\/product"}],"about":[{"href":"https:\/\/energizer.com\/eu\/belgium_french\/wp-json\/wp\/v2\/types\/product"}],"replies":[{"embeddable":true,"href":"https:\/\/energizer.com\/eu\/belgium_french\/wp-json\/wp\/v2\/comments?post=7267"}],"version-history":[{"count":6,"href":"https:\/\/energizer.com\/eu\/belgium_french\/wp-json\/wp\/v2\/product\/7267\/revisions"}],"predecessor-version":[{"id":9988,"href":"https:\/\/energizer.com\/eu\/belgium_french\/wp-json\/wp\/v2\/product\/7267\/revisions\/9988"}],"wp:attachment":[{"href":"https:\/\/energizer.com\/eu\/belgium_french\/wp-json\/wp\/v2\/media?parent=7267"}],"wp:term":[{"taxonomy":"product_brand","embeddable":true,"href":"https:\/\/energizer.com\/eu\/belgium_french\/wp-json\/wp\/v2\/product_brand?post=7267"},{"taxonomy":"product_cat","embeddable":true,"href":"https:\/\/energizer.com\/eu\/belgium_french\/wp-json\/wp\/v2\/product_cat?post=7267"},{"taxonomy":"product_tag","embeddable":true,"href":"https:\/\/energizer.com\/eu\/belgium_french\/wp-json\/wp\/v2\/product_tag?post=7267"}],"curies":[{"name":"wp","href":"https:\/\/api.w.org\/{rel}","templated":true}]}}