{"id":7334,"date":"2024-06-03T05:16:37","date_gmt":"2024-06-03T05:16:37","guid":{"rendered":"https:\/\/23b13e8ab3.nxcli.io\/belgium-french\/?post_type=product&#038;p=7334"},"modified":"2025-01-08T10:13:24","modified_gmt":"2025-01-08T10:13:24","slug":"energizer-recharge-power-plus-d","status":"publish","type":"product","link":"https:\/\/energizer.com\/eu\/belgium_french\/product\/energizer-recharge-power-plus-d\/","title":{"rendered":"ENERGIZER\u00ae RECHARGE POWER PLUS \u2013 D"},"content":{"rendered":"<ul>\n<li>Piles D Energizer Recharge Power Plus<\/li>\n<li>Longue dur\u00e9e : Les piles D rechargeables Energizer offrent une alimentation longue dur\u00e9e \u00e0 vos appareils<\/li>\n<li>Puissance fiable : id\u00e9ale pour les appareils quotidiens et de haute technologie, tels que les jouets, les lampes de s\u00e9curit\u00e9 et les torches<\/li>\n<li>Protection contre les fuites : Les piles rechargeables Energizer sont con\u00e7ues pour prot\u00e9ger vos appareils essentiels contre les fuites dommageables dans des conditions d&#8217;utilisation normales<\/li>\n<li>Rechargeable : Chaque pile AAA peut \u00eatre recharg\u00e9e jusqu&#8217;\u00e0 500 fois, une charge pouvant durer jusqu&#8217;\u00e0 12 mois en stockage<\/li>\n<li>Le choix des clients : Energizer est la premi\u00e8re marque mondiale de piles rechargeables, sur la base des ventes par balayage<\/li>\n<li>Innovation Energizer : La premi\u00e8re pile D rechargeable au monde fabriqu\u00e9e \u00e0 partir de 7 % de piles recycl\u00e9es<\/li>\n<\/ul>\n","protected":false},"excerpt":{"rendered":"<p>Tirez le meilleur parti de vos appareils quotidiens gr\u00e2ce \u00e0 la fiabilit\u00e9 des piles D Energizer Accu Recharge Power Plus. Faites le plein de piles rechargeables pour les lampes et les syst\u00e8mes de s\u00e9curit\u00e9, ou de piles pour les torches. Toujours pr\u00eates quand vous l&#8217;\u00eates, ces piles D Energizer sont livr\u00e9es enti\u00e8rement charg\u00e9es. Chaque pile peut \u00eatre recharg\u00e9e des centaines de fois, avec une autonomie de 3 ans dans des conditions d&#8217;utilisation normales. Rechargez vos piles avec le chargeur universel Energizer Recharge pour alimenter les appareils que vous aimez. Chaque pile est con\u00e7ue pour prot\u00e9ger vos appareils essentiels contre les fuites dommageables dans des conditions d&#8217;utilisation normales.<\/p>\n<p>La gamme Energizer Accu Recharge Power Plus comprend \u00e9galement des piles AA, AAA, C et D. Il est donc facile de trouver une alimentation fiable dans la taille dont vous avez besoin.<\/p>\n","protected":false},"featured_media":0,"comment_status":"open","ping_status":"closed","template":"","meta":{"_acf_changed":false},"product_brand":[],"product_cat":[31],"product_tag":[],"class_list":{"0":"post-7334","1":"product","2":"type-product","3":"status-publish","5":"product_cat-energizer-recharge","7":"first","8":"instock","9":"shipping-taxable","10":"product-type-simple"},"acf":[],"yoast_head":"<!-- This site is optimized with the Yoast SEO plugin v27.2 - https:\/\/yoast.com\/product\/yoast-seo-wordpress\/ -->\n<title>ENERGIZER\u00ae RECHARGE POWER PLUS \u2013 D - Belgium French<\/title>\n<meta name=\"robots\" content=\"index, follow, max-snippet:-1, max-image-preview:large, max-video-preview:-1\" \/>\n<link rel=\"canonical\" href=\"https:\/\/energizer.com\/eu\/belgium_french\/product\/energizer-recharge-power-plus-d\/\" \/>\n<meta property=\"og:locale\" content=\"en_US\" \/>\n<meta property=\"og:type\" content=\"article\" \/>\n<meta property=\"og:title\" content=\"ENERGIZER\u00ae RECHARGE POWER PLUS \u2013 D - Belgium French\" \/>\n<meta property=\"og:description\" content=\"Tirez le meilleur parti de vos appareils quotidiens gr\u00e2ce \u00e0 la fiabilit\u00e9 des piles D Energizer Accu Recharge Power Plus. Faites le plein de piles rechargeables pour les lampes et les syst\u00e8mes de s\u00e9curit\u00e9, ou de piles pour les torches. Toujours pr\u00eates quand vous l&#039;\u00eates, ces piles D Energizer sont livr\u00e9es enti\u00e8rement charg\u00e9es. Chaque pile peut \u00eatre recharg\u00e9e des centaines de fois, avec une autonomie de 3 ans dans des conditions d&#039;utilisation normales. Rechargez vos piles avec le chargeur universel Energizer Recharge pour alimenter les appareils que vous aimez. Chaque pile est con\u00e7ue pour prot\u00e9ger vos appareils essentiels contre les fuites dommageables dans des conditions d&#039;utilisation normales.  La gamme Energizer Accu Recharge Power Plus comprend \u00e9galement des piles AA, AAA, C et D. Il est donc facile de trouver une alimentation fiable dans la taille dont vous avez besoin.\" \/>\n<meta property=\"og:url\" content=\"https:\/\/energizer.com\/eu\/belgium_french\/product\/energizer-recharge-power-plus-d\/\" \/>\n<meta property=\"og:site_name\" content=\"Belgium French\" \/>\n<meta property=\"article:modified_time\" content=\"2025-01-08T10:13:24+00:00\" \/>\n<meta name=\"twitter:card\" content=\"summary_large_image\" \/>\n<script type=\"application\/ld+json\" class=\"yoast-schema-graph\">{\"@context\":\"https:\/\/schema.org\",\"@graph\":[{\"@type\":\"WebPage\",\"@id\":\"https:\/\/energizer.com\/eu\/belgium_french\/product\/energizer-recharge-power-plus-d\/\",\"url\":\"https:\/\/energizer.com\/eu\/belgium_french\/product\/energizer-recharge-power-plus-d\/\",\"name\":\"ENERGIZER\u00ae RECHARGE POWER PLUS \u2013 D - Belgium French\",\"isPartOf\":{\"@id\":\"https:\/\/energizer.com\/eu\/belgium_french\/#website\"},\"datePublished\":\"2024-06-03T05:16:37+00:00\",\"dateModified\":\"2025-01-08T10:13:24+00:00\",\"breadcrumb\":{\"@id\":\"https:\/\/energizer.com\/eu\/belgium_french\/product\/energizer-recharge-power-plus-d\/#breadcrumb\"},\"inLanguage\":\"en-US\",\"potentialAction\":[{\"@type\":\"ReadAction\",\"target\":[\"https:\/\/energizer.com\/eu\/belgium_french\/product\/energizer-recharge-power-plus-d\/\"]}]},{\"@type\":\"BreadcrumbList\",\"@id\":\"https:\/\/energizer.com\/eu\/belgium_french\/product\/energizer-recharge-power-plus-d\/#breadcrumb\",\"itemListElement\":[{\"@type\":\"ListItem\",\"position\":1,\"name\":\"Home\",\"item\":\"https:\/\/energizer.com\/eu\/belgium_french\/\"},{\"@type\":\"ListItem\",\"position\":2,\"name\":\"ENERGIZER\u00ae RECHARGE POWER PLUS \u2013 D\"}]},{\"@type\":\"WebSite\",\"@id\":\"https:\/\/energizer.com\/eu\/belgium_french\/#website\",\"url\":\"https:\/\/energizer.com\/eu\/belgium_french\/\",\"name\":\"Energizer Belgium French\",\"description\":\"\",\"publisher\":{\"@id\":\"https:\/\/energizer.com\/eu\/belgium_french\/#organization\"},\"potentialAction\":[{\"@type\":\"SearchAction\",\"target\":{\"@type\":\"EntryPoint\",\"urlTemplate\":\"https:\/\/energizer.com\/eu\/belgium_french\/?s={search_term_string}\"},\"query-input\":{\"@type\":\"PropertyValueSpecification\",\"valueRequired\":true,\"valueName\":\"search_term_string\"}}],\"inLanguage\":\"en-US\"},{\"@type\":\"Organization\",\"@id\":\"https:\/\/energizer.com\/eu\/belgium_french\/#organization\",\"name\":\"Energizer Belgium French\",\"url\":\"https:\/\/energizer.com\/eu\/belgium_french\/\",\"logo\":{\"@type\":\"ImageObject\",\"inLanguage\":\"en-US\",\"@id\":\"https:\/\/energizer.com\/eu\/belgium_french\/#\/schema\/logo\/image\/\",\"url\":\"https:\/\/energizer.com\/eu\/belgium_french\/wp-content\/uploads\/sites\/56\/2024\/04\/Energizer_brand.png\",\"contentUrl\":\"https:\/\/energizer.com\/eu\/belgium_french\/wp-content\/uploads\/sites\/56\/2024\/04\/Energizer_brand.png\",\"width\":267,\"height\":100,\"caption\":\"Energizer Belgium French\"},\"image\":{\"@id\":\"https:\/\/energizer.com\/eu\/belgium_french\/#\/schema\/logo\/image\/\"}}]}<\/script>\n<!-- \/ Yoast SEO plugin. -->","yoast_head_json":{"title":"ENERGIZER\u00ae RECHARGE POWER PLUS \u2013 D - Belgium French","robots":{"index":"index","follow":"follow","max-snippet":"max-snippet:-1","max-image-preview":"max-image-preview:large","max-video-preview":"max-video-preview:-1"},"canonical":"https:\/\/energizer.com\/eu\/belgium_french\/product\/energizer-recharge-power-plus-d\/","og_locale":"en_US","og_type":"article","og_title":"ENERGIZER\u00ae RECHARGE POWER PLUS \u2013 D - Belgium French","og_description":"Tirez le meilleur parti de vos appareils quotidiens gr\u00e2ce \u00e0 la fiabilit\u00e9 des piles D Energizer Accu Recharge Power Plus. Faites le plein de piles rechargeables pour les lampes et les syst\u00e8mes de s\u00e9curit\u00e9, ou de piles pour les torches. Toujours pr\u00eates quand vous l'\u00eates, ces piles D Energizer sont livr\u00e9es enti\u00e8rement charg\u00e9es. Chaque pile peut \u00eatre recharg\u00e9e des centaines de fois, avec une autonomie de 3 ans dans des conditions d'utilisation normales. Rechargez vos piles avec le chargeur universel Energizer Recharge pour alimenter les appareils que vous aimez. Chaque pile est con\u00e7ue pour prot\u00e9ger vos appareils essentiels contre les fuites dommageables dans des conditions d'utilisation normales.  La gamme Energizer Accu Recharge Power Plus comprend \u00e9galement des piles AA, AAA, C et D. Il est donc facile de trouver une alimentation fiable dans la taille dont vous avez besoin.","og_url":"https:\/\/energizer.com\/eu\/belgium_french\/product\/energizer-recharge-power-plus-d\/","og_site_name":"Belgium French","article_modified_time":"2025-01-08T10:13:24+00:00","twitter_card":"summary_large_image","schema":{"@context":"https:\/\/schema.org","@graph":[{"@type":"WebPage","@id":"https:\/\/energizer.com\/eu\/belgium_french\/product\/energizer-recharge-power-plus-d\/","url":"https:\/\/energizer.com\/eu\/belgium_french\/product\/energizer-recharge-power-plus-d\/","name":"ENERGIZER\u00ae RECHARGE POWER PLUS \u2013 D - Belgium French","isPartOf":{"@id":"https:\/\/energizer.com\/eu\/belgium_french\/#website"},"datePublished":"2024-06-03T05:16:37+00:00","dateModified":"2025-01-08T10:13:24+00:00","breadcrumb":{"@id":"https:\/\/energizer.com\/eu\/belgium_french\/product\/energizer-recharge-power-plus-d\/#breadcrumb"},"inLanguage":"en-US","potentialAction":[{"@type":"ReadAction","target":["https:\/\/energizer.com\/eu\/belgium_french\/product\/energizer-recharge-power-plus-d\/"]}]},{"@type":"BreadcrumbList","@id":"https:\/\/energizer.com\/eu\/belgium_french\/product\/energizer-recharge-power-plus-d\/#breadcrumb","itemListElement":[{"@type":"ListItem","position":1,"name":"Home","item":"https:\/\/energizer.com\/eu\/belgium_french\/"},{"@type":"ListItem","position":2,"name":"ENERGIZER\u00ae RECHARGE POWER PLUS \u2013 D"}]},{"@type":"WebSite","@id":"https:\/\/energizer.com\/eu\/belgium_french\/#website","url":"https:\/\/energizer.com\/eu\/belgium_french\/","name":"Energizer Belgium French","description":"","publisher":{"@id":"https:\/\/energizer.com\/eu\/belgium_french\/#organization"},"potentialAction":[{"@type":"SearchAction","target":{"@type":"EntryPoint","urlTemplate":"https:\/\/energizer.com\/eu\/belgium_french\/?s={search_term_string}"},"query-input":{"@type":"PropertyValueSpecification","valueRequired":true,"valueName":"search_term_string"}}],"inLanguage":"en-US"},{"@type":"Organization","@id":"https:\/\/energizer.com\/eu\/belgium_french\/#organization","name":"Energizer Belgium French","url":"https:\/\/energizer.com\/eu\/belgium_french\/","logo":{"@type":"ImageObject","inLanguage":"en-US","@id":"https:\/\/energizer.com\/eu\/belgium_french\/#\/schema\/logo\/image\/","url":"https:\/\/energizer.com\/eu\/belgium_french\/wp-content\/uploads\/sites\/56\/2024\/04\/Energizer_brand.png","contentUrl":"https:\/\/energizer.com\/eu\/belgium_french\/wp-content\/uploads\/sites\/56\/2024\/04\/Energizer_brand.png","width":267,"height":100,"caption":"Energizer Belgium French"},"image":{"@id":"https:\/\/energizer.com\/eu\/belgium_french\/#\/schema\/logo\/image\/"}}]}},"_links":{"self":[{"href":"https:\/\/energizer.com\/eu\/belgium_french\/wp-json\/wp\/v2\/product\/7334","targetHints":{"allow":["GET"]}}],"collection":[{"href":"https:\/\/energizer.com\/eu\/belgium_french\/wp-json\/wp\/v2\/product"}],"about":[{"href":"https:\/\/energizer.com\/eu\/belgium_french\/wp-json\/wp\/v2\/types\/product"}],"replies":[{"embeddable":true,"href":"https:\/\/energizer.com\/eu\/belgium_french\/wp-json\/wp\/v2\/comments?post=7334"}],"version-history":[{"count":8,"href":"https:\/\/energizer.com\/eu\/belgium_french\/wp-json\/wp\/v2\/product\/7334\/revisions"}],"predecessor-version":[{"id":10101,"href":"https:\/\/energizer.com\/eu\/belgium_french\/wp-json\/wp\/v2\/product\/7334\/revisions\/10101"}],"wp:attachment":[{"href":"https:\/\/energizer.com\/eu\/belgium_french\/wp-json\/wp\/v2\/media?parent=7334"}],"wp:term":[{"taxonomy":"product_brand","embeddable":true,"href":"https:\/\/energizer.com\/eu\/belgium_french\/wp-json\/wp\/v2\/product_brand?post=7334"},{"taxonomy":"product_cat","embeddable":true,"href":"https:\/\/energizer.com\/eu\/belgium_french\/wp-json\/wp\/v2\/product_cat?post=7334"},{"taxonomy":"product_tag","embeddable":true,"href":"https:\/\/energizer.com\/eu\/belgium_french\/wp-json\/wp\/v2\/product_tag?post=7334"}],"curies":[{"name":"wp","href":"https:\/\/api.w.org\/{rel}","templated":true}]}}