{"id":7382,"date":"2024-06-03T05:16:40","date_gmt":"2024-06-03T05:16:40","guid":{"rendered":"https:\/\/23b13e8ab3.nxcli.io\/belgium-french\/?post_type=product&#038;p=7382"},"modified":"2024-08-23T08:57:09","modified_gmt":"2024-08-23T08:57:09","slug":"energizer-led-headlight","status":"publish","type":"product","link":"https:\/\/energizer.com\/eu\/belgium_french\/product\/energizer-led-headlight\/","title":{"rendered":"Energizer LED Headlight"},"content":{"rendered":"<ul>\n<li>Taille compacte<\/li>\n<li>Poids l\u00e9ger pour plus de confort<\/li>\n<li>Courroie r\u00e9glable<\/li>\n<li>Bouton poussoir facile \u00e0 mettre en marche et \u00e0 arr\u00eater<\/li>\n<li>Solution mains libres au quotidien<\/li>\n<li>2 piles AAA incluses<\/li>\n<\/ul>\n","protected":false},"excerpt":{"rendered":"<p>La lampe frontale \u00e0 LED ENERGIZER est une solution d&#8217;\u00e9clairage fiable qui combine la technologie LED d&#8217;aujourd&#8217;hui avec un design mains libres pour une excellente exp\u00e9rience utilisateur. En appuyant simplement sur un bouton, les utilisateurs peuvent activer la technologie LED qui fournit un excellent \u00e9quilibre de luminosit\u00e9 avec des heures et des heures d&#8217;autonomie. Dot\u00e9e d&#8217;une sangle r\u00e9glable et confortable, la lampe frontale \u00e0 LED ENERGIZER s&#8217;adapte \u00e0 une grande vari\u00e9t\u00e9 de besoins de l&#8217;utilisateur, qu&#8217;il s&#8217;agisse d&#8217;applications quotidiennes ou professionnelles.<\/p>\n","protected":false},"featured_media":0,"comment_status":"open","ping_status":"closed","template":"","meta":{"_acf_changed":false},"product_brand":[],"product_cat":[43],"product_tag":[],"class_list":{"0":"post-7382","1":"product","2":"type-product","3":"status-publish","5":"product_cat-hands-free","6":"pa_uses-everyday","8":"first","9":"instock","10":"shipping-taxable","11":"product-type-simple"},"acf":[],"yoast_head":"<!-- This site is optimized with the Yoast SEO plugin v27.4 - https:\/\/yoast.com\/product\/yoast-seo-wordpress\/ -->\n<title>Energizer LED Headlight - Belgium French<\/title>\n<meta name=\"robots\" content=\"index, follow, max-snippet:-1, max-image-preview:large, max-video-preview:-1\" \/>\n<link rel=\"canonical\" href=\"https:\/\/energizer.com\/eu\/belgium_french\/product\/energizer-led-headlight\/\" \/>\n<meta property=\"og:locale\" content=\"en_US\" \/>\n<meta property=\"og:type\" content=\"article\" \/>\n<meta property=\"og:title\" content=\"Energizer LED Headlight - Belgium French\" \/>\n<meta property=\"og:description\" content=\"La lampe frontale \u00e0 LED ENERGIZER est une solution d&#039;\u00e9clairage fiable qui combine la technologie LED d&#039;aujourd&#039;hui avec un design mains libres pour une excellente exp\u00e9rience utilisateur. En appuyant simplement sur un bouton, les utilisateurs peuvent activer la technologie LED qui fournit un excellent \u00e9quilibre de luminosit\u00e9 avec des heures et des heures d&#039;autonomie. Dot\u00e9e d&#039;une sangle r\u00e9glable et confortable, la lampe frontale \u00e0 LED ENERGIZER s&#039;adapte \u00e0 une grande vari\u00e9t\u00e9 de besoins de l&#039;utilisateur, qu&#039;il s&#039;agisse d&#039;applications quotidiennes ou professionnelles.\" \/>\n<meta property=\"og:url\" content=\"https:\/\/energizer.com\/eu\/belgium_french\/product\/energizer-led-headlight\/\" \/>\n<meta property=\"og:site_name\" content=\"Belgium French\" \/>\n<meta property=\"article:modified_time\" content=\"2024-08-23T08:57:09+00:00\" \/>\n<meta name=\"twitter:card\" content=\"summary_large_image\" \/>\n<script type=\"application\/ld+json\" class=\"yoast-schema-graph\">{\"@context\":\"https:\\\/\\\/schema.org\",\"@graph\":[{\"@type\":\"WebPage\",\"@id\":\"https:\\\/\\\/energizer.com\\\/eu\\\/belgium_french\\\/product\\\/energizer-led-headlight\\\/\",\"url\":\"https:\\\/\\\/energizer.com\\\/eu\\\/belgium_french\\\/product\\\/energizer-led-headlight\\\/\",\"name\":\"Energizer LED Headlight - Belgium French\",\"isPartOf\":{\"@id\":\"https:\\\/\\\/energizer.com\\\/eu\\\/belgium_french\\\/#website\"},\"datePublished\":\"2024-06-03T05:16:40+00:00\",\"dateModified\":\"2024-08-23T08:57:09+00:00\",\"breadcrumb\":{\"@id\":\"https:\\\/\\\/energizer.com\\\/eu\\\/belgium_french\\\/product\\\/energizer-led-headlight\\\/#breadcrumb\"},\"inLanguage\":\"en-US\",\"potentialAction\":[{\"@type\":\"ReadAction\",\"target\":[\"https:\\\/\\\/energizer.com\\\/eu\\\/belgium_french\\\/product\\\/energizer-led-headlight\\\/\"]}]},{\"@type\":\"BreadcrumbList\",\"@id\":\"https:\\\/\\\/energizer.com\\\/eu\\\/belgium_french\\\/product\\\/energizer-led-headlight\\\/#breadcrumb\",\"itemListElement\":[{\"@type\":\"ListItem\",\"position\":1,\"name\":\"Home\",\"item\":\"https:\\\/\\\/energizer.com\\\/eu\\\/belgium_french\\\/\"},{\"@type\":\"ListItem\",\"position\":2,\"name\":\"Energizer LED Headlight\"}]},{\"@type\":\"WebSite\",\"@id\":\"https:\\\/\\\/energizer.com\\\/eu\\\/belgium_french\\\/#website\",\"url\":\"https:\\\/\\\/energizer.com\\\/eu\\\/belgium_french\\\/\",\"name\":\"Energizer Belgium French\",\"description\":\"\",\"publisher\":{\"@id\":\"https:\\\/\\\/energizer.com\\\/eu\\\/belgium_french\\\/#organization\"},\"potentialAction\":[{\"@type\":\"SearchAction\",\"target\":{\"@type\":\"EntryPoint\",\"urlTemplate\":\"https:\\\/\\\/energizer.com\\\/eu\\\/belgium_french\\\/?s={search_term_string}\"},\"query-input\":{\"@type\":\"PropertyValueSpecification\",\"valueRequired\":true,\"valueName\":\"search_term_string\"}}],\"inLanguage\":\"en-US\"},{\"@type\":\"Organization\",\"@id\":\"https:\\\/\\\/energizer.com\\\/eu\\\/belgium_french\\\/#organization\",\"name\":\"Energizer Belgium French\",\"url\":\"https:\\\/\\\/energizer.com\\\/eu\\\/belgium_french\\\/\",\"logo\":{\"@type\":\"ImageObject\",\"inLanguage\":\"en-US\",\"@id\":\"https:\\\/\\\/energizer.com\\\/eu\\\/belgium_french\\\/#\\\/schema\\\/logo\\\/image\\\/\",\"url\":\"https:\\\/\\\/energizer.com\\\/eu\\\/belgium_french\\\/wp-content\\\/uploads\\\/sites\\\/56\\\/2024\\\/04\\\/Energizer_brand.png\",\"contentUrl\":\"https:\\\/\\\/energizer.com\\\/eu\\\/belgium_french\\\/wp-content\\\/uploads\\\/sites\\\/56\\\/2024\\\/04\\\/Energizer_brand.png\",\"width\":267,\"height\":100,\"caption\":\"Energizer Belgium French\"},\"image\":{\"@id\":\"https:\\\/\\\/energizer.com\\\/eu\\\/belgium_french\\\/#\\\/schema\\\/logo\\\/image\\\/\"}}]}<\/script>\n<!-- \/ Yoast SEO plugin. -->","yoast_head_json":{"title":"Energizer LED Headlight - Belgium French","robots":{"index":"index","follow":"follow","max-snippet":"max-snippet:-1","max-image-preview":"max-image-preview:large","max-video-preview":"max-video-preview:-1"},"canonical":"https:\/\/energizer.com\/eu\/belgium_french\/product\/energizer-led-headlight\/","og_locale":"en_US","og_type":"article","og_title":"Energizer LED Headlight - Belgium French","og_description":"La lampe frontale \u00e0 LED ENERGIZER est une solution d'\u00e9clairage fiable qui combine la technologie LED d'aujourd'hui avec un design mains libres pour une excellente exp\u00e9rience utilisateur. En appuyant simplement sur un bouton, les utilisateurs peuvent activer la technologie LED qui fournit un excellent \u00e9quilibre de luminosit\u00e9 avec des heures et des heures d'autonomie. Dot\u00e9e d'une sangle r\u00e9glable et confortable, la lampe frontale \u00e0 LED ENERGIZER s'adapte \u00e0 une grande vari\u00e9t\u00e9 de besoins de l'utilisateur, qu'il s'agisse d'applications quotidiennes ou professionnelles.","og_url":"https:\/\/energizer.com\/eu\/belgium_french\/product\/energizer-led-headlight\/","og_site_name":"Belgium French","article_modified_time":"2024-08-23T08:57:09+00:00","twitter_card":"summary_large_image","schema":{"@context":"https:\/\/schema.org","@graph":[{"@type":"WebPage","@id":"https:\/\/energizer.com\/eu\/belgium_french\/product\/energizer-led-headlight\/","url":"https:\/\/energizer.com\/eu\/belgium_french\/product\/energizer-led-headlight\/","name":"Energizer LED Headlight - Belgium French","isPartOf":{"@id":"https:\/\/energizer.com\/eu\/belgium_french\/#website"},"datePublished":"2024-06-03T05:16:40+00:00","dateModified":"2024-08-23T08:57:09+00:00","breadcrumb":{"@id":"https:\/\/energizer.com\/eu\/belgium_french\/product\/energizer-led-headlight\/#breadcrumb"},"inLanguage":"en-US","potentialAction":[{"@type":"ReadAction","target":["https:\/\/energizer.com\/eu\/belgium_french\/product\/energizer-led-headlight\/"]}]},{"@type":"BreadcrumbList","@id":"https:\/\/energizer.com\/eu\/belgium_french\/product\/energizer-led-headlight\/#breadcrumb","itemListElement":[{"@type":"ListItem","position":1,"name":"Home","item":"https:\/\/energizer.com\/eu\/belgium_french\/"},{"@type":"ListItem","position":2,"name":"Energizer LED Headlight"}]},{"@type":"WebSite","@id":"https:\/\/energizer.com\/eu\/belgium_french\/#website","url":"https:\/\/energizer.com\/eu\/belgium_french\/","name":"Energizer Belgium French","description":"","publisher":{"@id":"https:\/\/energizer.com\/eu\/belgium_french\/#organization"},"potentialAction":[{"@type":"SearchAction","target":{"@type":"EntryPoint","urlTemplate":"https:\/\/energizer.com\/eu\/belgium_french\/?s={search_term_string}"},"query-input":{"@type":"PropertyValueSpecification","valueRequired":true,"valueName":"search_term_string"}}],"inLanguage":"en-US"},{"@type":"Organization","@id":"https:\/\/energizer.com\/eu\/belgium_french\/#organization","name":"Energizer Belgium French","url":"https:\/\/energizer.com\/eu\/belgium_french\/","logo":{"@type":"ImageObject","inLanguage":"en-US","@id":"https:\/\/energizer.com\/eu\/belgium_french\/#\/schema\/logo\/image\/","url":"https:\/\/energizer.com\/eu\/belgium_french\/wp-content\/uploads\/sites\/56\/2024\/04\/Energizer_brand.png","contentUrl":"https:\/\/energizer.com\/eu\/belgium_french\/wp-content\/uploads\/sites\/56\/2024\/04\/Energizer_brand.png","width":267,"height":100,"caption":"Energizer Belgium French"},"image":{"@id":"https:\/\/energizer.com\/eu\/belgium_french\/#\/schema\/logo\/image\/"}}]}},"_links":{"self":[{"href":"https:\/\/energizer.com\/eu\/belgium_french\/wp-json\/wp\/v2\/product\/7382","targetHints":{"allow":["GET"]}}],"collection":[{"href":"https:\/\/energizer.com\/eu\/belgium_french\/wp-json\/wp\/v2\/product"}],"about":[{"href":"https:\/\/energizer.com\/eu\/belgium_french\/wp-json\/wp\/v2\/types\/product"}],"replies":[{"embeddable":true,"href":"https:\/\/energizer.com\/eu\/belgium_french\/wp-json\/wp\/v2\/comments?post=7382"}],"version-history":[{"count":3,"href":"https:\/\/energizer.com\/eu\/belgium_french\/wp-json\/wp\/v2\/product\/7382\/revisions"}],"predecessor-version":[{"id":8248,"href":"https:\/\/energizer.com\/eu\/belgium_french\/wp-json\/wp\/v2\/product\/7382\/revisions\/8248"}],"wp:attachment":[{"href":"https:\/\/energizer.com\/eu\/belgium_french\/wp-json\/wp\/v2\/media?parent=7382"}],"wp:term":[{"taxonomy":"product_brand","embeddable":true,"href":"https:\/\/energizer.com\/eu\/belgium_french\/wp-json\/wp\/v2\/product_brand?post=7382"},{"taxonomy":"product_cat","embeddable":true,"href":"https:\/\/energizer.com\/eu\/belgium_french\/wp-json\/wp\/v2\/product_cat?post=7382"},{"taxonomy":"product_tag","embeddable":true,"href":"https:\/\/energizer.com\/eu\/belgium_french\/wp-json\/wp\/v2\/product_tag?post=7382"}],"curies":[{"name":"wp","href":"https:\/\/api.w.org\/{rel}","templated":true}]}}