{"id":7396,"date":"2024-06-03T05:16:41","date_gmt":"2024-06-03T05:16:41","guid":{"rendered":"https:\/\/23b13e8ab3.nxcli.io\/belgium-french\/?post_type=product&#038;p=7396"},"modified":"2024-08-23T13:54:17","modified_gmt":"2024-08-23T13:54:17","slug":"energizer-led-clip-light","status":"publish","type":"product","link":"https:\/\/energizer.com\/eu\/belgium_french\/product\/energizer-led-clip-light\/","title":{"rendered":"Energizer LED Clip Light"},"content":{"rendered":"<ul>\n<li>Lampe portative Energizer avec clip int\u00e9gr\u00e9 et piles au lithium CR2032 incluses<\/li>\n<li>Lumi\u00e8re puissante : Cette lampe LED offre une luminosit\u00e9 exceptionnelle et des performances \u00e9lev\u00e9es<\/li>\n<li>Lumi\u00e8re mains libres : Cette lampe compacte et facile \u00e0 utiliser vous couvre, que vous cherchiez de la lumi\u00e8re pour courir, faire de la randonn\u00e9e ou lire<\/li>\n<li>L\u00e9g\u00e8re : Le design compact de la lampe \u00e0 pince Energizer LED, avec son clip int\u00e9gr\u00e9, vous permet de l&#8217;emporter facilement avec vous<\/li>\n<li>Utilisation polyvalente : Parfaite pour \u00eatre accroch\u00e9e \u00e0 vos v\u00eatements, \u00e0 votre sac, \u00e0 votre sac \u00e0 dos ou \u00e0 toute autre surface<\/li>\n<li>Construction durable : Sa construction en plastique durable la prot\u00e8ge contre les dommages<\/li>\n<li>Vision nocturne : Choisissez le mode rouge pour la vision nocturne ou le mode clignotant rouge pour la visibilit\u00e9 en cas d&#8217;urgence<\/li>\n<\/ul>\n","protected":false},"excerpt":{"rendered":"<p>Illuminez votre environnement sans effort gr\u00e2ce \u00e0 cette lampe portable haute performance. La lampe \u00e0 pince LED Energizer offre une luminosit\u00e9 exceptionnelle pour diverses activit\u00e9s d&#8217;int\u00e9rieur et d&#8217;ext\u00e9rieur, ainsi qu&#8217;une grande maniabilit\u00e9 en cas d&#8217;urgence. Que vous couriez, lisiez ou travailliez sur un projet de bricolage, votre Energizer LED Clip Light est l\u00e0 pour vous aider \u00e0 trouver votre chemin. Cette lampe polyvalente et fiable est dot\u00e9e d&#8217;un clip int\u00e9gr\u00e9, ce qui vous permet d&#8217;avoir les mains libres et de profiter pleinement de chaque activit\u00e9. Vous pouvez facilement l&#8217;emporter partout avec vous, en l&#8217;attachant \u00e0 vos v\u00eatements, \u00e0 votre sac ou \u00e0 votre sac \u00e0 dos, ou en l&#8217;accrochant \u00e0 toutes sortes de surfaces, comme les pages de votre livre pour faciliter la lecture.<\/p>\n","protected":false},"featured_media":0,"comment_status":"open","ping_status":"closed","template":"","meta":{"_acf_changed":false},"product_brand":[],"product_cat":[43],"product_tag":[],"class_list":{"0":"post-7396","1":"product","2":"type-product","3":"status-publish","5":"product_cat-hands-free","6":"pa_uses-everyday","8":"first","9":"instock","10":"shipping-taxable","11":"product-type-simple"},"acf":[],"yoast_head":"<!-- This site is optimized with the Yoast SEO plugin v27.4 - https:\/\/yoast.com\/product\/yoast-seo-wordpress\/ -->\n<title>Energizer LED Clip Light - Belgium French<\/title>\n<meta name=\"robots\" content=\"index, follow, max-snippet:-1, max-image-preview:large, max-video-preview:-1\" \/>\n<link rel=\"canonical\" href=\"https:\/\/energizer.com\/eu\/belgium_french\/product\/energizer-led-clip-light\/\" \/>\n<meta property=\"og:locale\" content=\"en_US\" \/>\n<meta property=\"og:type\" content=\"article\" \/>\n<meta property=\"og:title\" content=\"Energizer LED Clip Light - Belgium French\" \/>\n<meta property=\"og:description\" content=\"Illuminez votre environnement sans effort gr\u00e2ce \u00e0 cette lampe portable haute performance. La lampe \u00e0 pince LED Energizer offre une luminosit\u00e9 exceptionnelle pour diverses activit\u00e9s d&#039;int\u00e9rieur et d&#039;ext\u00e9rieur, ainsi qu&#039;une grande maniabilit\u00e9 en cas d&#039;urgence. Que vous couriez, lisiez ou travailliez sur un projet de bricolage, votre Energizer LED Clip Light est l\u00e0 pour vous aider \u00e0 trouver votre chemin. Cette lampe polyvalente et fiable est dot\u00e9e d&#039;un clip int\u00e9gr\u00e9, ce qui vous permet d&#039;avoir les mains libres et de profiter pleinement de chaque activit\u00e9. Vous pouvez facilement l&#039;emporter partout avec vous, en l&#039;attachant \u00e0 vos v\u00eatements, \u00e0 votre sac ou \u00e0 votre sac \u00e0 dos, ou en l&#039;accrochant \u00e0 toutes sortes de surfaces, comme les pages de votre livre pour faciliter la lecture.\" \/>\n<meta property=\"og:url\" content=\"https:\/\/energizer.com\/eu\/belgium_french\/product\/energizer-led-clip-light\/\" \/>\n<meta property=\"og:site_name\" content=\"Belgium French\" \/>\n<meta property=\"article:modified_time\" content=\"2024-08-23T13:54:17+00:00\" \/>\n<meta name=\"twitter:card\" content=\"summary_large_image\" \/>\n<script type=\"application\/ld+json\" class=\"yoast-schema-graph\">{\"@context\":\"https:\\\/\\\/schema.org\",\"@graph\":[{\"@type\":\"WebPage\",\"@id\":\"https:\\\/\\\/energizer.com\\\/eu\\\/belgium_french\\\/product\\\/energizer-led-clip-light\\\/\",\"url\":\"https:\\\/\\\/energizer.com\\\/eu\\\/belgium_french\\\/product\\\/energizer-led-clip-light\\\/\",\"name\":\"Energizer LED Clip Light - Belgium French\",\"isPartOf\":{\"@id\":\"https:\\\/\\\/energizer.com\\\/eu\\\/belgium_french\\\/#website\"},\"datePublished\":\"2024-06-03T05:16:41+00:00\",\"dateModified\":\"2024-08-23T13:54:17+00:00\",\"breadcrumb\":{\"@id\":\"https:\\\/\\\/energizer.com\\\/eu\\\/belgium_french\\\/product\\\/energizer-led-clip-light\\\/#breadcrumb\"},\"inLanguage\":\"en-US\",\"potentialAction\":[{\"@type\":\"ReadAction\",\"target\":[\"https:\\\/\\\/energizer.com\\\/eu\\\/belgium_french\\\/product\\\/energizer-led-clip-light\\\/\"]}]},{\"@type\":\"BreadcrumbList\",\"@id\":\"https:\\\/\\\/energizer.com\\\/eu\\\/belgium_french\\\/product\\\/energizer-led-clip-light\\\/#breadcrumb\",\"itemListElement\":[{\"@type\":\"ListItem\",\"position\":1,\"name\":\"Home\",\"item\":\"https:\\\/\\\/energizer.com\\\/eu\\\/belgium_french\\\/\"},{\"@type\":\"ListItem\",\"position\":2,\"name\":\"Energizer LED Clip Light\"}]},{\"@type\":\"WebSite\",\"@id\":\"https:\\\/\\\/energizer.com\\\/eu\\\/belgium_french\\\/#website\",\"url\":\"https:\\\/\\\/energizer.com\\\/eu\\\/belgium_french\\\/\",\"name\":\"Energizer Belgium French\",\"description\":\"\",\"publisher\":{\"@id\":\"https:\\\/\\\/energizer.com\\\/eu\\\/belgium_french\\\/#organization\"},\"potentialAction\":[{\"@type\":\"SearchAction\",\"target\":{\"@type\":\"EntryPoint\",\"urlTemplate\":\"https:\\\/\\\/energizer.com\\\/eu\\\/belgium_french\\\/?s={search_term_string}\"},\"query-input\":{\"@type\":\"PropertyValueSpecification\",\"valueRequired\":true,\"valueName\":\"search_term_string\"}}],\"inLanguage\":\"en-US\"},{\"@type\":\"Organization\",\"@id\":\"https:\\\/\\\/energizer.com\\\/eu\\\/belgium_french\\\/#organization\",\"name\":\"Energizer Belgium French\",\"url\":\"https:\\\/\\\/energizer.com\\\/eu\\\/belgium_french\\\/\",\"logo\":{\"@type\":\"ImageObject\",\"inLanguage\":\"en-US\",\"@id\":\"https:\\\/\\\/energizer.com\\\/eu\\\/belgium_french\\\/#\\\/schema\\\/logo\\\/image\\\/\",\"url\":\"https:\\\/\\\/energizer.com\\\/eu\\\/belgium_french\\\/wp-content\\\/uploads\\\/sites\\\/56\\\/2024\\\/04\\\/Energizer_brand.png\",\"contentUrl\":\"https:\\\/\\\/energizer.com\\\/eu\\\/belgium_french\\\/wp-content\\\/uploads\\\/sites\\\/56\\\/2024\\\/04\\\/Energizer_brand.png\",\"width\":267,\"height\":100,\"caption\":\"Energizer Belgium French\"},\"image\":{\"@id\":\"https:\\\/\\\/energizer.com\\\/eu\\\/belgium_french\\\/#\\\/schema\\\/logo\\\/image\\\/\"}}]}<\/script>\n<!-- \/ Yoast SEO plugin. -->","yoast_head_json":{"title":"Energizer LED Clip Light - Belgium French","robots":{"index":"index","follow":"follow","max-snippet":"max-snippet:-1","max-image-preview":"max-image-preview:large","max-video-preview":"max-video-preview:-1"},"canonical":"https:\/\/energizer.com\/eu\/belgium_french\/product\/energizer-led-clip-light\/","og_locale":"en_US","og_type":"article","og_title":"Energizer LED Clip Light - Belgium French","og_description":"Illuminez votre environnement sans effort gr\u00e2ce \u00e0 cette lampe portable haute performance. La lampe \u00e0 pince LED Energizer offre une luminosit\u00e9 exceptionnelle pour diverses activit\u00e9s d'int\u00e9rieur et d'ext\u00e9rieur, ainsi qu'une grande maniabilit\u00e9 en cas d'urgence. Que vous couriez, lisiez ou travailliez sur un projet de bricolage, votre Energizer LED Clip Light est l\u00e0 pour vous aider \u00e0 trouver votre chemin. Cette lampe polyvalente et fiable est dot\u00e9e d'un clip int\u00e9gr\u00e9, ce qui vous permet d'avoir les mains libres et de profiter pleinement de chaque activit\u00e9. Vous pouvez facilement l'emporter partout avec vous, en l'attachant \u00e0 vos v\u00eatements, \u00e0 votre sac ou \u00e0 votre sac \u00e0 dos, ou en l'accrochant \u00e0 toutes sortes de surfaces, comme les pages de votre livre pour faciliter la lecture.","og_url":"https:\/\/energizer.com\/eu\/belgium_french\/product\/energizer-led-clip-light\/","og_site_name":"Belgium French","article_modified_time":"2024-08-23T13:54:17+00:00","twitter_card":"summary_large_image","schema":{"@context":"https:\/\/schema.org","@graph":[{"@type":"WebPage","@id":"https:\/\/energizer.com\/eu\/belgium_french\/product\/energizer-led-clip-light\/","url":"https:\/\/energizer.com\/eu\/belgium_french\/product\/energizer-led-clip-light\/","name":"Energizer LED Clip Light - Belgium French","isPartOf":{"@id":"https:\/\/energizer.com\/eu\/belgium_french\/#website"},"datePublished":"2024-06-03T05:16:41+00:00","dateModified":"2024-08-23T13:54:17+00:00","breadcrumb":{"@id":"https:\/\/energizer.com\/eu\/belgium_french\/product\/energizer-led-clip-light\/#breadcrumb"},"inLanguage":"en-US","potentialAction":[{"@type":"ReadAction","target":["https:\/\/energizer.com\/eu\/belgium_french\/product\/energizer-led-clip-light\/"]}]},{"@type":"BreadcrumbList","@id":"https:\/\/energizer.com\/eu\/belgium_french\/product\/energizer-led-clip-light\/#breadcrumb","itemListElement":[{"@type":"ListItem","position":1,"name":"Home","item":"https:\/\/energizer.com\/eu\/belgium_french\/"},{"@type":"ListItem","position":2,"name":"Energizer LED Clip Light"}]},{"@type":"WebSite","@id":"https:\/\/energizer.com\/eu\/belgium_french\/#website","url":"https:\/\/energizer.com\/eu\/belgium_french\/","name":"Energizer Belgium French","description":"","publisher":{"@id":"https:\/\/energizer.com\/eu\/belgium_french\/#organization"},"potentialAction":[{"@type":"SearchAction","target":{"@type":"EntryPoint","urlTemplate":"https:\/\/energizer.com\/eu\/belgium_french\/?s={search_term_string}"},"query-input":{"@type":"PropertyValueSpecification","valueRequired":true,"valueName":"search_term_string"}}],"inLanguage":"en-US"},{"@type":"Organization","@id":"https:\/\/energizer.com\/eu\/belgium_french\/#organization","name":"Energizer Belgium French","url":"https:\/\/energizer.com\/eu\/belgium_french\/","logo":{"@type":"ImageObject","inLanguage":"en-US","@id":"https:\/\/energizer.com\/eu\/belgium_french\/#\/schema\/logo\/image\/","url":"https:\/\/energizer.com\/eu\/belgium_french\/wp-content\/uploads\/sites\/56\/2024\/04\/Energizer_brand.png","contentUrl":"https:\/\/energizer.com\/eu\/belgium_french\/wp-content\/uploads\/sites\/56\/2024\/04\/Energizer_brand.png","width":267,"height":100,"caption":"Energizer Belgium French"},"image":{"@id":"https:\/\/energizer.com\/eu\/belgium_french\/#\/schema\/logo\/image\/"}}]}},"_links":{"self":[{"href":"https:\/\/energizer.com\/eu\/belgium_french\/wp-json\/wp\/v2\/product\/7396","targetHints":{"allow":["GET"]}}],"collection":[{"href":"https:\/\/energizer.com\/eu\/belgium_french\/wp-json\/wp\/v2\/product"}],"about":[{"href":"https:\/\/energizer.com\/eu\/belgium_french\/wp-json\/wp\/v2\/types\/product"}],"replies":[{"embeddable":true,"href":"https:\/\/energizer.com\/eu\/belgium_french\/wp-json\/wp\/v2\/comments?post=7396"}],"version-history":[{"count":3,"href":"https:\/\/energizer.com\/eu\/belgium_french\/wp-json\/wp\/v2\/product\/7396\/revisions"}],"predecessor-version":[{"id":9578,"href":"https:\/\/energizer.com\/eu\/belgium_french\/wp-json\/wp\/v2\/product\/7396\/revisions\/9578"}],"wp:attachment":[{"href":"https:\/\/energizer.com\/eu\/belgium_french\/wp-json\/wp\/v2\/media?parent=7396"}],"wp:term":[{"taxonomy":"product_brand","embeddable":true,"href":"https:\/\/energizer.com\/eu\/belgium_french\/wp-json\/wp\/v2\/product_brand?post=7396"},{"taxonomy":"product_cat","embeddable":true,"href":"https:\/\/energizer.com\/eu\/belgium_french\/wp-json\/wp\/v2\/product_cat?post=7396"},{"taxonomy":"product_tag","embeddable":true,"href":"https:\/\/energizer.com\/eu\/belgium_french\/wp-json\/wp\/v2\/product_tag?post=7396"}],"curies":[{"name":"wp","href":"https:\/\/api.w.org\/{rel}","templated":true}]}}