{"id":7501,"date":"2024-06-03T05:16:49","date_gmt":"2024-06-03T05:16:49","guid":{"rendered":"https:\/\/23b13e8ab3.nxcli.io\/belgium-french\/?post_type=product&#038;p=7501"},"modified":"2024-08-23T08:47:31","modified_gmt":"2024-08-23T08:47:31","slug":"energizer-2-in-1-lantern-handheld","status":"publish","type":"product","link":"https:\/\/energizer.com\/eu\/belgium_french\/product\/energizer-2-in-1-lantern-handheld\/","title":{"rendered":"Energizer 2-in-1 Lantern handheld"},"content":{"rendered":"<ul>\n<li>Nouveau design comprenant des panneaux r\u00e9fl\u00e9chissants pour une meilleure visibilit\u00e9 de nuit<\/li>\n<li>Combine l&#8217;\u00e9clairage ponctuel et l&#8217;\u00e9clairage de surface dans un format compact pour une plus grande polyvalence<\/li>\n<li>Source de lumi\u00e8re puissante qui dure des heuresModes d&#8217;\u00e9clairage \u00e9lev\u00e9 et d&#8217;\u00e9conomie d&#8217;\u00e9nergie pour r\u00e9pondre \u00e0 tous vos besoins<\/li>\n<li>Con\u00e7ue et fabriqu\u00e9e pour les conditions ext\u00e9rieures difficiles : R\u00e9sistant aux chutes de 1 m\u00e8tre et aux intemp\u00e9ries<\/li>\n<li>Boucle pratique pour la suspendre<\/li>\n<li>2 piles alcalines AA incluses<\/li>\n<\/ul>\n","protected":false},"excerpt":{"rendered":"<p>La lanterne d&#8217;urgence Energizer 2-en-1 est une lampe polyvalente et un projecteur en un seul produit compact et tr\u00e8s fiable. Con\u00e7ue pour \u00eatre utilis\u00e9e \u00e0 l&#8217;int\u00e9rieur comme \u00e0 l&#8217;ext\u00e9rieur, sa finition de couleur vive et ses panneaux r\u00e9fl\u00e9chissants permettent de la trouver facilement dans les situations d&#8217;urgence. Le mode \u00e9clairage de zone fournit une lumi\u00e8re large et diffuse pour \u00e9clairer de grands espaces tout en conservant une tr\u00e8s longue dur\u00e9e de fonctionnement. Le mode projecteur fournit une lumi\u00e8re concentr\u00e9e et directe avec une longue dur\u00e9e d&#8217;utilisation et une excellente port\u00e9e du faisceau. Solide de par sa conception, la lampe Energizer 2-en-1 r\u00e9siste \u00e0 toutes les chutes et est r\u00e9sistante \u00e0 l&#8217;eau pour une utilisation dans les conditions m\u00e9t\u00e9orologiques les plus difficiles.<\/p>\n","protected":false},"featured_media":0,"comment_status":"open","ping_status":"closed","template":"","meta":{"_acf_changed":false},"product_brand":[],"product_cat":[97],"product_tag":[],"class_list":{"0":"post-7501","1":"product","2":"type-product","3":"status-publish","5":"product_cat-handheld","6":"pa_uses-preparedness","8":"first","9":"instock","10":"shipping-taxable","11":"product-type-simple"},"acf":[],"yoast_head":"<!-- This site is optimized with the Yoast SEO plugin v27.2 - https:\/\/yoast.com\/product\/yoast-seo-wordpress\/ -->\n<title>Energizer 2-in-1 Lantern handheld - Belgium French<\/title>\n<meta name=\"robots\" content=\"index, follow, max-snippet:-1, max-image-preview:large, max-video-preview:-1\" \/>\n<link rel=\"canonical\" href=\"https:\/\/energizer.com\/eu\/belgium_french\/product\/energizer-2-in-1-lantern-handheld\/\" \/>\n<meta property=\"og:locale\" content=\"en_US\" \/>\n<meta property=\"og:type\" content=\"article\" \/>\n<meta property=\"og:title\" content=\"Energizer 2-in-1 Lantern handheld - Belgium French\" \/>\n<meta property=\"og:description\" content=\"La lanterne d&#039;urgence Energizer 2-en-1 est une lampe polyvalente et un projecteur en un seul produit compact et tr\u00e8s fiable. Con\u00e7ue pour \u00eatre utilis\u00e9e \u00e0 l&#039;int\u00e9rieur comme \u00e0 l&#039;ext\u00e9rieur, sa finition de couleur vive et ses panneaux r\u00e9fl\u00e9chissants permettent de la trouver facilement dans les situations d&#039;urgence. Le mode \u00e9clairage de zone fournit une lumi\u00e8re large et diffuse pour \u00e9clairer de grands espaces tout en conservant une tr\u00e8s longue dur\u00e9e de fonctionnement. Le mode projecteur fournit une lumi\u00e8re concentr\u00e9e et directe avec une longue dur\u00e9e d&#039;utilisation et une excellente port\u00e9e du faisceau. Solide de par sa conception, la lampe Energizer 2-en-1 r\u00e9siste \u00e0 toutes les chutes et est r\u00e9sistante \u00e0 l&#039;eau pour une utilisation dans les conditions m\u00e9t\u00e9orologiques les plus difficiles.\" \/>\n<meta property=\"og:url\" content=\"https:\/\/energizer.com\/eu\/belgium_french\/product\/energizer-2-in-1-lantern-handheld\/\" \/>\n<meta property=\"og:site_name\" content=\"Belgium French\" \/>\n<meta property=\"article:modified_time\" content=\"2024-08-23T08:47:31+00:00\" \/>\n<meta name=\"twitter:card\" content=\"summary_large_image\" \/>\n<script type=\"application\/ld+json\" class=\"yoast-schema-graph\">{\"@context\":\"https:\/\/schema.org\",\"@graph\":[{\"@type\":\"WebPage\",\"@id\":\"https:\/\/energizer.com\/eu\/belgium_french\/product\/energizer-2-in-1-lantern-handheld\/\",\"url\":\"https:\/\/energizer.com\/eu\/belgium_french\/product\/energizer-2-in-1-lantern-handheld\/\",\"name\":\"Energizer 2-in-1 Lantern handheld - Belgium French\",\"isPartOf\":{\"@id\":\"https:\/\/energizer.com\/eu\/belgium_french\/#website\"},\"datePublished\":\"2024-06-03T05:16:49+00:00\",\"dateModified\":\"2024-08-23T08:47:31+00:00\",\"breadcrumb\":{\"@id\":\"https:\/\/energizer.com\/eu\/belgium_french\/product\/energizer-2-in-1-lantern-handheld\/#breadcrumb\"},\"inLanguage\":\"en-US\",\"potentialAction\":[{\"@type\":\"ReadAction\",\"target\":[\"https:\/\/energizer.com\/eu\/belgium_french\/product\/energizer-2-in-1-lantern-handheld\/\"]}]},{\"@type\":\"BreadcrumbList\",\"@id\":\"https:\/\/energizer.com\/eu\/belgium_french\/product\/energizer-2-in-1-lantern-handheld\/#breadcrumb\",\"itemListElement\":[{\"@type\":\"ListItem\",\"position\":1,\"name\":\"Home\",\"item\":\"https:\/\/energizer.com\/eu\/belgium_french\/\"},{\"@type\":\"ListItem\",\"position\":2,\"name\":\"Energizer 2-in-1 Lantern handheld\"}]},{\"@type\":\"WebSite\",\"@id\":\"https:\/\/energizer.com\/eu\/belgium_french\/#website\",\"url\":\"https:\/\/energizer.com\/eu\/belgium_french\/\",\"name\":\"Energizer Belgium French\",\"description\":\"\",\"publisher\":{\"@id\":\"https:\/\/energizer.com\/eu\/belgium_french\/#organization\"},\"potentialAction\":[{\"@type\":\"SearchAction\",\"target\":{\"@type\":\"EntryPoint\",\"urlTemplate\":\"https:\/\/energizer.com\/eu\/belgium_french\/?s={search_term_string}\"},\"query-input\":{\"@type\":\"PropertyValueSpecification\",\"valueRequired\":true,\"valueName\":\"search_term_string\"}}],\"inLanguage\":\"en-US\"},{\"@type\":\"Organization\",\"@id\":\"https:\/\/energizer.com\/eu\/belgium_french\/#organization\",\"name\":\"Energizer Belgium French\",\"url\":\"https:\/\/energizer.com\/eu\/belgium_french\/\",\"logo\":{\"@type\":\"ImageObject\",\"inLanguage\":\"en-US\",\"@id\":\"https:\/\/energizer.com\/eu\/belgium_french\/#\/schema\/logo\/image\/\",\"url\":\"https:\/\/energizer.com\/eu\/belgium_french\/wp-content\/uploads\/sites\/56\/2024\/04\/Energizer_brand.png\",\"contentUrl\":\"https:\/\/energizer.com\/eu\/belgium_french\/wp-content\/uploads\/sites\/56\/2024\/04\/Energizer_brand.png\",\"width\":267,\"height\":100,\"caption\":\"Energizer Belgium French\"},\"image\":{\"@id\":\"https:\/\/energizer.com\/eu\/belgium_french\/#\/schema\/logo\/image\/\"}}]}<\/script>\n<!-- \/ Yoast SEO plugin. -->","yoast_head_json":{"title":"Energizer 2-in-1 Lantern handheld - Belgium French","robots":{"index":"index","follow":"follow","max-snippet":"max-snippet:-1","max-image-preview":"max-image-preview:large","max-video-preview":"max-video-preview:-1"},"canonical":"https:\/\/energizer.com\/eu\/belgium_french\/product\/energizer-2-in-1-lantern-handheld\/","og_locale":"en_US","og_type":"article","og_title":"Energizer 2-in-1 Lantern handheld - Belgium French","og_description":"La lanterne d'urgence Energizer 2-en-1 est une lampe polyvalente et un projecteur en un seul produit compact et tr\u00e8s fiable. Con\u00e7ue pour \u00eatre utilis\u00e9e \u00e0 l'int\u00e9rieur comme \u00e0 l'ext\u00e9rieur, sa finition de couleur vive et ses panneaux r\u00e9fl\u00e9chissants permettent de la trouver facilement dans les situations d'urgence. Le mode \u00e9clairage de zone fournit une lumi\u00e8re large et diffuse pour \u00e9clairer de grands espaces tout en conservant une tr\u00e8s longue dur\u00e9e de fonctionnement. Le mode projecteur fournit une lumi\u00e8re concentr\u00e9e et directe avec une longue dur\u00e9e d'utilisation et une excellente port\u00e9e du faisceau. Solide de par sa conception, la lampe Energizer 2-en-1 r\u00e9siste \u00e0 toutes les chutes et est r\u00e9sistante \u00e0 l'eau pour une utilisation dans les conditions m\u00e9t\u00e9orologiques les plus difficiles.","og_url":"https:\/\/energizer.com\/eu\/belgium_french\/product\/energizer-2-in-1-lantern-handheld\/","og_site_name":"Belgium French","article_modified_time":"2024-08-23T08:47:31+00:00","twitter_card":"summary_large_image","schema":{"@context":"https:\/\/schema.org","@graph":[{"@type":"WebPage","@id":"https:\/\/energizer.com\/eu\/belgium_french\/product\/energizer-2-in-1-lantern-handheld\/","url":"https:\/\/energizer.com\/eu\/belgium_french\/product\/energizer-2-in-1-lantern-handheld\/","name":"Energizer 2-in-1 Lantern handheld - Belgium French","isPartOf":{"@id":"https:\/\/energizer.com\/eu\/belgium_french\/#website"},"datePublished":"2024-06-03T05:16:49+00:00","dateModified":"2024-08-23T08:47:31+00:00","breadcrumb":{"@id":"https:\/\/energizer.com\/eu\/belgium_french\/product\/energizer-2-in-1-lantern-handheld\/#breadcrumb"},"inLanguage":"en-US","potentialAction":[{"@type":"ReadAction","target":["https:\/\/energizer.com\/eu\/belgium_french\/product\/energizer-2-in-1-lantern-handheld\/"]}]},{"@type":"BreadcrumbList","@id":"https:\/\/energizer.com\/eu\/belgium_french\/product\/energizer-2-in-1-lantern-handheld\/#breadcrumb","itemListElement":[{"@type":"ListItem","position":1,"name":"Home","item":"https:\/\/energizer.com\/eu\/belgium_french\/"},{"@type":"ListItem","position":2,"name":"Energizer 2-in-1 Lantern handheld"}]},{"@type":"WebSite","@id":"https:\/\/energizer.com\/eu\/belgium_french\/#website","url":"https:\/\/energizer.com\/eu\/belgium_french\/","name":"Energizer Belgium French","description":"","publisher":{"@id":"https:\/\/energizer.com\/eu\/belgium_french\/#organization"},"potentialAction":[{"@type":"SearchAction","target":{"@type":"EntryPoint","urlTemplate":"https:\/\/energizer.com\/eu\/belgium_french\/?s={search_term_string}"},"query-input":{"@type":"PropertyValueSpecification","valueRequired":true,"valueName":"search_term_string"}}],"inLanguage":"en-US"},{"@type":"Organization","@id":"https:\/\/energizer.com\/eu\/belgium_french\/#organization","name":"Energizer Belgium French","url":"https:\/\/energizer.com\/eu\/belgium_french\/","logo":{"@type":"ImageObject","inLanguage":"en-US","@id":"https:\/\/energizer.com\/eu\/belgium_french\/#\/schema\/logo\/image\/","url":"https:\/\/energizer.com\/eu\/belgium_french\/wp-content\/uploads\/sites\/56\/2024\/04\/Energizer_brand.png","contentUrl":"https:\/\/energizer.com\/eu\/belgium_french\/wp-content\/uploads\/sites\/56\/2024\/04\/Energizer_brand.png","width":267,"height":100,"caption":"Energizer Belgium French"},"image":{"@id":"https:\/\/energizer.com\/eu\/belgium_french\/#\/schema\/logo\/image\/"}}]}},"_links":{"self":[{"href":"https:\/\/energizer.com\/eu\/belgium_french\/wp-json\/wp\/v2\/product\/7501","targetHints":{"allow":["GET"]}}],"collection":[{"href":"https:\/\/energizer.com\/eu\/belgium_french\/wp-json\/wp\/v2\/product"}],"about":[{"href":"https:\/\/energizer.com\/eu\/belgium_french\/wp-json\/wp\/v2\/types\/product"}],"replies":[{"embeddable":true,"href":"https:\/\/energizer.com\/eu\/belgium_french\/wp-json\/wp\/v2\/comments?post=7501"}],"version-history":[{"count":2,"href":"https:\/\/energizer.com\/eu\/belgium_french\/wp-json\/wp\/v2\/product\/7501\/revisions"}],"predecessor-version":[{"id":8149,"href":"https:\/\/energizer.com\/eu\/belgium_french\/wp-json\/wp\/v2\/product\/7501\/revisions\/8149"}],"wp:attachment":[{"href":"https:\/\/energizer.com\/eu\/belgium_french\/wp-json\/wp\/v2\/media?parent=7501"}],"wp:term":[{"taxonomy":"product_brand","embeddable":true,"href":"https:\/\/energizer.com\/eu\/belgium_french\/wp-json\/wp\/v2\/product_brand?post=7501"},{"taxonomy":"product_cat","embeddable":true,"href":"https:\/\/energizer.com\/eu\/belgium_french\/wp-json\/wp\/v2\/product_cat?post=7501"},{"taxonomy":"product_tag","embeddable":true,"href":"https:\/\/energizer.com\/eu\/belgium_french\/wp-json\/wp\/v2\/product_tag?post=7501"}],"curies":[{"name":"wp","href":"https:\/\/api.w.org\/{rel}","templated":true}]}}