{"id":7328,"date":"2024-06-03T05:16:36","date_gmt":"2024-06-03T05:16:36","guid":{"rendered":"https:\/\/23b13e8ab3.nxcli.io\/france\/?post_type=product&#038;p=7328"},"modified":"2024-10-30T05:58:55","modified_gmt":"2024-10-30T05:58:55","slug":"energizer-universal-charger","status":"publish","type":"product","link":"https:\/\/energizer.com\/eu\/france\/product\/energizer-universal-charger\/","title":{"rendered":"ENERGIZER\u00ae UNIVERSAL Chargeur"},"content":{"rendered":"<ul>\n<li>Chargeur universel pour toutes les piles rechargeables de taille standard (AA, AAA, C, D et 9V)<\/li>\n<li>Recharge compl\u00e8tement 4 piles AA en 5 heures *<\/li>\n<li>La barre d&#8217;affichage LED vous informe de l&#8217;\u00e9tat de charge de vos piles<\/li>\n<li>Charge 2 ou 4 piles rechargeables AA, AAA, C ou D ou 1 ou 2 piles 9V en m\u00eame temps<\/li>\n<li>Adaptateur int\u00e9gr\u00e9 et c\u00e2ble d\u00e9tachable pour un rangement facile lorsqu&#8217;il n&#8217;est pas utilis\u00e9. S&#8217;\u00e9teint automatiquement lorsque les piles sont charg\u00e9es afin de les prot\u00e9ger contre la surcharge et d&#8217;optimiser leurs performances<\/li>\n<li>Compatible avec les piles AAA, AA, C, D et 9V NiMH (piles Energizer Recharge recommand\u00e9es)<\/li>\n<\/ul>\n","protected":false},"excerpt":{"rendered":"<p>Vous cherchez un moyen facile de recharger TOUTES vos piles ? Avec le chargeur universel Energizer, vous pouvez charger des piles rechargeables standard de toutes tailles &#8211; de AAA \u00e0 9V NiMH &#8211; avec un seul appareil. La barre d&#8217;affichage LED indique la fin du processus de charge en temps r\u00e9el. Ce chargeur s&#8217;arr\u00eate automatiquement d\u00e8s que les piles sont compl\u00e8tement charg\u00e9es. Gr\u00e2ce \u00e0 de nombreuses fonctions de s\u00e9curit\u00e9, telles que la d\u00e9tection des piles d\u00e9fectueuses et primaires, la protection contre l&#8217;inversion de polarit\u00e9 et une minuterie de protection contre la surcharge, vos piles sont charg\u00e9es de mani\u00e8re fiable et sans probl\u00e8me, \u00e0 chaque fois.<\/p>\n","protected":false},"featured_media":0,"comment_status":"open","ping_status":"closed","template":"","meta":{"_acf_changed":false},"product_brand":[],"product_cat":[82],"product_tag":[],"class_list":{"0":"post-7328","1":"product","2":"type-product","3":"status-publish","5":"product_cat-recharge-battery-chargers","7":"first","8":"instock","9":"shipping-taxable","10":"product-type-simple"},"acf":[],"yoast_head":"<!-- This site is optimized with the Yoast SEO plugin v27.2 - https:\/\/yoast.com\/product\/yoast-seo-wordpress\/ -->\n<title>ENERGIZER\u00ae UNIVERSAL Chargeur - France<\/title>\n<meta name=\"robots\" content=\"index, follow, max-snippet:-1, max-image-preview:large, max-video-preview:-1\" \/>\n<link rel=\"canonical\" href=\"https:\/\/energizer.com\/eu\/france\/product\/energizer-universal-charger\/\" \/>\n<meta property=\"og:locale\" content=\"en_US\" \/>\n<meta property=\"og:type\" content=\"article\" \/>\n<meta property=\"og:title\" content=\"ENERGIZER\u00ae UNIVERSAL Chargeur - France\" \/>\n<meta property=\"og:description\" content=\"Vous cherchez un moyen facile de recharger TOUTES vos piles ? Avec le chargeur universel Energizer, vous pouvez charger des piles rechargeables standard de toutes tailles - de AAA \u00e0 9V NiMH - avec un seul appareil. La barre d&#039;affichage LED indique la fin du processus de charge en temps r\u00e9el. Ce chargeur s&#039;arr\u00eate automatiquement d\u00e8s que les piles sont compl\u00e8tement charg\u00e9es. Gr\u00e2ce \u00e0 de nombreuses fonctions de s\u00e9curit\u00e9, telles que la d\u00e9tection des piles d\u00e9fectueuses et primaires, la protection contre l&#039;inversion de polarit\u00e9 et une minuterie de protection contre la surcharge, vos piles sont charg\u00e9es de mani\u00e8re fiable et sans probl\u00e8me, \u00e0 chaque fois.\" \/>\n<meta property=\"og:url\" content=\"https:\/\/energizer.com\/eu\/france\/product\/energizer-universal-charger\/\" \/>\n<meta property=\"og:site_name\" content=\"France\" \/>\n<meta property=\"article:modified_time\" content=\"2024-10-30T05:58:55+00:00\" \/>\n<meta name=\"twitter:card\" content=\"summary_large_image\" \/>\n<script type=\"application\/ld+json\" class=\"yoast-schema-graph\">{\"@context\":\"https:\/\/schema.org\",\"@graph\":[{\"@type\":\"WebPage\",\"@id\":\"https:\/\/energizer.com\/eu\/france\/product\/energizer-universal-charger\/\",\"url\":\"https:\/\/energizer.com\/eu\/france\/product\/energizer-universal-charger\/\",\"name\":\"ENERGIZER\u00ae UNIVERSAL Chargeur - France\",\"isPartOf\":{\"@id\":\"https:\/\/energizer.com\/eu\/france\/#website\"},\"datePublished\":\"2024-06-03T05:16:36+00:00\",\"dateModified\":\"2024-10-30T05:58:55+00:00\",\"breadcrumb\":{\"@id\":\"https:\/\/energizer.com\/eu\/france\/product\/energizer-universal-charger\/#breadcrumb\"},\"inLanguage\":\"en-US\",\"potentialAction\":[{\"@type\":\"ReadAction\",\"target\":[\"https:\/\/energizer.com\/eu\/france\/product\/energizer-universal-charger\/\"]}]},{\"@type\":\"BreadcrumbList\",\"@id\":\"https:\/\/energizer.com\/eu\/france\/product\/energizer-universal-charger\/#breadcrumb\",\"itemListElement\":[{\"@type\":\"ListItem\",\"position\":1,\"name\":\"Home\",\"item\":\"https:\/\/energizer.com\/eu\/france\/\"},{\"@type\":\"ListItem\",\"position\":2,\"name\":\"ENERGIZER\u00ae UNIVERSAL CHARGER\"}]},{\"@type\":\"WebSite\",\"@id\":\"https:\/\/energizer.com\/eu\/france\/#website\",\"url\":\"https:\/\/energizer.com\/eu\/france\/\",\"name\":\"Energizer France\",\"description\":\"\",\"publisher\":{\"@id\":\"https:\/\/energizer.com\/eu\/france\/#organization\"},\"potentialAction\":[{\"@type\":\"SearchAction\",\"target\":{\"@type\":\"EntryPoint\",\"urlTemplate\":\"https:\/\/energizer.com\/eu\/france\/?s={search_term_string}\"},\"query-input\":{\"@type\":\"PropertyValueSpecification\",\"valueRequired\":true,\"valueName\":\"search_term_string\"}}],\"inLanguage\":\"en-US\"},{\"@type\":\"Organization\",\"@id\":\"https:\/\/energizer.com\/eu\/france\/#organization\",\"name\":\"Energizer France\",\"url\":\"https:\/\/energizer.com\/eu\/france\/\",\"logo\":{\"@type\":\"ImageObject\",\"inLanguage\":\"en-US\",\"@id\":\"https:\/\/energizer.com\/eu\/france\/#\/schema\/logo\/image\/\",\"url\":\"https:\/\/energizer.com\/eu\/france\/wp-content\/uploads\/sites\/8\/2024\/04\/Energizer_brand.png\",\"contentUrl\":\"https:\/\/energizer.com\/eu\/france\/wp-content\/uploads\/sites\/8\/2024\/04\/Energizer_brand.png\",\"width\":267,\"height\":100,\"caption\":\"Energizer France\"},\"image\":{\"@id\":\"https:\/\/energizer.com\/eu\/france\/#\/schema\/logo\/image\/\"}}]}<\/script>\n<!-- \/ Yoast SEO plugin. -->","yoast_head_json":{"title":"ENERGIZER\u00ae UNIVERSAL Chargeur - France","robots":{"index":"index","follow":"follow","max-snippet":"max-snippet:-1","max-image-preview":"max-image-preview:large","max-video-preview":"max-video-preview:-1"},"canonical":"https:\/\/energizer.com\/eu\/france\/product\/energizer-universal-charger\/","og_locale":"en_US","og_type":"article","og_title":"ENERGIZER\u00ae UNIVERSAL Chargeur - France","og_description":"Vous cherchez un moyen facile de recharger TOUTES vos piles ? Avec le chargeur universel Energizer, vous pouvez charger des piles rechargeables standard de toutes tailles - de AAA \u00e0 9V NiMH - avec un seul appareil. La barre d'affichage LED indique la fin du processus de charge en temps r\u00e9el. Ce chargeur s'arr\u00eate automatiquement d\u00e8s que les piles sont compl\u00e8tement charg\u00e9es. Gr\u00e2ce \u00e0 de nombreuses fonctions de s\u00e9curit\u00e9, telles que la d\u00e9tection des piles d\u00e9fectueuses et primaires, la protection contre l'inversion de polarit\u00e9 et une minuterie de protection contre la surcharge, vos piles sont charg\u00e9es de mani\u00e8re fiable et sans probl\u00e8me, \u00e0 chaque fois.","og_url":"https:\/\/energizer.com\/eu\/france\/product\/energizer-universal-charger\/","og_site_name":"France","article_modified_time":"2024-10-30T05:58:55+00:00","twitter_card":"summary_large_image","schema":{"@context":"https:\/\/schema.org","@graph":[{"@type":"WebPage","@id":"https:\/\/energizer.com\/eu\/france\/product\/energizer-universal-charger\/","url":"https:\/\/energizer.com\/eu\/france\/product\/energizer-universal-charger\/","name":"ENERGIZER\u00ae UNIVERSAL Chargeur - France","isPartOf":{"@id":"https:\/\/energizer.com\/eu\/france\/#website"},"datePublished":"2024-06-03T05:16:36+00:00","dateModified":"2024-10-30T05:58:55+00:00","breadcrumb":{"@id":"https:\/\/energizer.com\/eu\/france\/product\/energizer-universal-charger\/#breadcrumb"},"inLanguage":"en-US","potentialAction":[{"@type":"ReadAction","target":["https:\/\/energizer.com\/eu\/france\/product\/energizer-universal-charger\/"]}]},{"@type":"BreadcrumbList","@id":"https:\/\/energizer.com\/eu\/france\/product\/energizer-universal-charger\/#breadcrumb","itemListElement":[{"@type":"ListItem","position":1,"name":"Home","item":"https:\/\/energizer.com\/eu\/france\/"},{"@type":"ListItem","position":2,"name":"ENERGIZER\u00ae UNIVERSAL CHARGER"}]},{"@type":"WebSite","@id":"https:\/\/energizer.com\/eu\/france\/#website","url":"https:\/\/energizer.com\/eu\/france\/","name":"Energizer France","description":"","publisher":{"@id":"https:\/\/energizer.com\/eu\/france\/#organization"},"potentialAction":[{"@type":"SearchAction","target":{"@type":"EntryPoint","urlTemplate":"https:\/\/energizer.com\/eu\/france\/?s={search_term_string}"},"query-input":{"@type":"PropertyValueSpecification","valueRequired":true,"valueName":"search_term_string"}}],"inLanguage":"en-US"},{"@type":"Organization","@id":"https:\/\/energizer.com\/eu\/france\/#organization","name":"Energizer France","url":"https:\/\/energizer.com\/eu\/france\/","logo":{"@type":"ImageObject","inLanguage":"en-US","@id":"https:\/\/energizer.com\/eu\/france\/#\/schema\/logo\/image\/","url":"https:\/\/energizer.com\/eu\/france\/wp-content\/uploads\/sites\/8\/2024\/04\/Energizer_brand.png","contentUrl":"https:\/\/energizer.com\/eu\/france\/wp-content\/uploads\/sites\/8\/2024\/04\/Energizer_brand.png","width":267,"height":100,"caption":"Energizer France"},"image":{"@id":"https:\/\/energizer.com\/eu\/france\/#\/schema\/logo\/image\/"}}]}},"_links":{"self":[{"href":"https:\/\/energizer.com\/eu\/france\/wp-json\/wp\/v2\/product\/7328","targetHints":{"allow":["GET"]}}],"collection":[{"href":"https:\/\/energizer.com\/eu\/france\/wp-json\/wp\/v2\/product"}],"about":[{"href":"https:\/\/energizer.com\/eu\/france\/wp-json\/wp\/v2\/types\/product"}],"replies":[{"embeddable":true,"href":"https:\/\/energizer.com\/eu\/france\/wp-json\/wp\/v2\/comments?post=7328"}],"version-history":[{"count":5,"href":"https:\/\/energizer.com\/eu\/france\/wp-json\/wp\/v2\/product\/7328\/revisions"}],"predecessor-version":[{"id":9985,"href":"https:\/\/energizer.com\/eu\/france\/wp-json\/wp\/v2\/product\/7328\/revisions\/9985"}],"wp:attachment":[{"href":"https:\/\/energizer.com\/eu\/france\/wp-json\/wp\/v2\/media?parent=7328"}],"wp:term":[{"taxonomy":"product_brand","embeddable":true,"href":"https:\/\/energizer.com\/eu\/france\/wp-json\/wp\/v2\/product_brand?post=7328"},{"taxonomy":"product_cat","embeddable":true,"href":"https:\/\/energizer.com\/eu\/france\/wp-json\/wp\/v2\/product_cat?post=7328"},{"taxonomy":"product_tag","embeddable":true,"href":"https:\/\/energizer.com\/eu\/france\/wp-json\/wp\/v2\/product_tag?post=7328"}],"curies":[{"name":"wp","href":"https:\/\/api.w.org\/{rel}","templated":true}]}}