{"id":7492,"date":"2024-06-03T05:16:49","date_gmt":"2024-06-03T05:16:49","guid":{"rendered":"https:\/\/23b13e8ab3.nxcli.io\/france\/?post_type=product&#038;p=7492"},"modified":"2024-08-24T04:56:12","modified_gmt":"2024-08-24T04:56:12","slug":"energizer-pro-series-headlight80-650","status":"publish","type":"product","link":"https:\/\/energizer.com\/eu\/france\/product\/energizer-pro-series-headlight80-650\/","title":{"rendered":"Energizer PRO SERIES Headlight80 650"},"content":{"rendered":"<ul>\n<li>Lampe frontale hybride multicolore Energizer Pro Series avec lentille incassable<\/li>\n<li>Technologie LED : Cette puissante lampe mains libres de 650 lumens fournit une lumi\u00e8re 12 fois plus brillante que la technologie LED standard, id\u00e9ale pour les projets professionnels ou de bricolage<\/li>\n<li>Alimentation hybride : Cette lampe l\u00e9g\u00e8re et facile \u00e0 utiliser est aliment\u00e9e de mani\u00e8re hybride, avec des piles rechargeables ou des piles 4xAAA<\/li>\n<li>7 modes d&#8217;\u00e9clairage : Choisissez le mode qui correspond \u00e0 vos besoins en mati\u00e8re d&#8217;\u00e9clairage : fort, moyen, faible, att\u00e9nu\u00e9, vert, rouge ou rouge clignotant<\/li>\n<li>Construction durable : Cette torche hybride l\u00e9g\u00e8re est \u00e9tanche avec une lentille incassable et r\u00e9siste \u00e0 une chute de 2 m\u00e8tres<\/li>\n<li>Lumi\u00e8re polyvalente mains libres : Cette lampe frontale compacte et \u00e9tanche est dot\u00e9e d&#8217;une sangle r\u00e9glable, d&#8217;un design antireflet et d&#8217;une t\u00eate pivotante<\/li>\n<li>Des heures d&#8217;autonomie :\u202f\u202fLa lampe frontale de travail durable et efficace peut briller jusqu&#8217;\u00e0 35 heures en mode bas* *Avec batterie lithium-ion<\/li>\n<\/ul>\n","protected":false},"excerpt":{"rendered":"<p>Gardez les mains libres &#8211; qu&#8217;il s&#8217;agisse d&#8217;un projet professionnel ou de bricolage &#8211; gr\u00e2ce \u00e0 cette lampe frontale l\u00e9g\u00e8re et polyvalente. La lampe frontale hybride multicolore Energizer est \u00e0 la fois compacte et mains libres. Elle vous \u00e9clairera dans toutes vos activit\u00e9s, que vous travailliez sur un projet professionnel, dans votre voiture, en camping, en randonn\u00e9e ou lors d&#8217;une course \u00e0 pied apr\u00e8s le coucher du soleil. Cette puissante lampe frontale de 650 lumens de la s\u00e9rie pro est dot\u00e9e d&#8217;une sangle r\u00e9glable et d&#8217;une t\u00eate pivotante anti\u00e9blouissement pour \u00e9clairer m\u00eame les espaces les plus sombres, en \u00e9clairant la longueur d&#8217;un terrain de stade. De plus, elle est dot\u00e9e d&#8217;une technologie LED durable et \u00e9conome en \u00e9nergie, offrant une lumi\u00e8re 12 fois plus brillante que les LED standard. Gr\u00e2ce \u00e0 une fonction de gradation avanc\u00e9e, vous pouvez facilement contr\u00f4ler l&#8217;intensit\u00e9 lumineuse de la torche de travail ou de randonn\u00e9e, et choisir le mode id\u00e9al pour votre activit\u00e9 &#8211; haut, moyen, bas, gradation, vert et rouge (y compris le rouge clignotant) pour mieux voir dans l&#8217;obscurit\u00e9. Et v\u00e9rifiez facilement si la batterie est faible gr\u00e2ce \u00e0 l&#8217;indicateur de batterie faible. Cette lampe frontale \u00e9tanche avec lentille incassable pr\u00e9sente un design pratique et une construction durable, offrant un confort optimal et une grande polyvalence pour toute aventure \u00e0 l&#8217;int\u00e9rieur ou \u00e0 l&#8217;ext\u00e9rieur. Depuis plus de 120 ans, Energizer a ouvert la voie de l&#8217;\u00e9clairage portable en lan\u00e7ant la premi\u00e8re torche \u00e9tanche au monde en 1970. Energizer facilite l&#8217;\u00e9clairage de votre chemin.<\/p>\n","protected":false},"featured_media":0,"comment_status":"open","ping_status":"closed","template":"","meta":{"_acf_changed":false},"product_brand":[],"product_cat":[43],"product_tag":[],"class_list":{"0":"post-7492","1":"product","2":"type-product","3":"status-publish","5":"product_cat-hands-free","6":"pa_uses-outdoor","8":"first","9":"instock","10":"shipping-taxable","11":"product-type-simple"},"acf":[],"yoast_head":"<!-- This site is optimized with the Yoast SEO plugin v27.2 - https:\/\/yoast.com\/product\/yoast-seo-wordpress\/ -->\n<title>Energizer PRO SERIES Headlight80 650 - France<\/title>\n<meta name=\"robots\" content=\"index, follow, max-snippet:-1, max-image-preview:large, max-video-preview:-1\" \/>\n<link rel=\"canonical\" href=\"https:\/\/energizer.com\/eu\/france\/product\/energizer-pro-series-headlight80-650\/\" \/>\n<meta property=\"og:locale\" content=\"en_US\" \/>\n<meta property=\"og:type\" content=\"article\" \/>\n<meta property=\"og:title\" content=\"Energizer PRO SERIES Headlight80 650 - France\" \/>\n<meta property=\"og:description\" content=\"Gardez les mains libres - qu&#039;il s&#039;agisse d&#039;un projet professionnel ou de bricolage - gr\u00e2ce \u00e0 cette lampe frontale l\u00e9g\u00e8re et polyvalente. La lampe frontale hybride multicolore Energizer est \u00e0 la fois compacte et mains libres. Elle vous \u00e9clairera dans toutes vos activit\u00e9s, que vous travailliez sur un projet professionnel, dans votre voiture, en camping, en randonn\u00e9e ou lors d&#039;une course \u00e0 pied apr\u00e8s le coucher du soleil. Cette puissante lampe frontale de 650 lumens de la s\u00e9rie pro est dot\u00e9e d&#039;une sangle r\u00e9glable et d&#039;une t\u00eate pivotante anti\u00e9blouissement pour \u00e9clairer m\u00eame les espaces les plus sombres, en \u00e9clairant la longueur d&#039;un terrain de stade. De plus, elle est dot\u00e9e d&#039;une technologie LED durable et \u00e9conome en \u00e9nergie, offrant une lumi\u00e8re 12 fois plus brillante que les LED standard. Gr\u00e2ce \u00e0 une fonction de gradation avanc\u00e9e, vous pouvez facilement contr\u00f4ler l&#039;intensit\u00e9 lumineuse de la torche de travail ou de randonn\u00e9e, et choisir le mode id\u00e9al pour votre activit\u00e9 - haut, moyen, bas, gradation, vert et rouge (y compris le rouge clignotant) pour mieux voir dans l&#039;obscurit\u00e9. Et v\u00e9rifiez facilement si la batterie est faible gr\u00e2ce \u00e0 l&#039;indicateur de batterie faible. Cette lampe frontale \u00e9tanche avec lentille incassable pr\u00e9sente un design pratique et une construction durable, offrant un confort optimal et une grande polyvalence pour toute aventure \u00e0 l&#039;int\u00e9rieur ou \u00e0 l&#039;ext\u00e9rieur. Depuis plus de 120 ans, Energizer a ouvert la voie de l&#039;\u00e9clairage portable en lan\u00e7ant la premi\u00e8re torche \u00e9tanche au monde en 1970. Energizer facilite l&#039;\u00e9clairage de votre chemin.\" \/>\n<meta property=\"og:url\" content=\"https:\/\/energizer.com\/eu\/france\/product\/energizer-pro-series-headlight80-650\/\" \/>\n<meta property=\"og:site_name\" content=\"France\" \/>\n<meta property=\"article:modified_time\" content=\"2024-08-24T04:56:12+00:00\" \/>\n<meta name=\"twitter:card\" content=\"summary_large_image\" \/>\n<script type=\"application\/ld+json\" class=\"yoast-schema-graph\">{\"@context\":\"https:\/\/schema.org\",\"@graph\":[{\"@type\":\"WebPage\",\"@id\":\"https:\/\/energizer.com\/eu\/france\/product\/energizer-pro-series-headlight80-650\/\",\"url\":\"https:\/\/energizer.com\/eu\/france\/product\/energizer-pro-series-headlight80-650\/\",\"name\":\"Energizer PRO SERIES Headlight80 650 - France\",\"isPartOf\":{\"@id\":\"https:\/\/energizer.com\/eu\/france\/#website\"},\"datePublished\":\"2024-06-03T05:16:49+00:00\",\"dateModified\":\"2024-08-24T04:56:12+00:00\",\"breadcrumb\":{\"@id\":\"https:\/\/energizer.com\/eu\/france\/product\/energizer-pro-series-headlight80-650\/#breadcrumb\"},\"inLanguage\":\"en-US\",\"potentialAction\":[{\"@type\":\"ReadAction\",\"target\":[\"https:\/\/energizer.com\/eu\/france\/product\/energizer-pro-series-headlight80-650\/\"]}]},{\"@type\":\"BreadcrumbList\",\"@id\":\"https:\/\/energizer.com\/eu\/france\/product\/energizer-pro-series-headlight80-650\/#breadcrumb\",\"itemListElement\":[{\"@type\":\"ListItem\",\"position\":1,\"name\":\"Home\",\"item\":\"https:\/\/energizer.com\/eu\/france\/\"},{\"@type\":\"ListItem\",\"position\":2,\"name\":\"Energizer PRO SERIES Headlight80 650\"}]},{\"@type\":\"WebSite\",\"@id\":\"https:\/\/energizer.com\/eu\/france\/#website\",\"url\":\"https:\/\/energizer.com\/eu\/france\/\",\"name\":\"Energizer France\",\"description\":\"\",\"publisher\":{\"@id\":\"https:\/\/energizer.com\/eu\/france\/#organization\"},\"potentialAction\":[{\"@type\":\"SearchAction\",\"target\":{\"@type\":\"EntryPoint\",\"urlTemplate\":\"https:\/\/energizer.com\/eu\/france\/?s={search_term_string}\"},\"query-input\":{\"@type\":\"PropertyValueSpecification\",\"valueRequired\":true,\"valueName\":\"search_term_string\"}}],\"inLanguage\":\"en-US\"},{\"@type\":\"Organization\",\"@id\":\"https:\/\/energizer.com\/eu\/france\/#organization\",\"name\":\"Energizer France\",\"url\":\"https:\/\/energizer.com\/eu\/france\/\",\"logo\":{\"@type\":\"ImageObject\",\"inLanguage\":\"en-US\",\"@id\":\"https:\/\/energizer.com\/eu\/france\/#\/schema\/logo\/image\/\",\"url\":\"https:\/\/energizer.com\/eu\/france\/wp-content\/uploads\/sites\/8\/2024\/04\/Energizer_brand.png\",\"contentUrl\":\"https:\/\/energizer.com\/eu\/france\/wp-content\/uploads\/sites\/8\/2024\/04\/Energizer_brand.png\",\"width\":267,\"height\":100,\"caption\":\"Energizer France\"},\"image\":{\"@id\":\"https:\/\/energizer.com\/eu\/france\/#\/schema\/logo\/image\/\"}}]}<\/script>\n<!-- \/ Yoast SEO plugin. -->","yoast_head_json":{"title":"Energizer PRO SERIES Headlight80 650 - France","robots":{"index":"index","follow":"follow","max-snippet":"max-snippet:-1","max-image-preview":"max-image-preview:large","max-video-preview":"max-video-preview:-1"},"canonical":"https:\/\/energizer.com\/eu\/france\/product\/energizer-pro-series-headlight80-650\/","og_locale":"en_US","og_type":"article","og_title":"Energizer PRO SERIES Headlight80 650 - France","og_description":"Gardez les mains libres - qu'il s'agisse d'un projet professionnel ou de bricolage - gr\u00e2ce \u00e0 cette lampe frontale l\u00e9g\u00e8re et polyvalente. La lampe frontale hybride multicolore Energizer est \u00e0 la fois compacte et mains libres. Elle vous \u00e9clairera dans toutes vos activit\u00e9s, que vous travailliez sur un projet professionnel, dans votre voiture, en camping, en randonn\u00e9e ou lors d'une course \u00e0 pied apr\u00e8s le coucher du soleil. Cette puissante lampe frontale de 650 lumens de la s\u00e9rie pro est dot\u00e9e d'une sangle r\u00e9glable et d'une t\u00eate pivotante anti\u00e9blouissement pour \u00e9clairer m\u00eame les espaces les plus sombres, en \u00e9clairant la longueur d'un terrain de stade. De plus, elle est dot\u00e9e d'une technologie LED durable et \u00e9conome en \u00e9nergie, offrant une lumi\u00e8re 12 fois plus brillante que les LED standard. Gr\u00e2ce \u00e0 une fonction de gradation avanc\u00e9e, vous pouvez facilement contr\u00f4ler l'intensit\u00e9 lumineuse de la torche de travail ou de randonn\u00e9e, et choisir le mode id\u00e9al pour votre activit\u00e9 - haut, moyen, bas, gradation, vert et rouge (y compris le rouge clignotant) pour mieux voir dans l'obscurit\u00e9. Et v\u00e9rifiez facilement si la batterie est faible gr\u00e2ce \u00e0 l'indicateur de batterie faible. Cette lampe frontale \u00e9tanche avec lentille incassable pr\u00e9sente un design pratique et une construction durable, offrant un confort optimal et une grande polyvalence pour toute aventure \u00e0 l'int\u00e9rieur ou \u00e0 l'ext\u00e9rieur. Depuis plus de 120 ans, Energizer a ouvert la voie de l'\u00e9clairage portable en lan\u00e7ant la premi\u00e8re torche \u00e9tanche au monde en 1970. Energizer facilite l'\u00e9clairage de votre chemin.","og_url":"https:\/\/energizer.com\/eu\/france\/product\/energizer-pro-series-headlight80-650\/","og_site_name":"France","article_modified_time":"2024-08-24T04:56:12+00:00","twitter_card":"summary_large_image","schema":{"@context":"https:\/\/schema.org","@graph":[{"@type":"WebPage","@id":"https:\/\/energizer.com\/eu\/france\/product\/energizer-pro-series-headlight80-650\/","url":"https:\/\/energizer.com\/eu\/france\/product\/energizer-pro-series-headlight80-650\/","name":"Energizer PRO SERIES Headlight80 650 - France","isPartOf":{"@id":"https:\/\/energizer.com\/eu\/france\/#website"},"datePublished":"2024-06-03T05:16:49+00:00","dateModified":"2024-08-24T04:56:12+00:00","breadcrumb":{"@id":"https:\/\/energizer.com\/eu\/france\/product\/energizer-pro-series-headlight80-650\/#breadcrumb"},"inLanguage":"en-US","potentialAction":[{"@type":"ReadAction","target":["https:\/\/energizer.com\/eu\/france\/product\/energizer-pro-series-headlight80-650\/"]}]},{"@type":"BreadcrumbList","@id":"https:\/\/energizer.com\/eu\/france\/product\/energizer-pro-series-headlight80-650\/#breadcrumb","itemListElement":[{"@type":"ListItem","position":1,"name":"Home","item":"https:\/\/energizer.com\/eu\/france\/"},{"@type":"ListItem","position":2,"name":"Energizer PRO SERIES Headlight80 650"}]},{"@type":"WebSite","@id":"https:\/\/energizer.com\/eu\/france\/#website","url":"https:\/\/energizer.com\/eu\/france\/","name":"Energizer France","description":"","publisher":{"@id":"https:\/\/energizer.com\/eu\/france\/#organization"},"potentialAction":[{"@type":"SearchAction","target":{"@type":"EntryPoint","urlTemplate":"https:\/\/energizer.com\/eu\/france\/?s={search_term_string}"},"query-input":{"@type":"PropertyValueSpecification","valueRequired":true,"valueName":"search_term_string"}}],"inLanguage":"en-US"},{"@type":"Organization","@id":"https:\/\/energizer.com\/eu\/france\/#organization","name":"Energizer France","url":"https:\/\/energizer.com\/eu\/france\/","logo":{"@type":"ImageObject","inLanguage":"en-US","@id":"https:\/\/energizer.com\/eu\/france\/#\/schema\/logo\/image\/","url":"https:\/\/energizer.com\/eu\/france\/wp-content\/uploads\/sites\/8\/2024\/04\/Energizer_brand.png","contentUrl":"https:\/\/energizer.com\/eu\/france\/wp-content\/uploads\/sites\/8\/2024\/04\/Energizer_brand.png","width":267,"height":100,"caption":"Energizer France"},"image":{"@id":"https:\/\/energizer.com\/eu\/france\/#\/schema\/logo\/image\/"}}]}},"_links":{"self":[{"href":"https:\/\/energizer.com\/eu\/france\/wp-json\/wp\/v2\/product\/7492","targetHints":{"allow":["GET"]}}],"collection":[{"href":"https:\/\/energizer.com\/eu\/france\/wp-json\/wp\/v2\/product"}],"about":[{"href":"https:\/\/energizer.com\/eu\/france\/wp-json\/wp\/v2\/types\/product"}],"replies":[{"embeddable":true,"href":"https:\/\/energizer.com\/eu\/france\/wp-json\/wp\/v2\/comments?post=7492"}],"version-history":[{"count":4,"href":"https:\/\/energizer.com\/eu\/france\/wp-json\/wp\/v2\/product\/7492\/revisions"}],"predecessor-version":[{"id":8213,"href":"https:\/\/energizer.com\/eu\/france\/wp-json\/wp\/v2\/product\/7492\/revisions\/8213"}],"wp:attachment":[{"href":"https:\/\/energizer.com\/eu\/france\/wp-json\/wp\/v2\/media?parent=7492"}],"wp:term":[{"taxonomy":"product_brand","embeddable":true,"href":"https:\/\/energizer.com\/eu\/france\/wp-json\/wp\/v2\/product_brand?post=7492"},{"taxonomy":"product_cat","embeddable":true,"href":"https:\/\/energizer.com\/eu\/france\/wp-json\/wp\/v2\/product_cat?post=7492"},{"taxonomy":"product_tag","embeddable":true,"href":"https:\/\/energizer.com\/eu\/france\/wp-json\/wp\/v2\/product_tag?post=7492"}],"curies":[{"name":"wp","href":"https:\/\/api.w.org\/{rel}","templated":true}]}}