{"id":7513,"date":"2024-06-03T05:16:50","date_gmt":"2024-06-03T05:16:50","guid":{"rendered":"https:\/\/23b13e8ab3.nxcli.io\/france\/?post_type=product&#038;p=7513"},"modified":"2024-08-24T04:55:59","modified_gmt":"2024-08-24T04:55:59","slug":"energizer-hard-case-led-headlamp","status":"publish","type":"product","link":"https:\/\/energizer.com\/eu\/france\/product\/energizer-hard-case-led-headlamp\/","title":{"rendered":"Energizer Hard Case LED Headlamp"},"content":{"rendered":"<ul>\n<li>Cette lampe frontale robuste et durable fonctionne avec 3 piles Energizer MAX AA (incluses)<\/li>\n<li>La technologie LED haute puissance d\u00e9livre un faisceau puissant de 325 lumens qui peut atteindre jusqu&#8217;\u00e0 100 m\u00e8tres en mode haut<\/li>\n<li>La sangle antid\u00e9rapante et la bande r\u00e9glable s&#8217;adaptent aux casques standard et aux casques de s\u00e9curit\u00e9<\/li>\n<li>Construction robuste pouvant r\u00e9sister \u00e0 des chutes successives jusqu&#8217;\u00e0 7 m\u00e8tres de haut<\/li>\n<li>Comprend une t\u00eate pivotante pratique qui dirige un puissant flux de lumi\u00e8re<\/li>\n<li>Passez facilement du mode projecteur au mode inondation<\/li>\n<li>Pr\u00eate \u00e0 affronter toutes les conditions m\u00e9t\u00e9orologiques : R\u00e9sistante \u00e0 l&#8217;eau selon la norme IPX4<\/li>\n<\/ul>\n","protected":false},"excerpt":{"rendered":"<p>Lib\u00e9rez vos mains avec la lampe frontale Energizer Hard Case Professional Rugged LED. Pivotez la lampe frontale et dirigez son puissant faisceau de lumi\u00e8re LED jusqu&#8217;\u00e0 100 m\u00e8tres de distance (en mode \u00e9lev\u00e9). Avec les modes de fonctionnement pleine puissance, spot ou flood, vous pouvez b\u00e9n\u00e9ficier d&#8217;une luminosit\u00e9 puissante pendant 6,5 heures (en mode haut) ou d&#8217;une autonomie plus longue de 22 heures (en mode bas). Cette lampe frontale est con\u00e7ue pour les t\u00e2ches les plus exigeantes : Son bo\u00eetier ext\u00e9rieur robuste est r\u00e9sistant aux intemp\u00e9ries et peut supporter des chutes successives, m\u00eame d&#8217;une hauteur de 7 m\u00e8tres. Facile \u00e0 porter, le bandeau confortable et r\u00e9glable de cette lampe frontale lui va comme un gant. Vous portez un casque ? Pas d&#8217;inqui\u00e9tude : la sangle antid\u00e9rapante de cette lampe frontale Energizer s&#8217;accroche lorsque vous en avez besoin pour une lumi\u00e8re stable.<\/p>\n","protected":false},"featured_media":0,"comment_status":"open","ping_status":"closed","template":"","meta":{"_acf_changed":false},"product_brand":[],"product_cat":[43],"product_tag":[],"class_list":{"0":"post-7513","1":"product","2":"type-product","3":"status-publish","5":"product_cat-hands-free","6":"pa_uses-work","8":"first","9":"instock","10":"shipping-taxable","11":"product-type-simple"},"acf":[],"yoast_head":"<!-- This site is optimized with the Yoast SEO plugin v27.2 - https:\/\/yoast.com\/product\/yoast-seo-wordpress\/ -->\n<title>Energizer Hard Case LED Headlamp - France<\/title>\n<meta name=\"robots\" content=\"index, follow, max-snippet:-1, max-image-preview:large, max-video-preview:-1\" \/>\n<link rel=\"canonical\" href=\"https:\/\/energizer.com\/eu\/france\/product\/energizer-hard-case-led-headlamp\/\" \/>\n<meta property=\"og:locale\" content=\"en_US\" \/>\n<meta property=\"og:type\" content=\"article\" \/>\n<meta property=\"og:title\" content=\"Energizer Hard Case LED Headlamp - France\" \/>\n<meta property=\"og:description\" content=\"Lib\u00e9rez vos mains avec la lampe frontale Energizer Hard Case Professional Rugged LED. Pivotez la lampe frontale et dirigez son puissant faisceau de lumi\u00e8re LED jusqu&#039;\u00e0 100 m\u00e8tres de distance (en mode \u00e9lev\u00e9). Avec les modes de fonctionnement pleine puissance, spot ou flood, vous pouvez b\u00e9n\u00e9ficier d&#039;une luminosit\u00e9 puissante pendant 6,5 heures (en mode haut) ou d&#039;une autonomie plus longue de 22 heures (en mode bas). Cette lampe frontale est con\u00e7ue pour les t\u00e2ches les plus exigeantes : Son bo\u00eetier ext\u00e9rieur robuste est r\u00e9sistant aux intemp\u00e9ries et peut supporter des chutes successives, m\u00eame d&#039;une hauteur de 7 m\u00e8tres. Facile \u00e0 porter, le bandeau confortable et r\u00e9glable de cette lampe frontale lui va comme un gant. Vous portez un casque ? Pas d&#039;inqui\u00e9tude : la sangle antid\u00e9rapante de cette lampe frontale Energizer s&#039;accroche lorsque vous en avez besoin pour une lumi\u00e8re stable.\" \/>\n<meta property=\"og:url\" content=\"https:\/\/energizer.com\/eu\/france\/product\/energizer-hard-case-led-headlamp\/\" \/>\n<meta property=\"og:site_name\" content=\"France\" \/>\n<meta property=\"article:modified_time\" content=\"2024-08-24T04:55:59+00:00\" \/>\n<meta name=\"twitter:card\" content=\"summary_large_image\" \/>\n<script type=\"application\/ld+json\" class=\"yoast-schema-graph\">{\"@context\":\"https:\/\/schema.org\",\"@graph\":[{\"@type\":\"WebPage\",\"@id\":\"https:\/\/energizer.com\/eu\/france\/product\/energizer-hard-case-led-headlamp\/\",\"url\":\"https:\/\/energizer.com\/eu\/france\/product\/energizer-hard-case-led-headlamp\/\",\"name\":\"Energizer Hard Case LED Headlamp - France\",\"isPartOf\":{\"@id\":\"https:\/\/energizer.com\/eu\/france\/#website\"},\"datePublished\":\"2024-06-03T05:16:50+00:00\",\"dateModified\":\"2024-08-24T04:55:59+00:00\",\"breadcrumb\":{\"@id\":\"https:\/\/energizer.com\/eu\/france\/product\/energizer-hard-case-led-headlamp\/#breadcrumb\"},\"inLanguage\":\"en-US\",\"potentialAction\":[{\"@type\":\"ReadAction\",\"target\":[\"https:\/\/energizer.com\/eu\/france\/product\/energizer-hard-case-led-headlamp\/\"]}]},{\"@type\":\"BreadcrumbList\",\"@id\":\"https:\/\/energizer.com\/eu\/france\/product\/energizer-hard-case-led-headlamp\/#breadcrumb\",\"itemListElement\":[{\"@type\":\"ListItem\",\"position\":1,\"name\":\"Home\",\"item\":\"https:\/\/energizer.com\/eu\/france\/\"},{\"@type\":\"ListItem\",\"position\":2,\"name\":\"Energizer Hard Case LED Headlamp\"}]},{\"@type\":\"WebSite\",\"@id\":\"https:\/\/energizer.com\/eu\/france\/#website\",\"url\":\"https:\/\/energizer.com\/eu\/france\/\",\"name\":\"Energizer France\",\"description\":\"\",\"publisher\":{\"@id\":\"https:\/\/energizer.com\/eu\/france\/#organization\"},\"potentialAction\":[{\"@type\":\"SearchAction\",\"target\":{\"@type\":\"EntryPoint\",\"urlTemplate\":\"https:\/\/energizer.com\/eu\/france\/?s={search_term_string}\"},\"query-input\":{\"@type\":\"PropertyValueSpecification\",\"valueRequired\":true,\"valueName\":\"search_term_string\"}}],\"inLanguage\":\"en-US\"},{\"@type\":\"Organization\",\"@id\":\"https:\/\/energizer.com\/eu\/france\/#organization\",\"name\":\"Energizer France\",\"url\":\"https:\/\/energizer.com\/eu\/france\/\",\"logo\":{\"@type\":\"ImageObject\",\"inLanguage\":\"en-US\",\"@id\":\"https:\/\/energizer.com\/eu\/france\/#\/schema\/logo\/image\/\",\"url\":\"https:\/\/energizer.com\/eu\/france\/wp-content\/uploads\/sites\/8\/2024\/04\/Energizer_brand.png\",\"contentUrl\":\"https:\/\/energizer.com\/eu\/france\/wp-content\/uploads\/sites\/8\/2024\/04\/Energizer_brand.png\",\"width\":267,\"height\":100,\"caption\":\"Energizer France\"},\"image\":{\"@id\":\"https:\/\/energizer.com\/eu\/france\/#\/schema\/logo\/image\/\"}}]}<\/script>\n<!-- \/ Yoast SEO plugin. -->","yoast_head_json":{"title":"Energizer Hard Case LED Headlamp - France","robots":{"index":"index","follow":"follow","max-snippet":"max-snippet:-1","max-image-preview":"max-image-preview:large","max-video-preview":"max-video-preview:-1"},"canonical":"https:\/\/energizer.com\/eu\/france\/product\/energizer-hard-case-led-headlamp\/","og_locale":"en_US","og_type":"article","og_title":"Energizer Hard Case LED Headlamp - France","og_description":"Lib\u00e9rez vos mains avec la lampe frontale Energizer Hard Case Professional Rugged LED. Pivotez la lampe frontale et dirigez son puissant faisceau de lumi\u00e8re LED jusqu'\u00e0 100 m\u00e8tres de distance (en mode \u00e9lev\u00e9). Avec les modes de fonctionnement pleine puissance, spot ou flood, vous pouvez b\u00e9n\u00e9ficier d'une luminosit\u00e9 puissante pendant 6,5 heures (en mode haut) ou d'une autonomie plus longue de 22 heures (en mode bas). Cette lampe frontale est con\u00e7ue pour les t\u00e2ches les plus exigeantes : Son bo\u00eetier ext\u00e9rieur robuste est r\u00e9sistant aux intemp\u00e9ries et peut supporter des chutes successives, m\u00eame d'une hauteur de 7 m\u00e8tres. Facile \u00e0 porter, le bandeau confortable et r\u00e9glable de cette lampe frontale lui va comme un gant. Vous portez un casque ? Pas d'inqui\u00e9tude : la sangle antid\u00e9rapante de cette lampe frontale Energizer s'accroche lorsque vous en avez besoin pour une lumi\u00e8re stable.","og_url":"https:\/\/energizer.com\/eu\/france\/product\/energizer-hard-case-led-headlamp\/","og_site_name":"France","article_modified_time":"2024-08-24T04:55:59+00:00","twitter_card":"summary_large_image","schema":{"@context":"https:\/\/schema.org","@graph":[{"@type":"WebPage","@id":"https:\/\/energizer.com\/eu\/france\/product\/energizer-hard-case-led-headlamp\/","url":"https:\/\/energizer.com\/eu\/france\/product\/energizer-hard-case-led-headlamp\/","name":"Energizer Hard Case LED Headlamp - France","isPartOf":{"@id":"https:\/\/energizer.com\/eu\/france\/#website"},"datePublished":"2024-06-03T05:16:50+00:00","dateModified":"2024-08-24T04:55:59+00:00","breadcrumb":{"@id":"https:\/\/energizer.com\/eu\/france\/product\/energizer-hard-case-led-headlamp\/#breadcrumb"},"inLanguage":"en-US","potentialAction":[{"@type":"ReadAction","target":["https:\/\/energizer.com\/eu\/france\/product\/energizer-hard-case-led-headlamp\/"]}]},{"@type":"BreadcrumbList","@id":"https:\/\/energizer.com\/eu\/france\/product\/energizer-hard-case-led-headlamp\/#breadcrumb","itemListElement":[{"@type":"ListItem","position":1,"name":"Home","item":"https:\/\/energizer.com\/eu\/france\/"},{"@type":"ListItem","position":2,"name":"Energizer Hard Case LED Headlamp"}]},{"@type":"WebSite","@id":"https:\/\/energizer.com\/eu\/france\/#website","url":"https:\/\/energizer.com\/eu\/france\/","name":"Energizer France","description":"","publisher":{"@id":"https:\/\/energizer.com\/eu\/france\/#organization"},"potentialAction":[{"@type":"SearchAction","target":{"@type":"EntryPoint","urlTemplate":"https:\/\/energizer.com\/eu\/france\/?s={search_term_string}"},"query-input":{"@type":"PropertyValueSpecification","valueRequired":true,"valueName":"search_term_string"}}],"inLanguage":"en-US"},{"@type":"Organization","@id":"https:\/\/energizer.com\/eu\/france\/#organization","name":"Energizer France","url":"https:\/\/energizer.com\/eu\/france\/","logo":{"@type":"ImageObject","inLanguage":"en-US","@id":"https:\/\/energizer.com\/eu\/france\/#\/schema\/logo\/image\/","url":"https:\/\/energizer.com\/eu\/france\/wp-content\/uploads\/sites\/8\/2024\/04\/Energizer_brand.png","contentUrl":"https:\/\/energizer.com\/eu\/france\/wp-content\/uploads\/sites\/8\/2024\/04\/Energizer_brand.png","width":267,"height":100,"caption":"Energizer France"},"image":{"@id":"https:\/\/energizer.com\/eu\/france\/#\/schema\/logo\/image\/"}}]}},"_links":{"self":[{"href":"https:\/\/energizer.com\/eu\/france\/wp-json\/wp\/v2\/product\/7513","targetHints":{"allow":["GET"]}}],"collection":[{"href":"https:\/\/energizer.com\/eu\/france\/wp-json\/wp\/v2\/product"}],"about":[{"href":"https:\/\/energizer.com\/eu\/france\/wp-json\/wp\/v2\/types\/product"}],"replies":[{"embeddable":true,"href":"https:\/\/energizer.com\/eu\/france\/wp-json\/wp\/v2\/comments?post=7513"}],"version-history":[{"count":3,"href":"https:\/\/energizer.com\/eu\/france\/wp-json\/wp\/v2\/product\/7513\/revisions"}],"predecessor-version":[{"id":9690,"href":"https:\/\/energizer.com\/eu\/france\/wp-json\/wp\/v2\/product\/7513\/revisions\/9690"}],"wp:attachment":[{"href":"https:\/\/energizer.com\/eu\/france\/wp-json\/wp\/v2\/media?parent=7513"}],"wp:term":[{"taxonomy":"product_brand","embeddable":true,"href":"https:\/\/energizer.com\/eu\/france\/wp-json\/wp\/v2\/product_brand?post=7513"},{"taxonomy":"product_cat","embeddable":true,"href":"https:\/\/energizer.com\/eu\/france\/wp-json\/wp\/v2\/product_cat?post=7513"},{"taxonomy":"product_tag","embeddable":true,"href":"https:\/\/energizer.com\/eu\/france\/wp-json\/wp\/v2\/product_tag?post=7513"}],"curies":[{"name":"wp","href":"https:\/\/api.w.org\/{rel}","templated":true}]}}