{"id":7516,"date":"2024-06-03T05:16:50","date_gmt":"2024-06-03T05:16:50","guid":{"rendered":"https:\/\/23b13e8ab3.nxcli.io\/france\/?post_type=product&#038;p=7516"},"modified":"2024-08-24T04:56:04","modified_gmt":"2024-08-24T04:56:04","slug":"energizer-vision-hd-focus-headlight","status":"publish","type":"product","link":"https:\/\/energizer.com\/eu\/france\/product\/energizer-vision-hd-focus-headlight\/","title":{"rendered":"Energizer Vision HD+ Focus Headlight"},"content":{"rendered":"<ul>\n<li>Lampe frontale Energizer Vision HD+ Focus avec mise au point num\u00e9rique et 3 piles alcalines AAA incluses<\/li>\n<li>Technologie LED : Cette puissante lampe frontale de 400 lumens a une port\u00e9e de 85 m\u00e8tres et est dot\u00e9e de la derni\u00e8re technologie LED<\/li>\n<li>Mise au point num\u00e9rique : \u00c9largissez ou r\u00e9tr\u00e9cissez facilement votre champ de vision d&#8217;une simple pression sur un bouton<\/li>\n<li>Construction durable : Id\u00e9ale pour une utilisation prolong\u00e9e, cette lampe frontale durable r\u00e9siste au test de chute d&#8217;un m\u00e8tre, avec un bo\u00eetier r\u00e9sistant \u00e0 l&#8217;eau et conforme \u00e0 la norme IPX4<\/li>\n<li>Lampe mains libres polyvalente : Cette torche mains libres compacte et facile \u00e0 utiliser est id\u00e9ale pour les coupures de courant, le bricolage et bien plus encore<\/li>\n<li>Conception pratique : Dirigez la lumi\u00e8re l\u00e0 o\u00f9 vous en avez besoin gr\u00e2ce \u00e0 cette lampe frontale l\u00e9g\u00e8re, dot\u00e9e d&#8217;un bandeau r\u00e9glable pour un maintien ferme<\/li>\n<li>Rappel de m\u00e9moire : Acc\u00e9dez facilement \u00e0 votre r\u00e9glage de mise au point pr\u00e9f\u00e9r\u00e9 \u00e0 chaque utilisation gr\u00e2ce \u00e0 la fonction pratique de rappel de m\u00e9moire<\/li>\n<\/ul>\n","protected":false},"excerpt":{"rendered":"<p>Gardez les mains libres et profitez pleinement de chaque aventure gr\u00e2ce \u00e0 cette lampe frontale l\u00e9g\u00e8re et polyvalente. La lampe frontale Energizer Vision HD+ Focus est compacte et mains libres &#8211; id\u00e9ale pour le bricolage et les activit\u00e9s n\u00e9cessitant les deux mains. Elle \u00e9clairera votre chemin lors de vos escapades \u00e0 la nuit tomb\u00e9e, que ce soit en camping, en randonn\u00e9e ou en course \u00e0 pied. Cette torche frontale \u00e0 LED de 400 lumens \u00e9clairera m\u00eame les espaces les plus sombres, jusqu&#8217;\u00e0 85 m\u00e8tres en mode haut, pour une lumi\u00e8re suffisante l\u00e0 o\u00f9 vous en avez besoin. R\u00e9duisez ou augmentez la puissance de la lumi\u00e8re LED gr\u00e2ce \u00e0 la technologie brevet\u00e9e Digital Focus.<\/p>\n","protected":false},"featured_media":0,"comment_status":"open","ping_status":"closed","template":"","meta":{"_acf_changed":false},"product_brand":[],"product_cat":[43],"product_tag":[],"class_list":{"0":"post-7516","1":"product","2":"type-product","3":"status-publish","5":"product_cat-hands-free","6":"pa_uses-work","8":"first","9":"instock","10":"shipping-taxable","11":"product-type-simple"},"acf":[],"yoast_head":"<!-- This site is optimized with the Yoast SEO plugin v27.4 - https:\/\/yoast.com\/product\/yoast-seo-wordpress\/ -->\n<title>Energizer Vision HD+ Focus Headlight - France<\/title>\n<meta name=\"robots\" content=\"index, follow, max-snippet:-1, max-image-preview:large, max-video-preview:-1\" \/>\n<link rel=\"canonical\" href=\"https:\/\/energizer.com\/eu\/france\/product\/energizer-vision-hd-focus-headlight\/\" \/>\n<meta property=\"og:locale\" content=\"en_US\" \/>\n<meta property=\"og:type\" content=\"article\" \/>\n<meta property=\"og:title\" content=\"Energizer Vision HD+ Focus Headlight - France\" \/>\n<meta property=\"og:description\" content=\"Gardez les mains libres et profitez pleinement de chaque aventure gr\u00e2ce \u00e0 cette lampe frontale l\u00e9g\u00e8re et polyvalente. La lampe frontale Energizer Vision HD+ Focus est compacte et mains libres - id\u00e9ale pour le bricolage et les activit\u00e9s n\u00e9cessitant les deux mains. Elle \u00e9clairera votre chemin lors de vos escapades \u00e0 la nuit tomb\u00e9e, que ce soit en camping, en randonn\u00e9e ou en course \u00e0 pied. Cette torche frontale \u00e0 LED de 400 lumens \u00e9clairera m\u00eame les espaces les plus sombres, jusqu&#039;\u00e0 85 m\u00e8tres en mode haut, pour une lumi\u00e8re suffisante l\u00e0 o\u00f9 vous en avez besoin. R\u00e9duisez ou augmentez la puissance de la lumi\u00e8re LED gr\u00e2ce \u00e0 la technologie brevet\u00e9e Digital Focus.\" \/>\n<meta property=\"og:url\" content=\"https:\/\/energizer.com\/eu\/france\/product\/energizer-vision-hd-focus-headlight\/\" \/>\n<meta property=\"og:site_name\" content=\"France\" \/>\n<meta property=\"article:modified_time\" content=\"2024-08-24T04:56:04+00:00\" \/>\n<meta name=\"twitter:card\" content=\"summary_large_image\" \/>\n<script type=\"application\/ld+json\" class=\"yoast-schema-graph\">{\"@context\":\"https:\\\/\\\/schema.org\",\"@graph\":[{\"@type\":\"WebPage\",\"@id\":\"https:\\\/\\\/energizer.com\\\/eu\\\/france\\\/product\\\/energizer-vision-hd-focus-headlight\\\/\",\"url\":\"https:\\\/\\\/energizer.com\\\/eu\\\/france\\\/product\\\/energizer-vision-hd-focus-headlight\\\/\",\"name\":\"Energizer Vision HD+ Focus Headlight - France\",\"isPartOf\":{\"@id\":\"https:\\\/\\\/energizer.com\\\/eu\\\/france\\\/#website\"},\"datePublished\":\"2024-06-03T05:16:50+00:00\",\"dateModified\":\"2024-08-24T04:56:04+00:00\",\"breadcrumb\":{\"@id\":\"https:\\\/\\\/energizer.com\\\/eu\\\/france\\\/product\\\/energizer-vision-hd-focus-headlight\\\/#breadcrumb\"},\"inLanguage\":\"en-US\",\"potentialAction\":[{\"@type\":\"ReadAction\",\"target\":[\"https:\\\/\\\/energizer.com\\\/eu\\\/france\\\/product\\\/energizer-vision-hd-focus-headlight\\\/\"]}]},{\"@type\":\"BreadcrumbList\",\"@id\":\"https:\\\/\\\/energizer.com\\\/eu\\\/france\\\/product\\\/energizer-vision-hd-focus-headlight\\\/#breadcrumb\",\"itemListElement\":[{\"@type\":\"ListItem\",\"position\":1,\"name\":\"Home\",\"item\":\"https:\\\/\\\/energizer.com\\\/eu\\\/france\\\/\"},{\"@type\":\"ListItem\",\"position\":2,\"name\":\"Energizer Vision HD+ Focus Headlight\"}]},{\"@type\":\"WebSite\",\"@id\":\"https:\\\/\\\/energizer.com\\\/eu\\\/france\\\/#website\",\"url\":\"https:\\\/\\\/energizer.com\\\/eu\\\/france\\\/\",\"name\":\"Energizer France\",\"description\":\"\",\"publisher\":{\"@id\":\"https:\\\/\\\/energizer.com\\\/eu\\\/france\\\/#organization\"},\"potentialAction\":[{\"@type\":\"SearchAction\",\"target\":{\"@type\":\"EntryPoint\",\"urlTemplate\":\"https:\\\/\\\/energizer.com\\\/eu\\\/france\\\/?s={search_term_string}\"},\"query-input\":{\"@type\":\"PropertyValueSpecification\",\"valueRequired\":true,\"valueName\":\"search_term_string\"}}],\"inLanguage\":\"en-US\"},{\"@type\":\"Organization\",\"@id\":\"https:\\\/\\\/energizer.com\\\/eu\\\/france\\\/#organization\",\"name\":\"Energizer France\",\"url\":\"https:\\\/\\\/energizer.com\\\/eu\\\/france\\\/\",\"logo\":{\"@type\":\"ImageObject\",\"inLanguage\":\"en-US\",\"@id\":\"https:\\\/\\\/energizer.com\\\/eu\\\/france\\\/#\\\/schema\\\/logo\\\/image\\\/\",\"url\":\"https:\\\/\\\/energizer.com\\\/eu\\\/france\\\/wp-content\\\/uploads\\\/sites\\\/8\\\/2024\\\/04\\\/Energizer_brand.png\",\"contentUrl\":\"https:\\\/\\\/energizer.com\\\/eu\\\/france\\\/wp-content\\\/uploads\\\/sites\\\/8\\\/2024\\\/04\\\/Energizer_brand.png\",\"width\":267,\"height\":100,\"caption\":\"Energizer France\"},\"image\":{\"@id\":\"https:\\\/\\\/energizer.com\\\/eu\\\/france\\\/#\\\/schema\\\/logo\\\/image\\\/\"}}]}<\/script>\n<!-- \/ Yoast SEO plugin. -->","yoast_head_json":{"title":"Energizer Vision HD+ Focus Headlight - France","robots":{"index":"index","follow":"follow","max-snippet":"max-snippet:-1","max-image-preview":"max-image-preview:large","max-video-preview":"max-video-preview:-1"},"canonical":"https:\/\/energizer.com\/eu\/france\/product\/energizer-vision-hd-focus-headlight\/","og_locale":"en_US","og_type":"article","og_title":"Energizer Vision HD+ Focus Headlight - France","og_description":"Gardez les mains libres et profitez pleinement de chaque aventure gr\u00e2ce \u00e0 cette lampe frontale l\u00e9g\u00e8re et polyvalente. La lampe frontale Energizer Vision HD+ Focus est compacte et mains libres - id\u00e9ale pour le bricolage et les activit\u00e9s n\u00e9cessitant les deux mains. Elle \u00e9clairera votre chemin lors de vos escapades \u00e0 la nuit tomb\u00e9e, que ce soit en camping, en randonn\u00e9e ou en course \u00e0 pied. Cette torche frontale \u00e0 LED de 400 lumens \u00e9clairera m\u00eame les espaces les plus sombres, jusqu'\u00e0 85 m\u00e8tres en mode haut, pour une lumi\u00e8re suffisante l\u00e0 o\u00f9 vous en avez besoin. R\u00e9duisez ou augmentez la puissance de la lumi\u00e8re LED gr\u00e2ce \u00e0 la technologie brevet\u00e9e Digital Focus.","og_url":"https:\/\/energizer.com\/eu\/france\/product\/energizer-vision-hd-focus-headlight\/","og_site_name":"France","article_modified_time":"2024-08-24T04:56:04+00:00","twitter_card":"summary_large_image","schema":{"@context":"https:\/\/schema.org","@graph":[{"@type":"WebPage","@id":"https:\/\/energizer.com\/eu\/france\/product\/energizer-vision-hd-focus-headlight\/","url":"https:\/\/energizer.com\/eu\/france\/product\/energizer-vision-hd-focus-headlight\/","name":"Energizer Vision HD+ Focus Headlight - France","isPartOf":{"@id":"https:\/\/energizer.com\/eu\/france\/#website"},"datePublished":"2024-06-03T05:16:50+00:00","dateModified":"2024-08-24T04:56:04+00:00","breadcrumb":{"@id":"https:\/\/energizer.com\/eu\/france\/product\/energizer-vision-hd-focus-headlight\/#breadcrumb"},"inLanguage":"en-US","potentialAction":[{"@type":"ReadAction","target":["https:\/\/energizer.com\/eu\/france\/product\/energizer-vision-hd-focus-headlight\/"]}]},{"@type":"BreadcrumbList","@id":"https:\/\/energizer.com\/eu\/france\/product\/energizer-vision-hd-focus-headlight\/#breadcrumb","itemListElement":[{"@type":"ListItem","position":1,"name":"Home","item":"https:\/\/energizer.com\/eu\/france\/"},{"@type":"ListItem","position":2,"name":"Energizer Vision HD+ Focus Headlight"}]},{"@type":"WebSite","@id":"https:\/\/energizer.com\/eu\/france\/#website","url":"https:\/\/energizer.com\/eu\/france\/","name":"Energizer France","description":"","publisher":{"@id":"https:\/\/energizer.com\/eu\/france\/#organization"},"potentialAction":[{"@type":"SearchAction","target":{"@type":"EntryPoint","urlTemplate":"https:\/\/energizer.com\/eu\/france\/?s={search_term_string}"},"query-input":{"@type":"PropertyValueSpecification","valueRequired":true,"valueName":"search_term_string"}}],"inLanguage":"en-US"},{"@type":"Organization","@id":"https:\/\/energizer.com\/eu\/france\/#organization","name":"Energizer France","url":"https:\/\/energizer.com\/eu\/france\/","logo":{"@type":"ImageObject","inLanguage":"en-US","@id":"https:\/\/energizer.com\/eu\/france\/#\/schema\/logo\/image\/","url":"https:\/\/energizer.com\/eu\/france\/wp-content\/uploads\/sites\/8\/2024\/04\/Energizer_brand.png","contentUrl":"https:\/\/energizer.com\/eu\/france\/wp-content\/uploads\/sites\/8\/2024\/04\/Energizer_brand.png","width":267,"height":100,"caption":"Energizer France"},"image":{"@id":"https:\/\/energizer.com\/eu\/france\/#\/schema\/logo\/image\/"}}]}},"_links":{"self":[{"href":"https:\/\/energizer.com\/eu\/france\/wp-json\/wp\/v2\/product\/7516","targetHints":{"allow":["GET"]}}],"collection":[{"href":"https:\/\/energizer.com\/eu\/france\/wp-json\/wp\/v2\/product"}],"about":[{"href":"https:\/\/energizer.com\/eu\/france\/wp-json\/wp\/v2\/types\/product"}],"replies":[{"embeddable":true,"href":"https:\/\/energizer.com\/eu\/france\/wp-json\/wp\/v2\/comments?post=7516"}],"version-history":[{"count":5,"href":"https:\/\/energizer.com\/eu\/france\/wp-json\/wp\/v2\/product\/7516\/revisions"}],"predecessor-version":[{"id":9696,"href":"https:\/\/energizer.com\/eu\/france\/wp-json\/wp\/v2\/product\/7516\/revisions\/9696"}],"wp:attachment":[{"href":"https:\/\/energizer.com\/eu\/france\/wp-json\/wp\/v2\/media?parent=7516"}],"wp:term":[{"taxonomy":"product_brand","embeddable":true,"href":"https:\/\/energizer.com\/eu\/france\/wp-json\/wp\/v2\/product_brand?post=7516"},{"taxonomy":"product_cat","embeddable":true,"href":"https:\/\/energizer.com\/eu\/france\/wp-json\/wp\/v2\/product_cat?post=7516"},{"taxonomy":"product_tag","embeddable":true,"href":"https:\/\/energizer.com\/eu\/france\/wp-json\/wp\/v2\/product_tag?post=7516"}],"curies":[{"name":"wp","href":"https:\/\/api.w.org\/{rel}","templated":true}]}}