{"id":7569,"date":"2024-06-03T05:16:54","date_gmt":"2024-06-03T05:16:54","guid":{"rendered":"https:\/\/23b13e8ab3.nxcli.io\/france\/?post_type=product&#038;p=7569"},"modified":"2024-08-24T04:55:52","modified_gmt":"2024-08-24T04:55:52","slug":"energizer-pro-series-hybrid-work-light","status":"publish","type":"product","link":"https:\/\/energizer.com\/eu\/france\/product\/energizer-pro-series-hybrid-work-light\/","title":{"rendered":"Energizer Pro Series Hybrid Work Light"},"content":{"rendered":"<ul>\n<li>Lampe de travail Energizer Pro Series High CRI<\/li>\n<li>Technologie LED :Cette lampe LED haute performance de 1000 lumens est dot\u00e9e d&#8217;un IRC \u00e9lev\u00e9 pour une clart\u00e9 des couleurs haute d\u00e9finition, id\u00e9ale pour tous les projets<\/li>\n<li>Alimentation hybride : Cette lampe l\u00e9g\u00e8re et facile \u00e0 utiliser fonctionne \u00e0 la fois avec des piles rechargeables et des piles 3xAA, ce qui vous permet de faire face aux coupures de courant, aux travaux de bricolage et \u00e0 bien d&#8217;autres choses encore<\/li>\n<li>4 modes d&#8217;\u00e9clairage : Choisissez un mode qui correspond \u00e0 vos diff\u00e9rents besoins d&#8217;\u00e9clairage, parmi les modes haut, moyen, bas et spot<\/li>\n<li>Des heures d&#8217;autonomie : \u202fCette lanterne Energizer fiable et durable peut briller jusqu&#8217;\u00e0 60 heures en mode faible *Avec une batterie lithium-ion<br \/>\nConception intelligente : Cette lanterne l\u00e9g\u00e8re est \u00e9quip\u00e9e d&#8217;un crochet de suspension, d&#8217;une base magn\u00e9tique et d&#8217;un tr\u00e9pied pour une utilisation mains libres<\/li>\n<li>Alimentation rechargeable : Utilisez le port USB de cette lampe de travail pour charger votre t\u00e9l\u00e9phone ou tout autre appareil intelligent<\/li>\n<\/ul>\n","protected":false},"excerpt":{"rendered":"<p>Illuminez votre environnement sans effort avec cette lampe de travail haute performance. La lampe de travail hybride Energizer Pro Series offre jusqu&#8217;\u00e0 60 heures* d&#8217;\u00e9clairage en mode bas, ce qui est id\u00e9al pour le bricolage ou les projets de travail exigeants. Cette lampe \u00e0 panneau LED de 1000 lumens est dot\u00e9e d&#8217;un IRC \u00e9lev\u00e9 pour une clart\u00e9 des couleurs haute d\u00e9finition, ce qui permet d&#8217;\u00e9clairer les espaces les plus sombres. Choisissez le mode d&#8217;\u00e9clairage id\u00e9al pour votre activit\u00e9 : \u00e9clairage de zone \u00e9lev\u00e9, moyen et faible, ou \u00e9clairage direct avec une distance de faisceau de 150 m*. Cette lampe l\u00e9g\u00e8re et facile \u00e0 utiliser fonctionne avec des piles rechargeables ou des piles 3xAA, ce qui vous permet de faire face aux coupures de courant, aux travaux de bricolage et \u00e0 bien d&#8217;autres choses encore.<\/p>\n","protected":false},"featured_media":0,"comment_status":"open","ping_status":"closed","template":"","meta":{"_acf_changed":false},"product_brand":[],"product_cat":[43],"product_tag":[],"class_list":{"0":"post-7569","1":"product","2":"type-product","3":"status-publish","5":"product_cat-hands-free","6":"pa_uses-work","8":"first","9":"instock","10":"shipping-taxable","11":"product-type-simple"},"acf":[],"yoast_head":"<!-- This site is optimized with the Yoast SEO plugin v27.4 - https:\/\/yoast.com\/product\/yoast-seo-wordpress\/ -->\n<title>Energizer Pro Series Hybrid Work Light - France<\/title>\n<meta name=\"robots\" content=\"index, follow, max-snippet:-1, max-image-preview:large, max-video-preview:-1\" \/>\n<link rel=\"canonical\" href=\"https:\/\/energizer.com\/eu\/france\/product\/energizer-pro-series-hybrid-work-light\/\" \/>\n<meta property=\"og:locale\" content=\"en_US\" \/>\n<meta property=\"og:type\" content=\"article\" \/>\n<meta property=\"og:title\" content=\"Energizer Pro Series Hybrid Work Light - France\" \/>\n<meta property=\"og:description\" content=\"Illuminez votre environnement sans effort avec cette lampe de travail haute performance. La lampe de travail hybride Energizer Pro Series offre jusqu&#039;\u00e0 60 heures* d&#039;\u00e9clairage en mode bas, ce qui est id\u00e9al pour le bricolage ou les projets de travail exigeants. Cette lampe \u00e0 panneau LED de 1000 lumens est dot\u00e9e d&#039;un IRC \u00e9lev\u00e9 pour une clart\u00e9 des couleurs haute d\u00e9finition, ce qui permet d&#039;\u00e9clairer les espaces les plus sombres. Choisissez le mode d&#039;\u00e9clairage id\u00e9al pour votre activit\u00e9 : \u00e9clairage de zone \u00e9lev\u00e9, moyen et faible, ou \u00e9clairage direct avec une distance de faisceau de 150 m*. Cette lampe l\u00e9g\u00e8re et facile \u00e0 utiliser fonctionne avec des piles rechargeables ou des piles 3xAA, ce qui vous permet de faire face aux coupures de courant, aux travaux de bricolage et \u00e0 bien d&#039;autres choses encore.\" \/>\n<meta property=\"og:url\" content=\"https:\/\/energizer.com\/eu\/france\/product\/energizer-pro-series-hybrid-work-light\/\" \/>\n<meta property=\"og:site_name\" content=\"France\" \/>\n<meta property=\"article:modified_time\" content=\"2024-08-24T04:55:52+00:00\" \/>\n<meta name=\"twitter:card\" content=\"summary_large_image\" \/>\n<script type=\"application\/ld+json\" class=\"yoast-schema-graph\">{\"@context\":\"https:\\\/\\\/schema.org\",\"@graph\":[{\"@type\":\"WebPage\",\"@id\":\"https:\\\/\\\/energizer.com\\\/eu\\\/france\\\/product\\\/energizer-pro-series-hybrid-work-light\\\/\",\"url\":\"https:\\\/\\\/energizer.com\\\/eu\\\/france\\\/product\\\/energizer-pro-series-hybrid-work-light\\\/\",\"name\":\"Energizer Pro Series Hybrid Work Light - France\",\"isPartOf\":{\"@id\":\"https:\\\/\\\/energizer.com\\\/eu\\\/france\\\/#website\"},\"datePublished\":\"2024-06-03T05:16:54+00:00\",\"dateModified\":\"2024-08-24T04:55:52+00:00\",\"breadcrumb\":{\"@id\":\"https:\\\/\\\/energizer.com\\\/eu\\\/france\\\/product\\\/energizer-pro-series-hybrid-work-light\\\/#breadcrumb\"},\"inLanguage\":\"en-US\",\"potentialAction\":[{\"@type\":\"ReadAction\",\"target\":[\"https:\\\/\\\/energizer.com\\\/eu\\\/france\\\/product\\\/energizer-pro-series-hybrid-work-light\\\/\"]}]},{\"@type\":\"BreadcrumbList\",\"@id\":\"https:\\\/\\\/energizer.com\\\/eu\\\/france\\\/product\\\/energizer-pro-series-hybrid-work-light\\\/#breadcrumb\",\"itemListElement\":[{\"@type\":\"ListItem\",\"position\":1,\"name\":\"Home\",\"item\":\"https:\\\/\\\/energizer.com\\\/eu\\\/france\\\/\"},{\"@type\":\"ListItem\",\"position\":2,\"name\":\"Energizer Pro Series Hybrid Work Light\"}]},{\"@type\":\"WebSite\",\"@id\":\"https:\\\/\\\/energizer.com\\\/eu\\\/france\\\/#website\",\"url\":\"https:\\\/\\\/energizer.com\\\/eu\\\/france\\\/\",\"name\":\"Energizer France\",\"description\":\"\",\"publisher\":{\"@id\":\"https:\\\/\\\/energizer.com\\\/eu\\\/france\\\/#organization\"},\"potentialAction\":[{\"@type\":\"SearchAction\",\"target\":{\"@type\":\"EntryPoint\",\"urlTemplate\":\"https:\\\/\\\/energizer.com\\\/eu\\\/france\\\/?s={search_term_string}\"},\"query-input\":{\"@type\":\"PropertyValueSpecification\",\"valueRequired\":true,\"valueName\":\"search_term_string\"}}],\"inLanguage\":\"en-US\"},{\"@type\":\"Organization\",\"@id\":\"https:\\\/\\\/energizer.com\\\/eu\\\/france\\\/#organization\",\"name\":\"Energizer France\",\"url\":\"https:\\\/\\\/energizer.com\\\/eu\\\/france\\\/\",\"logo\":{\"@type\":\"ImageObject\",\"inLanguage\":\"en-US\",\"@id\":\"https:\\\/\\\/energizer.com\\\/eu\\\/france\\\/#\\\/schema\\\/logo\\\/image\\\/\",\"url\":\"https:\\\/\\\/energizer.com\\\/eu\\\/france\\\/wp-content\\\/uploads\\\/sites\\\/8\\\/2024\\\/04\\\/Energizer_brand.png\",\"contentUrl\":\"https:\\\/\\\/energizer.com\\\/eu\\\/france\\\/wp-content\\\/uploads\\\/sites\\\/8\\\/2024\\\/04\\\/Energizer_brand.png\",\"width\":267,\"height\":100,\"caption\":\"Energizer France\"},\"image\":{\"@id\":\"https:\\\/\\\/energizer.com\\\/eu\\\/france\\\/#\\\/schema\\\/logo\\\/image\\\/\"}}]}<\/script>\n<!-- \/ Yoast SEO plugin. -->","yoast_head_json":{"title":"Energizer Pro Series Hybrid Work Light - France","robots":{"index":"index","follow":"follow","max-snippet":"max-snippet:-1","max-image-preview":"max-image-preview:large","max-video-preview":"max-video-preview:-1"},"canonical":"https:\/\/energizer.com\/eu\/france\/product\/energizer-pro-series-hybrid-work-light\/","og_locale":"en_US","og_type":"article","og_title":"Energizer Pro Series Hybrid Work Light - France","og_description":"Illuminez votre environnement sans effort avec cette lampe de travail haute performance. La lampe de travail hybride Energizer Pro Series offre jusqu'\u00e0 60 heures* d'\u00e9clairage en mode bas, ce qui est id\u00e9al pour le bricolage ou les projets de travail exigeants. Cette lampe \u00e0 panneau LED de 1000 lumens est dot\u00e9e d'un IRC \u00e9lev\u00e9 pour une clart\u00e9 des couleurs haute d\u00e9finition, ce qui permet d'\u00e9clairer les espaces les plus sombres. Choisissez le mode d'\u00e9clairage id\u00e9al pour votre activit\u00e9 : \u00e9clairage de zone \u00e9lev\u00e9, moyen et faible, ou \u00e9clairage direct avec une distance de faisceau de 150 m*. Cette lampe l\u00e9g\u00e8re et facile \u00e0 utiliser fonctionne avec des piles rechargeables ou des piles 3xAA, ce qui vous permet de faire face aux coupures de courant, aux travaux de bricolage et \u00e0 bien d'autres choses encore.","og_url":"https:\/\/energizer.com\/eu\/france\/product\/energizer-pro-series-hybrid-work-light\/","og_site_name":"France","article_modified_time":"2024-08-24T04:55:52+00:00","twitter_card":"summary_large_image","schema":{"@context":"https:\/\/schema.org","@graph":[{"@type":"WebPage","@id":"https:\/\/energizer.com\/eu\/france\/product\/energizer-pro-series-hybrid-work-light\/","url":"https:\/\/energizer.com\/eu\/france\/product\/energizer-pro-series-hybrid-work-light\/","name":"Energizer Pro Series Hybrid Work Light - France","isPartOf":{"@id":"https:\/\/energizer.com\/eu\/france\/#website"},"datePublished":"2024-06-03T05:16:54+00:00","dateModified":"2024-08-24T04:55:52+00:00","breadcrumb":{"@id":"https:\/\/energizer.com\/eu\/france\/product\/energizer-pro-series-hybrid-work-light\/#breadcrumb"},"inLanguage":"en-US","potentialAction":[{"@type":"ReadAction","target":["https:\/\/energizer.com\/eu\/france\/product\/energizer-pro-series-hybrid-work-light\/"]}]},{"@type":"BreadcrumbList","@id":"https:\/\/energizer.com\/eu\/france\/product\/energizer-pro-series-hybrid-work-light\/#breadcrumb","itemListElement":[{"@type":"ListItem","position":1,"name":"Home","item":"https:\/\/energizer.com\/eu\/france\/"},{"@type":"ListItem","position":2,"name":"Energizer Pro Series Hybrid Work Light"}]},{"@type":"WebSite","@id":"https:\/\/energizer.com\/eu\/france\/#website","url":"https:\/\/energizer.com\/eu\/france\/","name":"Energizer France","description":"","publisher":{"@id":"https:\/\/energizer.com\/eu\/france\/#organization"},"potentialAction":[{"@type":"SearchAction","target":{"@type":"EntryPoint","urlTemplate":"https:\/\/energizer.com\/eu\/france\/?s={search_term_string}"},"query-input":{"@type":"PropertyValueSpecification","valueRequired":true,"valueName":"search_term_string"}}],"inLanguage":"en-US"},{"@type":"Organization","@id":"https:\/\/energizer.com\/eu\/france\/#organization","name":"Energizer France","url":"https:\/\/energizer.com\/eu\/france\/","logo":{"@type":"ImageObject","inLanguage":"en-US","@id":"https:\/\/energizer.com\/eu\/france\/#\/schema\/logo\/image\/","url":"https:\/\/energizer.com\/eu\/france\/wp-content\/uploads\/sites\/8\/2024\/04\/Energizer_brand.png","contentUrl":"https:\/\/energizer.com\/eu\/france\/wp-content\/uploads\/sites\/8\/2024\/04\/Energizer_brand.png","width":267,"height":100,"caption":"Energizer France"},"image":{"@id":"https:\/\/energizer.com\/eu\/france\/#\/schema\/logo\/image\/"}}]}},"_links":{"self":[{"href":"https:\/\/energizer.com\/eu\/france\/wp-json\/wp\/v2\/product\/7569","targetHints":{"allow":["GET"]}}],"collection":[{"href":"https:\/\/energizer.com\/eu\/france\/wp-json\/wp\/v2\/product"}],"about":[{"href":"https:\/\/energizer.com\/eu\/france\/wp-json\/wp\/v2\/types\/product"}],"replies":[{"embeddable":true,"href":"https:\/\/energizer.com\/eu\/france\/wp-json\/wp\/v2\/comments?post=7569"}],"version-history":[{"count":4,"href":"https:\/\/energizer.com\/eu\/france\/wp-json\/wp\/v2\/product\/7569\/revisions"}],"predecessor-version":[{"id":9677,"href":"https:\/\/energizer.com\/eu\/france\/wp-json\/wp\/v2\/product\/7569\/revisions\/9677"}],"wp:attachment":[{"href":"https:\/\/energizer.com\/eu\/france\/wp-json\/wp\/v2\/media?parent=7569"}],"wp:term":[{"taxonomy":"product_brand","embeddable":true,"href":"https:\/\/energizer.com\/eu\/france\/wp-json\/wp\/v2\/product_brand?post=7569"},{"taxonomy":"product_cat","embeddable":true,"href":"https:\/\/energizer.com\/eu\/france\/wp-json\/wp\/v2\/product_cat?post=7569"},{"taxonomy":"product_tag","embeddable":true,"href":"https:\/\/energizer.com\/eu\/france\/wp-json\/wp\/v2\/product_tag?post=7569"}],"curies":[{"name":"wp","href":"https:\/\/api.w.org\/{rel}","templated":true}]}}