{"id":4449,"date":"2024-05-16T12:30:54","date_gmt":"2024-05-16T12:30:54","guid":{"rendered":"https:\/\/23b13e8ab3.nxcli.io\/germany\/?post_type=product&#038;p=4449"},"modified":"2024-12-26T09:54:38","modified_gmt":"2024-12-26T09:54:38","slug":"energizer-photo-lithium-batteries-123","status":"publish","type":"product","link":"https:\/\/energizer.com\/eu\/germany\/product\/energizer-photo-lithium-batteries-123\/","title":{"rendered":"ENERGIZER\u00ae PHOTO LITHIUM BATTERIES \u2013 123"},"content":{"rendered":"<ul>\n<li><span data-sheets-root=\"1\" data-sheets-value=\"{&quot;1&quot;:2,&quot;2&quot;:&quot;2 St\u00fcck Energizer 123 Lithium-Fotobatterien, die Bild f\u00fcr Bild ergiebige Leistung bringen.&quot;}\">Energizer 123 Lithium-Fotobatterien, die Bild f\u00fcr Bild ergiebige Leistung bringen<\/span><\/li>\n<li>Kompatibel mit modernen Hightech-Ger\u00e4ten: Energizer-Fotobatterien liefern zuverl\u00e4ssig Leistung f\u00fcr Taschenlampen, digitale Kameras, digitale Camcorder, Smart Home-Ger\u00e4te, Blitzger\u00e4te, Laser usw<\/li>\n<li>Zuverl\u00e4ssig einsatzbereit: Unsere 123-Fotobatterien sind auch nach einer Lagerung von bis zu 10 Jahren einsatzbereit, So haben Sie immer eine leistungsf\u00e4hige Batterie zur Hand<\/li>\n<li>Typ: Lithium; Volt: 3<\/li>\n<li>Ersatz f\u00fcr: DL123A, CR17345, CR123A, K123LA<\/li>\n<li>Leistungsf\u00e4hig: Energizer-Fotobatterien sind auf die Anforderungen moderner Hochleistungsger\u00e4te ausgelegt<\/li>\n<\/ul>\n","protected":false},"excerpt":{"rendered":"<p>Verpassen Sie keine Aufnahme: Energizer 123-Fotobatterien bieten eine pr\u00e4zise, ergiebige Leistung f\u00fcr Ihre Kamera und Fotoausr\u00fcstung. Sie sind jedoch auch f\u00fcr andere Ger\u00e4te geeignet: Diese Lithium-Batterien k\u00f6nnen auch f\u00fcr Hightech-Taschenlampen, digitale Kameras, digitale Camcorder, Smart Home-Ger\u00e4te, Blitzger\u00e4te, Laser usw. verwendet werden. Dank einer Haltbarkeit von bis zu 10 Jahren sind diese Batterien besonders lange einsatzbereit.<\/p>\n","protected":false},"featured_media":0,"comment_status":"open","ping_status":"closed","template":"","meta":{"_acf_changed":false},"product_brand":[],"product_cat":[58],"product_tag":[],"class_list":{"0":"post-4449","1":"product","2":"type-product","3":"status-publish","5":"product_cat-speciality","7":"first","8":"instock","9":"shipping-taxable","10":"product-type-simple"},"acf":[],"yoast_head":"<!-- This site is optimized with the Yoast SEO plugin v27.2 - https:\/\/yoast.com\/product\/yoast-seo-wordpress\/ -->\n<title>ENERGIZER\u00ae PHOTO LITHIUM BATTERIES \u2013 123 - Germany<\/title>\n<meta name=\"robots\" content=\"index, follow, max-snippet:-1, max-image-preview:large, max-video-preview:-1\" \/>\n<link rel=\"canonical\" href=\"https:\/\/energizer.com\/eu\/germany\/product\/energizer-photo-lithium-batteries-123\/\" \/>\n<meta property=\"og:locale\" content=\"en_US\" \/>\n<meta property=\"og:type\" content=\"article\" \/>\n<meta property=\"og:title\" content=\"ENERGIZER\u00ae PHOTO LITHIUM BATTERIES \u2013 123 - Germany\" \/>\n<meta property=\"og:description\" content=\"Verpassen Sie keine Aufnahme: Energizer 123-Fotobatterien bieten eine pr\u00e4zise, ergiebige Leistung f\u00fcr Ihre Kamera und Fotoausr\u00fcstung. Sie sind jedoch auch f\u00fcr andere Ger\u00e4te geeignet: Diese Lithium-Batterien k\u00f6nnen auch f\u00fcr Hightech-Taschenlampen, digitale Kameras, digitale Camcorder, Smart Home-Ger\u00e4te, Blitzger\u00e4te, Laser usw. verwendet werden. Dank einer Haltbarkeit von bis zu 10 Jahren sind diese Batterien besonders lange einsatzbereit.\" \/>\n<meta property=\"og:url\" content=\"https:\/\/energizer.com\/eu\/germany\/product\/energizer-photo-lithium-batteries-123\/\" \/>\n<meta property=\"og:site_name\" content=\"Germany\" \/>\n<meta property=\"article:modified_time\" content=\"2024-12-26T09:54:38+00:00\" \/>\n<meta name=\"twitter:card\" content=\"summary_large_image\" \/>\n<script type=\"application\/ld+json\" class=\"yoast-schema-graph\">{\"@context\":\"https:\/\/schema.org\",\"@graph\":[{\"@type\":\"WebPage\",\"@id\":\"https:\/\/energizer.com\/eu\/germany\/product\/energizer-photo-lithium-batteries-123\/\",\"url\":\"https:\/\/energizer.com\/eu\/germany\/product\/energizer-photo-lithium-batteries-123\/\",\"name\":\"ENERGIZER\u00ae PHOTO LITHIUM BATTERIES \u2013 123 - Germany\",\"isPartOf\":{\"@id\":\"https:\/\/energizer.com\/eu\/germany\/#website\"},\"datePublished\":\"2024-05-16T12:30:54+00:00\",\"dateModified\":\"2024-12-26T09:54:38+00:00\",\"breadcrumb\":{\"@id\":\"https:\/\/energizer.com\/eu\/germany\/product\/energizer-photo-lithium-batteries-123\/#breadcrumb\"},\"inLanguage\":\"en-US\",\"potentialAction\":[{\"@type\":\"ReadAction\",\"target\":[\"https:\/\/energizer.com\/eu\/germany\/product\/energizer-photo-lithium-batteries-123\/\"]}]},{\"@type\":\"BreadcrumbList\",\"@id\":\"https:\/\/energizer.com\/eu\/germany\/product\/energizer-photo-lithium-batteries-123\/#breadcrumb\",\"itemListElement\":[{\"@type\":\"ListItem\",\"position\":1,\"name\":\"Home\",\"item\":\"https:\/\/energizer.com\/eu\/germany\/\"},{\"@type\":\"ListItem\",\"position\":2,\"name\":\"ENERGIZER\u00ae PHOTO LITHIUM BATTERIES \u2013 123\"}]},{\"@type\":\"WebSite\",\"@id\":\"https:\/\/energizer.com\/eu\/germany\/#website\",\"url\":\"https:\/\/energizer.com\/eu\/germany\/\",\"name\":\"Energizer Germany\",\"description\":\"\",\"publisher\":{\"@id\":\"https:\/\/energizer.com\/eu\/germany\/#organization\"},\"potentialAction\":[{\"@type\":\"SearchAction\",\"target\":{\"@type\":\"EntryPoint\",\"urlTemplate\":\"https:\/\/energizer.com\/eu\/germany\/?s={search_term_string}\"},\"query-input\":{\"@type\":\"PropertyValueSpecification\",\"valueRequired\":true,\"valueName\":\"search_term_string\"}}],\"inLanguage\":\"en-US\"},{\"@type\":\"Organization\",\"@id\":\"https:\/\/energizer.com\/eu\/germany\/#organization\",\"name\":\"Energizer Germany\",\"url\":\"https:\/\/energizer.com\/eu\/germany\/\",\"logo\":{\"@type\":\"ImageObject\",\"inLanguage\":\"en-US\",\"@id\":\"https:\/\/energizer.com\/eu\/germany\/#\/schema\/logo\/image\/\",\"url\":\"https:\/\/energizer.com\/eu\/germany\/wp-content\/uploads\/sites\/6\/2024\/04\/Energizer_brand.png\",\"contentUrl\":\"https:\/\/energizer.com\/eu\/germany\/wp-content\/uploads\/sites\/6\/2024\/04\/Energizer_brand.png\",\"width\":267,\"height\":100,\"caption\":\"Energizer Germany\"},\"image\":{\"@id\":\"https:\/\/energizer.com\/eu\/germany\/#\/schema\/logo\/image\/\"}}]}<\/script>\n<!-- \/ Yoast SEO plugin. -->","yoast_head_json":{"title":"ENERGIZER\u00ae PHOTO LITHIUM BATTERIES \u2013 123 - Germany","robots":{"index":"index","follow":"follow","max-snippet":"max-snippet:-1","max-image-preview":"max-image-preview:large","max-video-preview":"max-video-preview:-1"},"canonical":"https:\/\/energizer.com\/eu\/germany\/product\/energizer-photo-lithium-batteries-123\/","og_locale":"en_US","og_type":"article","og_title":"ENERGIZER\u00ae PHOTO LITHIUM BATTERIES \u2013 123 - Germany","og_description":"Verpassen Sie keine Aufnahme: Energizer 123-Fotobatterien bieten eine pr\u00e4zise, ergiebige Leistung f\u00fcr Ihre Kamera und Fotoausr\u00fcstung. Sie sind jedoch auch f\u00fcr andere Ger\u00e4te geeignet: Diese Lithium-Batterien k\u00f6nnen auch f\u00fcr Hightech-Taschenlampen, digitale Kameras, digitale Camcorder, Smart Home-Ger\u00e4te, Blitzger\u00e4te, Laser usw. verwendet werden. Dank einer Haltbarkeit von bis zu 10 Jahren sind diese Batterien besonders lange einsatzbereit.","og_url":"https:\/\/energizer.com\/eu\/germany\/product\/energizer-photo-lithium-batteries-123\/","og_site_name":"Germany","article_modified_time":"2024-12-26T09:54:38+00:00","twitter_card":"summary_large_image","schema":{"@context":"https:\/\/schema.org","@graph":[{"@type":"WebPage","@id":"https:\/\/energizer.com\/eu\/germany\/product\/energizer-photo-lithium-batteries-123\/","url":"https:\/\/energizer.com\/eu\/germany\/product\/energizer-photo-lithium-batteries-123\/","name":"ENERGIZER\u00ae PHOTO LITHIUM BATTERIES \u2013 123 - Germany","isPartOf":{"@id":"https:\/\/energizer.com\/eu\/germany\/#website"},"datePublished":"2024-05-16T12:30:54+00:00","dateModified":"2024-12-26T09:54:38+00:00","breadcrumb":{"@id":"https:\/\/energizer.com\/eu\/germany\/product\/energizer-photo-lithium-batteries-123\/#breadcrumb"},"inLanguage":"en-US","potentialAction":[{"@type":"ReadAction","target":["https:\/\/energizer.com\/eu\/germany\/product\/energizer-photo-lithium-batteries-123\/"]}]},{"@type":"BreadcrumbList","@id":"https:\/\/energizer.com\/eu\/germany\/product\/energizer-photo-lithium-batteries-123\/#breadcrumb","itemListElement":[{"@type":"ListItem","position":1,"name":"Home","item":"https:\/\/energizer.com\/eu\/germany\/"},{"@type":"ListItem","position":2,"name":"ENERGIZER\u00ae PHOTO LITHIUM BATTERIES \u2013 123"}]},{"@type":"WebSite","@id":"https:\/\/energizer.com\/eu\/germany\/#website","url":"https:\/\/energizer.com\/eu\/germany\/","name":"Energizer Germany","description":"","publisher":{"@id":"https:\/\/energizer.com\/eu\/germany\/#organization"},"potentialAction":[{"@type":"SearchAction","target":{"@type":"EntryPoint","urlTemplate":"https:\/\/energizer.com\/eu\/germany\/?s={search_term_string}"},"query-input":{"@type":"PropertyValueSpecification","valueRequired":true,"valueName":"search_term_string"}}],"inLanguage":"en-US"},{"@type":"Organization","@id":"https:\/\/energizer.com\/eu\/germany\/#organization","name":"Energizer Germany","url":"https:\/\/energizer.com\/eu\/germany\/","logo":{"@type":"ImageObject","inLanguage":"en-US","@id":"https:\/\/energizer.com\/eu\/germany\/#\/schema\/logo\/image\/","url":"https:\/\/energizer.com\/eu\/germany\/wp-content\/uploads\/sites\/6\/2024\/04\/Energizer_brand.png","contentUrl":"https:\/\/energizer.com\/eu\/germany\/wp-content\/uploads\/sites\/6\/2024\/04\/Energizer_brand.png","width":267,"height":100,"caption":"Energizer Germany"},"image":{"@id":"https:\/\/energizer.com\/eu\/germany\/#\/schema\/logo\/image\/"}}]}},"_links":{"self":[{"href":"https:\/\/energizer.com\/eu\/germany\/wp-json\/wp\/v2\/product\/4449","targetHints":{"allow":["GET"]}}],"collection":[{"href":"https:\/\/energizer.com\/eu\/germany\/wp-json\/wp\/v2\/product"}],"about":[{"href":"https:\/\/energizer.com\/eu\/germany\/wp-json\/wp\/v2\/types\/product"}],"replies":[{"embeddable":true,"href":"https:\/\/energizer.com\/eu\/germany\/wp-json\/wp\/v2\/comments?post=4449"}],"version-history":[{"count":9,"href":"https:\/\/energizer.com\/eu\/germany\/wp-json\/wp\/v2\/product\/4449\/revisions"}],"predecessor-version":[{"id":10270,"href":"https:\/\/energizer.com\/eu\/germany\/wp-json\/wp\/v2\/product\/4449\/revisions\/10270"}],"wp:attachment":[{"href":"https:\/\/energizer.com\/eu\/germany\/wp-json\/wp\/v2\/media?parent=4449"}],"wp:term":[{"taxonomy":"product_brand","embeddable":true,"href":"https:\/\/energizer.com\/eu\/germany\/wp-json\/wp\/v2\/product_brand?post=4449"},{"taxonomy":"product_cat","embeddable":true,"href":"https:\/\/energizer.com\/eu\/germany\/wp-json\/wp\/v2\/product_cat?post=4449"},{"taxonomy":"product_tag","embeddable":true,"href":"https:\/\/energizer.com\/eu\/germany\/wp-json\/wp\/v2\/product_tag?post=4449"}],"curies":[{"name":"wp","href":"https:\/\/api.w.org\/{rel}","templated":true}]}}