{"id":4631,"date":"2024-05-17T06:58:42","date_gmt":"2024-05-17T06:58:42","guid":{"rendered":"https:\/\/23b13e8ab3.nxcli.io\/germany\/?post_type=product&#038;p=4631"},"modified":"2024-08-23T07:37:01","modified_gmt":"2024-08-23T07:37:01","slug":"energizer-watch-batteries-371-370","status":"publish","type":"product","link":"https:\/\/energizer.com\/eu\/germany\/product\/energizer-watch-batteries-371-370\/","title":{"rendered":"ENERGIZER\u00ae WATCH BATTERIES \u2013 371\/370"},"content":{"rendered":"<ul>\n<li>Die quecksilberfreien Energizer-Alkalibatterien sind eine verantwortungsbewusste Wahl zur umweltfreundlichen Energieversorgung Ihrer Ger\u00e4te<\/li>\n<li>Hohe Energiedichte und geringe Selbstentladung<\/li>\n<li>Spezialbatterie mit Alkali Technologie<\/li>\n<\/ul>\n","protected":false},"excerpt":{"rendered":"<p>Spezialger\u00e4te haben einen speziellen Energiebedarf: Deshalb liefern die quecksilberfreien Spezialbatterien von Energizer zuverl\u00e4ssige Leistung f\u00fcr all Ihre Kleinger\u00e4te. Ob Bluetooth-Headsets, Gamepads, Kameras oder Medizinger\u00e4te, mit Energizer treffen Sie bei Alkali-Spezialzellen die richtige Wahl. \u00dcberzeugen Sie sich selbst \u2013 diese kleinen Batterien leisten Gro\u00dfes, wenn es um ergiebige Energie geht.<\/p>\n","protected":false},"featured_media":0,"comment_status":"open","ping_status":"closed","template":"","meta":{"_acf_changed":false},"product_brand":[],"product_cat":[58],"product_tag":[],"class_list":{"0":"post-4631","1":"product","2":"type-product","3":"status-publish","5":"product_cat-speciality","7":"first","8":"instock","9":"shipping-taxable","10":"product-type-simple"},"acf":[],"yoast_head":"<!-- This site is optimized with the Yoast SEO plugin v27.2 - https:\/\/yoast.com\/product\/yoast-seo-wordpress\/ -->\n<title>ENERGIZER\u00ae WATCH BATTERIES \u2013 371\/370 - Germany<\/title>\n<meta name=\"robots\" content=\"index, follow, max-snippet:-1, max-image-preview:large, max-video-preview:-1\" \/>\n<link rel=\"canonical\" href=\"https:\/\/energizer.com\/eu\/germany\/product\/energizer-watch-batteries-371-370\/\" \/>\n<meta property=\"og:locale\" content=\"en_US\" \/>\n<meta property=\"og:type\" content=\"article\" \/>\n<meta property=\"og:title\" content=\"ENERGIZER\u00ae WATCH BATTERIES \u2013 371\/370 - Germany\" \/>\n<meta property=\"og:description\" content=\"Spezialger\u00e4te haben einen speziellen Energiebedarf: Deshalb liefern die quecksilberfreien Spezialbatterien von Energizer zuverl\u00e4ssige Leistung f\u00fcr all Ihre Kleinger\u00e4te. Ob Bluetooth-Headsets, Gamepads, Kameras oder Medizinger\u00e4te, mit Energizer treffen Sie bei Alkali-Spezialzellen die richtige Wahl. \u00dcberzeugen Sie sich selbst \u2013 diese kleinen Batterien leisten Gro\u00dfes, wenn es um ergiebige Energie geht.\" \/>\n<meta property=\"og:url\" content=\"https:\/\/energizer.com\/eu\/germany\/product\/energizer-watch-batteries-371-370\/\" \/>\n<meta property=\"og:site_name\" content=\"Germany\" \/>\n<meta property=\"article:modified_time\" content=\"2024-08-23T07:37:01+00:00\" \/>\n<meta name=\"twitter:card\" content=\"summary_large_image\" \/>\n<script type=\"application\/ld+json\" class=\"yoast-schema-graph\">{\"@context\":\"https:\/\/schema.org\",\"@graph\":[{\"@type\":\"WebPage\",\"@id\":\"https:\/\/energizer.com\/eu\/germany\/product\/energizer-watch-batteries-371-370\/\",\"url\":\"https:\/\/energizer.com\/eu\/germany\/product\/energizer-watch-batteries-371-370\/\",\"name\":\"ENERGIZER\u00ae WATCH BATTERIES \u2013 371\/370 - Germany\",\"isPartOf\":{\"@id\":\"https:\/\/energizer.com\/eu\/germany\/#website\"},\"datePublished\":\"2024-05-17T06:58:42+00:00\",\"dateModified\":\"2024-08-23T07:37:01+00:00\",\"breadcrumb\":{\"@id\":\"https:\/\/energizer.com\/eu\/germany\/product\/energizer-watch-batteries-371-370\/#breadcrumb\"},\"inLanguage\":\"en-US\",\"potentialAction\":[{\"@type\":\"ReadAction\",\"target\":[\"https:\/\/energizer.com\/eu\/germany\/product\/energizer-watch-batteries-371-370\/\"]}]},{\"@type\":\"BreadcrumbList\",\"@id\":\"https:\/\/energizer.com\/eu\/germany\/product\/energizer-watch-batteries-371-370\/#breadcrumb\",\"itemListElement\":[{\"@type\":\"ListItem\",\"position\":1,\"name\":\"Home\",\"item\":\"https:\/\/energizer.com\/eu\/germany\/\"},{\"@type\":\"ListItem\",\"position\":2,\"name\":\"ENERGIZER\u00ae WATCH BATTERIES \u2013 371\/370\"}]},{\"@type\":\"WebSite\",\"@id\":\"https:\/\/energizer.com\/eu\/germany\/#website\",\"url\":\"https:\/\/energizer.com\/eu\/germany\/\",\"name\":\"Energizer Germany\",\"description\":\"\",\"publisher\":{\"@id\":\"https:\/\/energizer.com\/eu\/germany\/#organization\"},\"potentialAction\":[{\"@type\":\"SearchAction\",\"target\":{\"@type\":\"EntryPoint\",\"urlTemplate\":\"https:\/\/energizer.com\/eu\/germany\/?s={search_term_string}\"},\"query-input\":{\"@type\":\"PropertyValueSpecification\",\"valueRequired\":true,\"valueName\":\"search_term_string\"}}],\"inLanguage\":\"en-US\"},{\"@type\":\"Organization\",\"@id\":\"https:\/\/energizer.com\/eu\/germany\/#organization\",\"name\":\"Energizer Germany\",\"url\":\"https:\/\/energizer.com\/eu\/germany\/\",\"logo\":{\"@type\":\"ImageObject\",\"inLanguage\":\"en-US\",\"@id\":\"https:\/\/energizer.com\/eu\/germany\/#\/schema\/logo\/image\/\",\"url\":\"https:\/\/energizer.com\/eu\/germany\/wp-content\/uploads\/sites\/6\/2024\/04\/Energizer_brand.png\",\"contentUrl\":\"https:\/\/energizer.com\/eu\/germany\/wp-content\/uploads\/sites\/6\/2024\/04\/Energizer_brand.png\",\"width\":267,\"height\":100,\"caption\":\"Energizer Germany\"},\"image\":{\"@id\":\"https:\/\/energizer.com\/eu\/germany\/#\/schema\/logo\/image\/\"}}]}<\/script>\n<!-- \/ Yoast SEO plugin. -->","yoast_head_json":{"title":"ENERGIZER\u00ae WATCH BATTERIES \u2013 371\/370 - Germany","robots":{"index":"index","follow":"follow","max-snippet":"max-snippet:-1","max-image-preview":"max-image-preview:large","max-video-preview":"max-video-preview:-1"},"canonical":"https:\/\/energizer.com\/eu\/germany\/product\/energizer-watch-batteries-371-370\/","og_locale":"en_US","og_type":"article","og_title":"ENERGIZER\u00ae WATCH BATTERIES \u2013 371\/370 - Germany","og_description":"Spezialger\u00e4te haben einen speziellen Energiebedarf: Deshalb liefern die quecksilberfreien Spezialbatterien von Energizer zuverl\u00e4ssige Leistung f\u00fcr all Ihre Kleinger\u00e4te. Ob Bluetooth-Headsets, Gamepads, Kameras oder Medizinger\u00e4te, mit Energizer treffen Sie bei Alkali-Spezialzellen die richtige Wahl. \u00dcberzeugen Sie sich selbst \u2013 diese kleinen Batterien leisten Gro\u00dfes, wenn es um ergiebige Energie geht.","og_url":"https:\/\/energizer.com\/eu\/germany\/product\/energizer-watch-batteries-371-370\/","og_site_name":"Germany","article_modified_time":"2024-08-23T07:37:01+00:00","twitter_card":"summary_large_image","schema":{"@context":"https:\/\/schema.org","@graph":[{"@type":"WebPage","@id":"https:\/\/energizer.com\/eu\/germany\/product\/energizer-watch-batteries-371-370\/","url":"https:\/\/energizer.com\/eu\/germany\/product\/energizer-watch-batteries-371-370\/","name":"ENERGIZER\u00ae WATCH BATTERIES \u2013 371\/370 - Germany","isPartOf":{"@id":"https:\/\/energizer.com\/eu\/germany\/#website"},"datePublished":"2024-05-17T06:58:42+00:00","dateModified":"2024-08-23T07:37:01+00:00","breadcrumb":{"@id":"https:\/\/energizer.com\/eu\/germany\/product\/energizer-watch-batteries-371-370\/#breadcrumb"},"inLanguage":"en-US","potentialAction":[{"@type":"ReadAction","target":["https:\/\/energizer.com\/eu\/germany\/product\/energizer-watch-batteries-371-370\/"]}]},{"@type":"BreadcrumbList","@id":"https:\/\/energizer.com\/eu\/germany\/product\/energizer-watch-batteries-371-370\/#breadcrumb","itemListElement":[{"@type":"ListItem","position":1,"name":"Home","item":"https:\/\/energizer.com\/eu\/germany\/"},{"@type":"ListItem","position":2,"name":"ENERGIZER\u00ae WATCH BATTERIES \u2013 371\/370"}]},{"@type":"WebSite","@id":"https:\/\/energizer.com\/eu\/germany\/#website","url":"https:\/\/energizer.com\/eu\/germany\/","name":"Energizer Germany","description":"","publisher":{"@id":"https:\/\/energizer.com\/eu\/germany\/#organization"},"potentialAction":[{"@type":"SearchAction","target":{"@type":"EntryPoint","urlTemplate":"https:\/\/energizer.com\/eu\/germany\/?s={search_term_string}"},"query-input":{"@type":"PropertyValueSpecification","valueRequired":true,"valueName":"search_term_string"}}],"inLanguage":"en-US"},{"@type":"Organization","@id":"https:\/\/energizer.com\/eu\/germany\/#organization","name":"Energizer Germany","url":"https:\/\/energizer.com\/eu\/germany\/","logo":{"@type":"ImageObject","inLanguage":"en-US","@id":"https:\/\/energizer.com\/eu\/germany\/#\/schema\/logo\/image\/","url":"https:\/\/energizer.com\/eu\/germany\/wp-content\/uploads\/sites\/6\/2024\/04\/Energizer_brand.png","contentUrl":"https:\/\/energizer.com\/eu\/germany\/wp-content\/uploads\/sites\/6\/2024\/04\/Energizer_brand.png","width":267,"height":100,"caption":"Energizer Germany"},"image":{"@id":"https:\/\/energizer.com\/eu\/germany\/#\/schema\/logo\/image\/"}}]}},"_links":{"self":[{"href":"https:\/\/energizer.com\/eu\/germany\/wp-json\/wp\/v2\/product\/4631","targetHints":{"allow":["GET"]}}],"collection":[{"href":"https:\/\/energizer.com\/eu\/germany\/wp-json\/wp\/v2\/product"}],"about":[{"href":"https:\/\/energizer.com\/eu\/germany\/wp-json\/wp\/v2\/types\/product"}],"replies":[{"embeddable":true,"href":"https:\/\/energizer.com\/eu\/germany\/wp-json\/wp\/v2\/comments?post=4631"}],"version-history":[{"count":6,"href":"https:\/\/energizer.com\/eu\/germany\/wp-json\/wp\/v2\/product\/4631\/revisions"}],"predecessor-version":[{"id":7281,"href":"https:\/\/energizer.com\/eu\/germany\/wp-json\/wp\/v2\/product\/4631\/revisions\/7281"}],"wp:attachment":[{"href":"https:\/\/energizer.com\/eu\/germany\/wp-json\/wp\/v2\/media?parent=4631"}],"wp:term":[{"taxonomy":"product_brand","embeddable":true,"href":"https:\/\/energizer.com\/eu\/germany\/wp-json\/wp\/v2\/product_brand?post=4631"},{"taxonomy":"product_cat","embeddable":true,"href":"https:\/\/energizer.com\/eu\/germany\/wp-json\/wp\/v2\/product_cat?post=4631"},{"taxonomy":"product_tag","embeddable":true,"href":"https:\/\/energizer.com\/eu\/germany\/wp-json\/wp\/v2\/product_tag?post=4631"}],"curies":[{"name":"wp","href":"https:\/\/api.w.org\/{rel}","templated":true}]}}