{"id":5222,"date":"2024-05-21T18:47:18","date_gmt":"2024-05-21T18:47:18","guid":{"rendered":"https:\/\/23b13e8ab3.nxcli.io\/germany\/?post_type=product&#038;p=5222"},"modified":"2024-08-23T07:25:56","modified_gmt":"2024-08-23T07:25:56","slug":"energizer-opp-led-torch-2d","status":"publish","type":"product","link":"https:\/\/energizer.com\/eu\/germany\/product\/energizer-opp-led-torch-2d\/","title":{"rendered":"Energizer OPP LED Torch 2D"},"content":{"rendered":"<ul>\n<li>Geripptes Design f\u00fcr sicheren Halt<\/li>\n<li>Leicht zu bedienender Druckknopfschalter<\/li>\n<li>Bis zu 5X heller als herk\u00f6mmliche LED-Technologie<\/li>\n<li>Lange Laufzeit<\/li>\n<li>Merkmale LED-Technologie<\/li>\n<li>Funktioniert mit zwei D-Batterien<\/li>\n<\/ul>\n","protected":false},"excerpt":{"rendered":"<p>Die Allzweck-LED-Taschenlampe ist eine gro\u00dfartige Beleuchtungsl\u00f6sung f\u00fcr grundlegende Bed\u00fcrfnisse. Mit der hellen, energieeffizienten LED-Technologie, die bis zu 5 Mal heller ist als herk\u00f6mmliche LED-Technologie, erhalten die Benutzer einen hellen Strahl und eine extra lange Laufzeit. Das gerippte Design sorgt f\u00fcr einen sicheren, rutschfesten Griff, und ein praktischer Druckknopfschalter macht es jedem Benutzer leicht, das Licht schnell ein- und auszuschalten. Die Stromversorgung erfolgt einfach \u00fcber zwei D-Batterien.<\/p>\n","protected":false},"featured_media":0,"comment_status":"open","ping_status":"closed","template":"","meta":{"_acf_changed":false},"product_brand":[],"product_cat":[97],"product_tag":[],"class_list":{"0":"post-5222","1":"product","2":"type-product","3":"status-publish","5":"product_cat-handheld","6":"pa_uses-everyday","8":"first","9":"instock","10":"shipping-taxable","11":"product-type-simple"},"acf":[],"yoast_head":"<!-- This site is optimized with the Yoast SEO plugin v27.4 - https:\/\/yoast.com\/product\/yoast-seo-wordpress\/ -->\n<title>Energizer OPP LED Torch 2D - Germany<\/title>\n<meta name=\"robots\" content=\"index, follow, max-snippet:-1, max-image-preview:large, max-video-preview:-1\" \/>\n<link rel=\"canonical\" href=\"https:\/\/energizer.com\/eu\/germany\/product\/energizer-opp-led-torch-2d\/\" \/>\n<meta property=\"og:locale\" content=\"en_US\" \/>\n<meta property=\"og:type\" content=\"article\" \/>\n<meta property=\"og:title\" content=\"Energizer OPP LED Torch 2D - Germany\" \/>\n<meta property=\"og:description\" content=\"Die Allzweck-LED-Taschenlampe ist eine gro\u00dfartige Beleuchtungsl\u00f6sung f\u00fcr grundlegende Bed\u00fcrfnisse. Mit der hellen, energieeffizienten LED-Technologie, die bis zu 5 Mal heller ist als herk\u00f6mmliche LED-Technologie, erhalten die Benutzer einen hellen Strahl und eine extra lange Laufzeit. Das gerippte Design sorgt f\u00fcr einen sicheren, rutschfesten Griff, und ein praktischer Druckknopfschalter macht es jedem Benutzer leicht, das Licht schnell ein- und auszuschalten. Die Stromversorgung erfolgt einfach \u00fcber zwei D-Batterien.\" \/>\n<meta property=\"og:url\" content=\"https:\/\/energizer.com\/eu\/germany\/product\/energizer-opp-led-torch-2d\/\" \/>\n<meta property=\"og:site_name\" content=\"Germany\" \/>\n<meta property=\"article:modified_time\" content=\"2024-08-23T07:25:56+00:00\" \/>\n<meta name=\"twitter:card\" content=\"summary_large_image\" \/>\n<script type=\"application\/ld+json\" class=\"yoast-schema-graph\">{\"@context\":\"https:\\\/\\\/schema.org\",\"@graph\":[{\"@type\":\"WebPage\",\"@id\":\"https:\\\/\\\/energizer.com\\\/eu\\\/germany\\\/product\\\/energizer-opp-led-torch-2d\\\/\",\"url\":\"https:\\\/\\\/energizer.com\\\/eu\\\/germany\\\/product\\\/energizer-opp-led-torch-2d\\\/\",\"name\":\"Energizer OPP LED Torch 2D - Germany\",\"isPartOf\":{\"@id\":\"https:\\\/\\\/energizer.com\\\/eu\\\/germany\\\/#website\"},\"datePublished\":\"2024-05-21T18:47:18+00:00\",\"dateModified\":\"2024-08-23T07:25:56+00:00\",\"breadcrumb\":{\"@id\":\"https:\\\/\\\/energizer.com\\\/eu\\\/germany\\\/product\\\/energizer-opp-led-torch-2d\\\/#breadcrumb\"},\"inLanguage\":\"en-US\",\"potentialAction\":[{\"@type\":\"ReadAction\",\"target\":[\"https:\\\/\\\/energizer.com\\\/eu\\\/germany\\\/product\\\/energizer-opp-led-torch-2d\\\/\"]}]},{\"@type\":\"BreadcrumbList\",\"@id\":\"https:\\\/\\\/energizer.com\\\/eu\\\/germany\\\/product\\\/energizer-opp-led-torch-2d\\\/#breadcrumb\",\"itemListElement\":[{\"@type\":\"ListItem\",\"position\":1,\"name\":\"Home\",\"item\":\"https:\\\/\\\/energizer.com\\\/eu\\\/germany\\\/\"},{\"@type\":\"ListItem\",\"position\":2,\"name\":\"Energizer OPP LED Torch 2D\"}]},{\"@type\":\"WebSite\",\"@id\":\"https:\\\/\\\/energizer.com\\\/eu\\\/germany\\\/#website\",\"url\":\"https:\\\/\\\/energizer.com\\\/eu\\\/germany\\\/\",\"name\":\"Energizer Germany\",\"description\":\"\",\"publisher\":{\"@id\":\"https:\\\/\\\/energizer.com\\\/eu\\\/germany\\\/#organization\"},\"potentialAction\":[{\"@type\":\"SearchAction\",\"target\":{\"@type\":\"EntryPoint\",\"urlTemplate\":\"https:\\\/\\\/energizer.com\\\/eu\\\/germany\\\/?s={search_term_string}\"},\"query-input\":{\"@type\":\"PropertyValueSpecification\",\"valueRequired\":true,\"valueName\":\"search_term_string\"}}],\"inLanguage\":\"en-US\"},{\"@type\":\"Organization\",\"@id\":\"https:\\\/\\\/energizer.com\\\/eu\\\/germany\\\/#organization\",\"name\":\"Energizer Germany\",\"url\":\"https:\\\/\\\/energizer.com\\\/eu\\\/germany\\\/\",\"logo\":{\"@type\":\"ImageObject\",\"inLanguage\":\"en-US\",\"@id\":\"https:\\\/\\\/energizer.com\\\/eu\\\/germany\\\/#\\\/schema\\\/logo\\\/image\\\/\",\"url\":\"https:\\\/\\\/energizer.com\\\/eu\\\/germany\\\/wp-content\\\/uploads\\\/sites\\\/6\\\/2024\\\/04\\\/Energizer_brand.png\",\"contentUrl\":\"https:\\\/\\\/energizer.com\\\/eu\\\/germany\\\/wp-content\\\/uploads\\\/sites\\\/6\\\/2024\\\/04\\\/Energizer_brand.png\",\"width\":267,\"height\":100,\"caption\":\"Energizer Germany\"},\"image\":{\"@id\":\"https:\\\/\\\/energizer.com\\\/eu\\\/germany\\\/#\\\/schema\\\/logo\\\/image\\\/\"}}]}<\/script>\n<!-- \/ Yoast SEO plugin. -->","yoast_head_json":{"title":"Energizer OPP LED Torch 2D - Germany","robots":{"index":"index","follow":"follow","max-snippet":"max-snippet:-1","max-image-preview":"max-image-preview:large","max-video-preview":"max-video-preview:-1"},"canonical":"https:\/\/energizer.com\/eu\/germany\/product\/energizer-opp-led-torch-2d\/","og_locale":"en_US","og_type":"article","og_title":"Energizer OPP LED Torch 2D - Germany","og_description":"Die Allzweck-LED-Taschenlampe ist eine gro\u00dfartige Beleuchtungsl\u00f6sung f\u00fcr grundlegende Bed\u00fcrfnisse. Mit der hellen, energieeffizienten LED-Technologie, die bis zu 5 Mal heller ist als herk\u00f6mmliche LED-Technologie, erhalten die Benutzer einen hellen Strahl und eine extra lange Laufzeit. Das gerippte Design sorgt f\u00fcr einen sicheren, rutschfesten Griff, und ein praktischer Druckknopfschalter macht es jedem Benutzer leicht, das Licht schnell ein- und auszuschalten. Die Stromversorgung erfolgt einfach \u00fcber zwei D-Batterien.","og_url":"https:\/\/energizer.com\/eu\/germany\/product\/energizer-opp-led-torch-2d\/","og_site_name":"Germany","article_modified_time":"2024-08-23T07:25:56+00:00","twitter_card":"summary_large_image","schema":{"@context":"https:\/\/schema.org","@graph":[{"@type":"WebPage","@id":"https:\/\/energizer.com\/eu\/germany\/product\/energizer-opp-led-torch-2d\/","url":"https:\/\/energizer.com\/eu\/germany\/product\/energizer-opp-led-torch-2d\/","name":"Energizer OPP LED Torch 2D - Germany","isPartOf":{"@id":"https:\/\/energizer.com\/eu\/germany\/#website"},"datePublished":"2024-05-21T18:47:18+00:00","dateModified":"2024-08-23T07:25:56+00:00","breadcrumb":{"@id":"https:\/\/energizer.com\/eu\/germany\/product\/energizer-opp-led-torch-2d\/#breadcrumb"},"inLanguage":"en-US","potentialAction":[{"@type":"ReadAction","target":["https:\/\/energizer.com\/eu\/germany\/product\/energizer-opp-led-torch-2d\/"]}]},{"@type":"BreadcrumbList","@id":"https:\/\/energizer.com\/eu\/germany\/product\/energizer-opp-led-torch-2d\/#breadcrumb","itemListElement":[{"@type":"ListItem","position":1,"name":"Home","item":"https:\/\/energizer.com\/eu\/germany\/"},{"@type":"ListItem","position":2,"name":"Energizer OPP LED Torch 2D"}]},{"@type":"WebSite","@id":"https:\/\/energizer.com\/eu\/germany\/#website","url":"https:\/\/energizer.com\/eu\/germany\/","name":"Energizer Germany","description":"","publisher":{"@id":"https:\/\/energizer.com\/eu\/germany\/#organization"},"potentialAction":[{"@type":"SearchAction","target":{"@type":"EntryPoint","urlTemplate":"https:\/\/energizer.com\/eu\/germany\/?s={search_term_string}"},"query-input":{"@type":"PropertyValueSpecification","valueRequired":true,"valueName":"search_term_string"}}],"inLanguage":"en-US"},{"@type":"Organization","@id":"https:\/\/energizer.com\/eu\/germany\/#organization","name":"Energizer Germany","url":"https:\/\/energizer.com\/eu\/germany\/","logo":{"@type":"ImageObject","inLanguage":"en-US","@id":"https:\/\/energizer.com\/eu\/germany\/#\/schema\/logo\/image\/","url":"https:\/\/energizer.com\/eu\/germany\/wp-content\/uploads\/sites\/6\/2024\/04\/Energizer_brand.png","contentUrl":"https:\/\/energizer.com\/eu\/germany\/wp-content\/uploads\/sites\/6\/2024\/04\/Energizer_brand.png","width":267,"height":100,"caption":"Energizer Germany"},"image":{"@id":"https:\/\/energizer.com\/eu\/germany\/#\/schema\/logo\/image\/"}}]}},"_links":{"self":[{"href":"https:\/\/energizer.com\/eu\/germany\/wp-json\/wp\/v2\/product\/5222","targetHints":{"allow":["GET"]}}],"collection":[{"href":"https:\/\/energizer.com\/eu\/germany\/wp-json\/wp\/v2\/product"}],"about":[{"href":"https:\/\/energizer.com\/eu\/germany\/wp-json\/wp\/v2\/types\/product"}],"replies":[{"embeddable":true,"href":"https:\/\/energizer.com\/eu\/germany\/wp-json\/wp\/v2\/comments?post=5222"}],"version-history":[{"count":3,"href":"https:\/\/energizer.com\/eu\/germany\/wp-json\/wp\/v2\/product\/5222\/revisions"}],"predecessor-version":[{"id":7894,"href":"https:\/\/energizer.com\/eu\/germany\/wp-json\/wp\/v2\/product\/5222\/revisions\/7894"}],"wp:attachment":[{"href":"https:\/\/energizer.com\/eu\/germany\/wp-json\/wp\/v2\/media?parent=5222"}],"wp:term":[{"taxonomy":"product_brand","embeddable":true,"href":"https:\/\/energizer.com\/eu\/germany\/wp-json\/wp\/v2\/product_brand?post=5222"},{"taxonomy":"product_cat","embeddable":true,"href":"https:\/\/energizer.com\/eu\/germany\/wp-json\/wp\/v2\/product_cat?post=5222"},{"taxonomy":"product_tag","embeddable":true,"href":"https:\/\/energizer.com\/eu\/germany\/wp-json\/wp\/v2\/product_tag?post=5222"}],"curies":[{"name":"wp","href":"https:\/\/api.w.org\/{rel}","templated":true}]}}