{"id":7263,"date":"2024-05-31T13:57:09","date_gmt":"2024-05-31T13:57:09","guid":{"rendered":"https:\/\/23b13e8ab3.nxcli.io\/germany\/?post_type=product&#038;p=7263"},"modified":"2024-08-23T13:10:20","modified_gmt":"2024-08-23T13:10:20","slug":"energizer-electronic-batteries-epx76","status":"publish","type":"product","link":"https:\/\/energizer.com\/eu\/germany\/product\/energizer-electronic-batteries-epx76\/","title":{"rendered":"ENERGIZER\u00ae ELECTRONIC BATTERIES \u2013 EPX76"},"content":{"rendered":"<ul>\n<li>E-Book-Reader<\/li>\n<li>Tragbare Spielkonsolen<\/li>\n<li>Pers\u00f6nliche Organizer<\/li>\n<li>Elektronische Spiele und Spielzeuge<\/li>\n<li>Computer<\/li>\n<li>Fernbedienungen<\/li>\n<li>K\u00f6rperpflege<\/li>\n<li>Taschenrechner<\/li>\n<li>Schl\u00fcssellose und elektrische Schl\u00f6sser<\/li>\n<li>Garagen\u00f6ffner<\/li>\n<li>Digitale Thermometer<\/li>\n<li>Blutdruckmessger\u00e4te<\/li>\n<li>Gesundheit zu Hause<\/li>\n<\/ul>\n","protected":false},"excerpt":{"rendered":"<p>Energizer ist seit Jahrzehnten weltweit f\u00fchrend im Bereich kleiner Elektronikbatterien. Sie k\u00f6nnen sich also auf die pr\u00e4zise Technik der Batterien verlassen, wenn es um die Stromversorgung all Ihrer elektronischen Kleinger\u00e4te geht, von Blutzuckermessger\u00e4ten und Fitness-Trackern bis hin zu den neuesten Spielen und Spielzeugen.<\/p>\n","protected":false},"featured_media":0,"comment_status":"open","ping_status":"closed","template":"","meta":{"_acf_changed":false},"product_brand":[],"product_cat":[58],"product_tag":[],"class_list":{"0":"post-7263","1":"product","2":"type-product","3":"status-publish","5":"product_cat-speciality","7":"first","8":"instock","9":"shipping-taxable","10":"product-type-simple"},"acf":[],"yoast_head":"<!-- This site is optimized with the Yoast SEO plugin v27.2 - https:\/\/yoast.com\/product\/yoast-seo-wordpress\/ -->\n<title>ENERGIZER\u00ae ELECTRONIC BATTERIES \u2013 EPX76 - Germany<\/title>\n<meta name=\"robots\" content=\"index, follow, max-snippet:-1, max-image-preview:large, max-video-preview:-1\" \/>\n<link rel=\"canonical\" href=\"https:\/\/energizer.com\/eu\/germany\/product\/energizer-electronic-batteries-epx76\/\" \/>\n<meta property=\"og:locale\" content=\"en_US\" \/>\n<meta property=\"og:type\" content=\"article\" \/>\n<meta property=\"og:title\" content=\"ENERGIZER\u00ae ELECTRONIC BATTERIES \u2013 EPX76 - Germany\" \/>\n<meta property=\"og:description\" content=\"Energizer ist seit Jahrzehnten weltweit f\u00fchrend im Bereich kleiner Elektronikbatterien. Sie k\u00f6nnen sich also auf die pr\u00e4zise Technik der Batterien verlassen, wenn es um die Stromversorgung all Ihrer elektronischen Kleinger\u00e4te geht, von Blutzuckermessger\u00e4ten und Fitness-Trackern bis hin zu den neuesten Spielen und Spielzeugen.\" \/>\n<meta property=\"og:url\" content=\"https:\/\/energizer.com\/eu\/germany\/product\/energizer-electronic-batteries-epx76\/\" \/>\n<meta property=\"og:site_name\" content=\"Germany\" \/>\n<meta property=\"article:modified_time\" content=\"2024-08-23T13:10:20+00:00\" \/>\n<meta name=\"twitter:card\" content=\"summary_large_image\" \/>\n<script type=\"application\/ld+json\" class=\"yoast-schema-graph\">{\"@context\":\"https:\/\/schema.org\",\"@graph\":[{\"@type\":\"WebPage\",\"@id\":\"https:\/\/energizer.com\/eu\/germany\/product\/energizer-electronic-batteries-epx76\/\",\"url\":\"https:\/\/energizer.com\/eu\/germany\/product\/energizer-electronic-batteries-epx76\/\",\"name\":\"ENERGIZER\u00ae ELECTRONIC BATTERIES \u2013 EPX76 - Germany\",\"isPartOf\":{\"@id\":\"https:\/\/energizer.com\/eu\/germany\/#website\"},\"datePublished\":\"2024-05-31T13:57:09+00:00\",\"dateModified\":\"2024-08-23T13:10:20+00:00\",\"breadcrumb\":{\"@id\":\"https:\/\/energizer.com\/eu\/germany\/product\/energizer-electronic-batteries-epx76\/#breadcrumb\"},\"inLanguage\":\"en-US\",\"potentialAction\":[{\"@type\":\"ReadAction\",\"target\":[\"https:\/\/energizer.com\/eu\/germany\/product\/energizer-electronic-batteries-epx76\/\"]}]},{\"@type\":\"BreadcrumbList\",\"@id\":\"https:\/\/energizer.com\/eu\/germany\/product\/energizer-electronic-batteries-epx76\/#breadcrumb\",\"itemListElement\":[{\"@type\":\"ListItem\",\"position\":1,\"name\":\"Home\",\"item\":\"https:\/\/energizer.com\/eu\/germany\/\"},{\"@type\":\"ListItem\",\"position\":2,\"name\":\"ENERGIZER\u00ae ELECTRONIC BATTERIES \u2013 EPX76\"}]},{\"@type\":\"WebSite\",\"@id\":\"https:\/\/energizer.com\/eu\/germany\/#website\",\"url\":\"https:\/\/energizer.com\/eu\/germany\/\",\"name\":\"Energizer Germany\",\"description\":\"\",\"publisher\":{\"@id\":\"https:\/\/energizer.com\/eu\/germany\/#organization\"},\"potentialAction\":[{\"@type\":\"SearchAction\",\"target\":{\"@type\":\"EntryPoint\",\"urlTemplate\":\"https:\/\/energizer.com\/eu\/germany\/?s={search_term_string}\"},\"query-input\":{\"@type\":\"PropertyValueSpecification\",\"valueRequired\":true,\"valueName\":\"search_term_string\"}}],\"inLanguage\":\"en-US\"},{\"@type\":\"Organization\",\"@id\":\"https:\/\/energizer.com\/eu\/germany\/#organization\",\"name\":\"Energizer Germany\",\"url\":\"https:\/\/energizer.com\/eu\/germany\/\",\"logo\":{\"@type\":\"ImageObject\",\"inLanguage\":\"en-US\",\"@id\":\"https:\/\/energizer.com\/eu\/germany\/#\/schema\/logo\/image\/\",\"url\":\"https:\/\/energizer.com\/eu\/germany\/wp-content\/uploads\/sites\/6\/2024\/04\/Energizer_brand.png\",\"contentUrl\":\"https:\/\/energizer.com\/eu\/germany\/wp-content\/uploads\/sites\/6\/2024\/04\/Energizer_brand.png\",\"width\":267,\"height\":100,\"caption\":\"Energizer Germany\"},\"image\":{\"@id\":\"https:\/\/energizer.com\/eu\/germany\/#\/schema\/logo\/image\/\"}}]}<\/script>\n<!-- \/ Yoast SEO plugin. -->","yoast_head_json":{"title":"ENERGIZER\u00ae ELECTRONIC BATTERIES \u2013 EPX76 - Germany","robots":{"index":"index","follow":"follow","max-snippet":"max-snippet:-1","max-image-preview":"max-image-preview:large","max-video-preview":"max-video-preview:-1"},"canonical":"https:\/\/energizer.com\/eu\/germany\/product\/energizer-electronic-batteries-epx76\/","og_locale":"en_US","og_type":"article","og_title":"ENERGIZER\u00ae ELECTRONIC BATTERIES \u2013 EPX76 - Germany","og_description":"Energizer ist seit Jahrzehnten weltweit f\u00fchrend im Bereich kleiner Elektronikbatterien. Sie k\u00f6nnen sich also auf die pr\u00e4zise Technik der Batterien verlassen, wenn es um die Stromversorgung all Ihrer elektronischen Kleinger\u00e4te geht, von Blutzuckermessger\u00e4ten und Fitness-Trackern bis hin zu den neuesten Spielen und Spielzeugen.","og_url":"https:\/\/energizer.com\/eu\/germany\/product\/energizer-electronic-batteries-epx76\/","og_site_name":"Germany","article_modified_time":"2024-08-23T13:10:20+00:00","twitter_card":"summary_large_image","schema":{"@context":"https:\/\/schema.org","@graph":[{"@type":"WebPage","@id":"https:\/\/energizer.com\/eu\/germany\/product\/energizer-electronic-batteries-epx76\/","url":"https:\/\/energizer.com\/eu\/germany\/product\/energizer-electronic-batteries-epx76\/","name":"ENERGIZER\u00ae ELECTRONIC BATTERIES \u2013 EPX76 - Germany","isPartOf":{"@id":"https:\/\/energizer.com\/eu\/germany\/#website"},"datePublished":"2024-05-31T13:57:09+00:00","dateModified":"2024-08-23T13:10:20+00:00","breadcrumb":{"@id":"https:\/\/energizer.com\/eu\/germany\/product\/energizer-electronic-batteries-epx76\/#breadcrumb"},"inLanguage":"en-US","potentialAction":[{"@type":"ReadAction","target":["https:\/\/energizer.com\/eu\/germany\/product\/energizer-electronic-batteries-epx76\/"]}]},{"@type":"BreadcrumbList","@id":"https:\/\/energizer.com\/eu\/germany\/product\/energizer-electronic-batteries-epx76\/#breadcrumb","itemListElement":[{"@type":"ListItem","position":1,"name":"Home","item":"https:\/\/energizer.com\/eu\/germany\/"},{"@type":"ListItem","position":2,"name":"ENERGIZER\u00ae ELECTRONIC BATTERIES \u2013 EPX76"}]},{"@type":"WebSite","@id":"https:\/\/energizer.com\/eu\/germany\/#website","url":"https:\/\/energizer.com\/eu\/germany\/","name":"Energizer Germany","description":"","publisher":{"@id":"https:\/\/energizer.com\/eu\/germany\/#organization"},"potentialAction":[{"@type":"SearchAction","target":{"@type":"EntryPoint","urlTemplate":"https:\/\/energizer.com\/eu\/germany\/?s={search_term_string}"},"query-input":{"@type":"PropertyValueSpecification","valueRequired":true,"valueName":"search_term_string"}}],"inLanguage":"en-US"},{"@type":"Organization","@id":"https:\/\/energizer.com\/eu\/germany\/#organization","name":"Energizer Germany","url":"https:\/\/energizer.com\/eu\/germany\/","logo":{"@type":"ImageObject","inLanguage":"en-US","@id":"https:\/\/energizer.com\/eu\/germany\/#\/schema\/logo\/image\/","url":"https:\/\/energizer.com\/eu\/germany\/wp-content\/uploads\/sites\/6\/2024\/04\/Energizer_brand.png","contentUrl":"https:\/\/energizer.com\/eu\/germany\/wp-content\/uploads\/sites\/6\/2024\/04\/Energizer_brand.png","width":267,"height":100,"caption":"Energizer Germany"},"image":{"@id":"https:\/\/energizer.com\/eu\/germany\/#\/schema\/logo\/image\/"}}]}},"_links":{"self":[{"href":"https:\/\/energizer.com\/eu\/germany\/wp-json\/wp\/v2\/product\/7263","targetHints":{"allow":["GET"]}}],"collection":[{"href":"https:\/\/energizer.com\/eu\/germany\/wp-json\/wp\/v2\/product"}],"about":[{"href":"https:\/\/energizer.com\/eu\/germany\/wp-json\/wp\/v2\/types\/product"}],"replies":[{"embeddable":true,"href":"https:\/\/energizer.com\/eu\/germany\/wp-json\/wp\/v2\/comments?post=7263"}],"version-history":[{"count":6,"href":"https:\/\/energizer.com\/eu\/germany\/wp-json\/wp\/v2\/product\/7263\/revisions"}],"predecessor-version":[{"id":9721,"href":"https:\/\/energizer.com\/eu\/germany\/wp-json\/wp\/v2\/product\/7263\/revisions\/9721"}],"wp:attachment":[{"href":"https:\/\/energizer.com\/eu\/germany\/wp-json\/wp\/v2\/media?parent=7263"}],"wp:term":[{"taxonomy":"product_brand","embeddable":true,"href":"https:\/\/energizer.com\/eu\/germany\/wp-json\/wp\/v2\/product_brand?post=7263"},{"taxonomy":"product_cat","embeddable":true,"href":"https:\/\/energizer.com\/eu\/germany\/wp-json\/wp\/v2\/product_cat?post=7263"},{"taxonomy":"product_tag","embeddable":true,"href":"https:\/\/energizer.com\/eu\/germany\/wp-json\/wp\/v2\/product_tag?post=7263"}],"curies":[{"name":"wp","href":"https:\/\/api.w.org\/{rel}","templated":true}]}}