{"id":7398,"date":"2024-06-03T05:38:22","date_gmt":"2024-06-03T05:38:22","guid":{"rendered":"https:\/\/23b13e8ab3.nxcli.io\/italy\/?post_type=product&#038;p=7398"},"modified":"2024-08-24T04:30:06","modified_gmt":"2024-08-24T04:30:06","slug":"energizer-recharge-power-plus-aa","status":"publish","type":"product","link":"https:\/\/energizer.com\/eu\/italy\/product\/energizer-recharge-power-plus-aa\/","title":{"rendered":"ENERGIZER\u00ae RECHARGE POWER PLUS \u2013 AA"},"content":{"rendered":"<ul>\n<li>Confezione da 4 batterie AAA Energizer Accu Recharge Power Plus<\/li>\n<li>Lunga Durata: Le batterie ricaricabili AAA Energizer durano fino a 4 volte di pi\u00f9 nelle fotocamere digitali rispetto alle Energizer Alkaline Power di base \u2013 i risultati possono variare a seconda del dispositivo<\/li>\n<li>Energia su Cui Contare: Batterie AAA per fotocamere, luci, controller, orologi e molti altri dei tuoi dispositivi di uso quotidiano<\/li>\n<li>Protezione Anti Perdite: Le batterie ricaricabili Energizer sono progettate per proteggere i tuoi dispositivi essenziali dalle perdite dannose durante un normale utilizzo<\/li>\n<li>Ricaricabili: Ogni batteria AAA pu\u00f2 essere ricaricata fino a 500 volte, e ogni singola ricarica potr\u00e0 durare fino a 12 mesi una volta conservate<\/li>\n<li>La pi\u00f9 Scelta dei Clienti: Energizer \u00e8 il marchio di batterie ricaricabili n.1 al mondo, basato sulle vendite registrate<\/li>\n<li>Innovazione Energizer: La prima batteria AAA ricaricabile al mondo realizzata con il 22% di materiali riciclati<\/li>\n<\/ul>\n","protected":false},"excerpt":{"rendered":"<p>Ottieni il massimo dai tuoi dispositivi di uso quotidiano e ad alta tecnologia con l&#8217;affidabile potenza delle batterie Energizer Accu Recharge Power Plus da AAA. Fai scorta di batterie ricaricabili Energizer per luci e giocattoli, ma anche batterie per orologi, altoparlanti, mouse wireless e altri dispositivi elettronici. Questa confezione di batterie rappresenta anche un&#8217;ottima scelta nel caso in cui avessi bisogno di batterie AAA ricaricabili a lunga durata per fotocamere: una sola ricarica ti consentir\u00e0 di scattare fino a 349 foto. Sempre pronte all&#8217;uso ogni volta che ne avrai bisogno, le batterie Energizer Accu Recharge Power Plus AAA vengono fornite gi\u00e0 cariche e possono preservare la propria carica fino a 12 mesi quando conservate. Ogni batteria pu\u00f2 essere ricaricata centinaia di volte, e ogni batteria \u00e8 in grado di durare fino a 5 anni nelle modalit\u00e0 di utilizzo pi\u00f9 comuni. Carica le tue batterie ricaricabili con qualunque tipo di caricabatterie Energizer Recharge. Le batterie AAA Energizer sono progettate per proteggere i tuoi dispositivi essenziali da perdite dannose in condizioni di normale utilizzo. La gamma Energizer Accu Recharge Power Plus include anche batterie di tipo AA, C, D e 9V, quindi sar\u00e0 davvero semplice trovare una fonte di alimentazione affidabile nel formato che ti serve. Dal momento in cui Energizer ha creato la prima batteria per consumatori al mondo nel 1896, ha guidato la carica nell&#8217;innovazione nel settore con una storia piena di orgoglio e tecnologie all&#8217;avanguardia, inclusa la prima batteria al mondo che dispone di un tester integrato. Il marchio traspone queste idee innovative anche nelle iniziative ambientali, grazie allo sviluppo del primo sistema di batterie ricaricabili nel 1958 e introducendo la prima batteria priva di mercurio nel 1989. Le batterie Energizer Recharge sono state anche le prime batterie ricaricabili a contenere materiali riciclati. L&#8217;azienda collabora con organizzazioni che incoraggiano, informano e abilitano i consumatori a riciclare sia le batterie non ricaricabili che gli imballaggi delle batterie. Fai affidamento nella potenza delle batterie Energizer.<\/p>\n","protected":false},"featured_media":0,"comment_status":"open","ping_status":"closed","template":"","meta":{"_acf_changed":false},"product_brand":[],"product_cat":[31],"product_tag":[],"class_list":{"0":"post-7398","1":"product","2":"type-product","3":"status-publish","5":"product_cat-energizer-recharge","7":"first","8":"instock","9":"shipping-taxable","10":"product-type-simple"},"acf":[],"yoast_head":"<!-- This site is optimized with the Yoast SEO plugin v27.4 - https:\/\/yoast.com\/product\/yoast-seo-wordpress\/ -->\n<title>ENERGIZER\u00ae RECHARGE POWER PLUS \u2013 AA - Italy<\/title>\n<meta name=\"robots\" content=\"index, follow, max-snippet:-1, max-image-preview:large, max-video-preview:-1\" \/>\n<link rel=\"canonical\" href=\"https:\/\/energizer.com\/eu\/italy\/product\/energizer-recharge-power-plus-aa\/\" \/>\n<meta property=\"og:locale\" content=\"en_US\" \/>\n<meta property=\"og:type\" content=\"article\" \/>\n<meta property=\"og:title\" content=\"ENERGIZER\u00ae RECHARGE POWER PLUS \u2013 AA - Italy\" \/>\n<meta property=\"og:description\" content=\"Ottieni il massimo dai tuoi dispositivi di uso quotidiano e ad alta tecnologia con l&#039;affidabile potenza delle batterie Energizer Accu Recharge Power Plus da AAA. Fai scorta di batterie ricaricabili Energizer per luci e giocattoli, ma anche batterie per orologi, altoparlanti, mouse wireless e altri dispositivi elettronici. Questa confezione di batterie rappresenta anche un&#039;ottima scelta nel caso in cui avessi bisogno di batterie AAA ricaricabili a lunga durata per fotocamere: una sola ricarica ti consentir\u00e0 di scattare fino a 349 foto. Sempre pronte all&#039;uso ogni volta che ne avrai bisogno, le batterie Energizer Accu Recharge Power Plus AAA vengono fornite gi\u00e0 cariche e possono preservare la propria carica fino a 12 mesi quando conservate. Ogni batteria pu\u00f2 essere ricaricata centinaia di volte, e ogni batteria \u00e8 in grado di durare fino a 5 anni nelle modalit\u00e0 di utilizzo pi\u00f9 comuni. Carica le tue batterie ricaricabili con qualunque tipo di caricabatterie Energizer Recharge. Le batterie AAA Energizer sono progettate per proteggere i tuoi dispositivi essenziali da perdite dannose in condizioni di normale utilizzo. La gamma Energizer Accu Recharge Power Plus include anche batterie di tipo AA, C, D e 9V, quindi sar\u00e0 davvero semplice trovare una fonte di alimentazione affidabile nel formato che ti serve. Dal momento in cui Energizer ha creato la prima batteria per consumatori al mondo nel 1896, ha guidato la carica nell&#039;innovazione nel settore con una storia piena di orgoglio e tecnologie all&#039;avanguardia, inclusa la prima batteria al mondo che dispone di un tester integrato. Il marchio traspone queste idee innovative anche nelle iniziative ambientali, grazie allo sviluppo del primo sistema di batterie ricaricabili nel 1958 e introducendo la prima batteria priva di mercurio nel 1989. Le batterie Energizer Recharge sono state anche le prime batterie ricaricabili a contenere materiali riciclati. L&#039;azienda collabora con organizzazioni che incoraggiano, informano e abilitano i consumatori a riciclare sia le batterie non ricaricabili che gli imballaggi delle batterie. Fai affidamento nella potenza delle batterie Energizer.\" \/>\n<meta property=\"og:url\" content=\"https:\/\/energizer.com\/eu\/italy\/product\/energizer-recharge-power-plus-aa\/\" \/>\n<meta property=\"og:site_name\" content=\"Italy\" \/>\n<meta property=\"article:modified_time\" content=\"2024-08-24T04:30:06+00:00\" \/>\n<meta name=\"twitter:card\" content=\"summary_large_image\" \/>\n<script type=\"application\/ld+json\" class=\"yoast-schema-graph\">{\"@context\":\"https:\\\/\\\/schema.org\",\"@graph\":[{\"@type\":\"WebPage\",\"@id\":\"https:\\\/\\\/energizer.com\\\/eu\\\/italy\\\/product\\\/energizer-recharge-power-plus-aa\\\/\",\"url\":\"https:\\\/\\\/energizer.com\\\/eu\\\/italy\\\/product\\\/energizer-recharge-power-plus-aa\\\/\",\"name\":\"ENERGIZER\u00ae RECHARGE POWER PLUS \u2013 AA - Italy\",\"isPartOf\":{\"@id\":\"https:\\\/\\\/energizer.com\\\/eu\\\/italy\\\/#website\"},\"datePublished\":\"2024-06-03T05:38:22+00:00\",\"dateModified\":\"2024-08-24T04:30:06+00:00\",\"breadcrumb\":{\"@id\":\"https:\\\/\\\/energizer.com\\\/eu\\\/italy\\\/product\\\/energizer-recharge-power-plus-aa\\\/#breadcrumb\"},\"inLanguage\":\"en-US\",\"potentialAction\":[{\"@type\":\"ReadAction\",\"target\":[\"https:\\\/\\\/energizer.com\\\/eu\\\/italy\\\/product\\\/energizer-recharge-power-plus-aa\\\/\"]}]},{\"@type\":\"BreadcrumbList\",\"@id\":\"https:\\\/\\\/energizer.com\\\/eu\\\/italy\\\/product\\\/energizer-recharge-power-plus-aa\\\/#breadcrumb\",\"itemListElement\":[{\"@type\":\"ListItem\",\"position\":1,\"name\":\"Home\",\"item\":\"https:\\\/\\\/energizer.com\\\/eu\\\/italy\\\/\"},{\"@type\":\"ListItem\",\"position\":2,\"name\":\"ENERGIZER\u00ae RECHARGE POWER PLUS \u2013 AA\"}]},{\"@type\":\"WebSite\",\"@id\":\"https:\\\/\\\/energizer.com\\\/eu\\\/italy\\\/#website\",\"url\":\"https:\\\/\\\/energizer.com\\\/eu\\\/italy\\\/\",\"name\":\"Energizer Italy\",\"description\":\"\",\"publisher\":{\"@id\":\"https:\\\/\\\/energizer.com\\\/eu\\\/italy\\\/#organization\"},\"potentialAction\":[{\"@type\":\"SearchAction\",\"target\":{\"@type\":\"EntryPoint\",\"urlTemplate\":\"https:\\\/\\\/energizer.com\\\/eu\\\/italy\\\/?s={search_term_string}\"},\"query-input\":{\"@type\":\"PropertyValueSpecification\",\"valueRequired\":true,\"valueName\":\"search_term_string\"}}],\"inLanguage\":\"en-US\"},{\"@type\":\"Organization\",\"@id\":\"https:\\\/\\\/energizer.com\\\/eu\\\/italy\\\/#organization\",\"name\":\"Energizer Italy\",\"url\":\"https:\\\/\\\/energizer.com\\\/eu\\\/italy\\\/\",\"logo\":{\"@type\":\"ImageObject\",\"inLanguage\":\"en-US\",\"@id\":\"https:\\\/\\\/energizer.com\\\/eu\\\/italy\\\/#\\\/schema\\\/logo\\\/image\\\/\",\"url\":\"https:\\\/\\\/energizer.com\\\/eu\\\/italy\\\/wp-content\\\/uploads\\\/sites\\\/7\\\/2024\\\/04\\\/Energizer_brand.png\",\"contentUrl\":\"https:\\\/\\\/energizer.com\\\/eu\\\/italy\\\/wp-content\\\/uploads\\\/sites\\\/7\\\/2024\\\/04\\\/Energizer_brand.png\",\"width\":267,\"height\":100,\"caption\":\"Energizer Italy\"},\"image\":{\"@id\":\"https:\\\/\\\/energizer.com\\\/eu\\\/italy\\\/#\\\/schema\\\/logo\\\/image\\\/\"}}]}<\/script>\n<!-- \/ Yoast SEO plugin. -->","yoast_head_json":{"title":"ENERGIZER\u00ae RECHARGE POWER PLUS \u2013 AA - Italy","robots":{"index":"index","follow":"follow","max-snippet":"max-snippet:-1","max-image-preview":"max-image-preview:large","max-video-preview":"max-video-preview:-1"},"canonical":"https:\/\/energizer.com\/eu\/italy\/product\/energizer-recharge-power-plus-aa\/","og_locale":"en_US","og_type":"article","og_title":"ENERGIZER\u00ae RECHARGE POWER PLUS \u2013 AA - Italy","og_description":"Ottieni il massimo dai tuoi dispositivi di uso quotidiano e ad alta tecnologia con l'affidabile potenza delle batterie Energizer Accu Recharge Power Plus da AAA. Fai scorta di batterie ricaricabili Energizer per luci e giocattoli, ma anche batterie per orologi, altoparlanti, mouse wireless e altri dispositivi elettronici. Questa confezione di batterie rappresenta anche un'ottima scelta nel caso in cui avessi bisogno di batterie AAA ricaricabili a lunga durata per fotocamere: una sola ricarica ti consentir\u00e0 di scattare fino a 349 foto. Sempre pronte all'uso ogni volta che ne avrai bisogno, le batterie Energizer Accu Recharge Power Plus AAA vengono fornite gi\u00e0 cariche e possono preservare la propria carica fino a 12 mesi quando conservate. Ogni batteria pu\u00f2 essere ricaricata centinaia di volte, e ogni batteria \u00e8 in grado di durare fino a 5 anni nelle modalit\u00e0 di utilizzo pi\u00f9 comuni. Carica le tue batterie ricaricabili con qualunque tipo di caricabatterie Energizer Recharge. Le batterie AAA Energizer sono progettate per proteggere i tuoi dispositivi essenziali da perdite dannose in condizioni di normale utilizzo. La gamma Energizer Accu Recharge Power Plus include anche batterie di tipo AA, C, D e 9V, quindi sar\u00e0 davvero semplice trovare una fonte di alimentazione affidabile nel formato che ti serve. Dal momento in cui Energizer ha creato la prima batteria per consumatori al mondo nel 1896, ha guidato la carica nell'innovazione nel settore con una storia piena di orgoglio e tecnologie all'avanguardia, inclusa la prima batteria al mondo che dispone di un tester integrato. Il marchio traspone queste idee innovative anche nelle iniziative ambientali, grazie allo sviluppo del primo sistema di batterie ricaricabili nel 1958 e introducendo la prima batteria priva di mercurio nel 1989. Le batterie Energizer Recharge sono state anche le prime batterie ricaricabili a contenere materiali riciclati. L'azienda collabora con organizzazioni che incoraggiano, informano e abilitano i consumatori a riciclare sia le batterie non ricaricabili che gli imballaggi delle batterie. Fai affidamento nella potenza delle batterie Energizer.","og_url":"https:\/\/energizer.com\/eu\/italy\/product\/energizer-recharge-power-plus-aa\/","og_site_name":"Italy","article_modified_time":"2024-08-24T04:30:06+00:00","twitter_card":"summary_large_image","schema":{"@context":"https:\/\/schema.org","@graph":[{"@type":"WebPage","@id":"https:\/\/energizer.com\/eu\/italy\/product\/energizer-recharge-power-plus-aa\/","url":"https:\/\/energizer.com\/eu\/italy\/product\/energizer-recharge-power-plus-aa\/","name":"ENERGIZER\u00ae RECHARGE POWER PLUS \u2013 AA - Italy","isPartOf":{"@id":"https:\/\/energizer.com\/eu\/italy\/#website"},"datePublished":"2024-06-03T05:38:22+00:00","dateModified":"2024-08-24T04:30:06+00:00","breadcrumb":{"@id":"https:\/\/energizer.com\/eu\/italy\/product\/energizer-recharge-power-plus-aa\/#breadcrumb"},"inLanguage":"en-US","potentialAction":[{"@type":"ReadAction","target":["https:\/\/energizer.com\/eu\/italy\/product\/energizer-recharge-power-plus-aa\/"]}]},{"@type":"BreadcrumbList","@id":"https:\/\/energizer.com\/eu\/italy\/product\/energizer-recharge-power-plus-aa\/#breadcrumb","itemListElement":[{"@type":"ListItem","position":1,"name":"Home","item":"https:\/\/energizer.com\/eu\/italy\/"},{"@type":"ListItem","position":2,"name":"ENERGIZER\u00ae RECHARGE POWER PLUS \u2013 AA"}]},{"@type":"WebSite","@id":"https:\/\/energizer.com\/eu\/italy\/#website","url":"https:\/\/energizer.com\/eu\/italy\/","name":"Energizer Italy","description":"","publisher":{"@id":"https:\/\/energizer.com\/eu\/italy\/#organization"},"potentialAction":[{"@type":"SearchAction","target":{"@type":"EntryPoint","urlTemplate":"https:\/\/energizer.com\/eu\/italy\/?s={search_term_string}"},"query-input":{"@type":"PropertyValueSpecification","valueRequired":true,"valueName":"search_term_string"}}],"inLanguage":"en-US"},{"@type":"Organization","@id":"https:\/\/energizer.com\/eu\/italy\/#organization","name":"Energizer Italy","url":"https:\/\/energizer.com\/eu\/italy\/","logo":{"@type":"ImageObject","inLanguage":"en-US","@id":"https:\/\/energizer.com\/eu\/italy\/#\/schema\/logo\/image\/","url":"https:\/\/energizer.com\/eu\/italy\/wp-content\/uploads\/sites\/7\/2024\/04\/Energizer_brand.png","contentUrl":"https:\/\/energizer.com\/eu\/italy\/wp-content\/uploads\/sites\/7\/2024\/04\/Energizer_brand.png","width":267,"height":100,"caption":"Energizer Italy"},"image":{"@id":"https:\/\/energizer.com\/eu\/italy\/#\/schema\/logo\/image\/"}}]}},"_links":{"self":[{"href":"https:\/\/energizer.com\/eu\/italy\/wp-json\/wp\/v2\/product\/7398","targetHints":{"allow":["GET"]}}],"collection":[{"href":"https:\/\/energizer.com\/eu\/italy\/wp-json\/wp\/v2\/product"}],"about":[{"href":"https:\/\/energizer.com\/eu\/italy\/wp-json\/wp\/v2\/types\/product"}],"replies":[{"embeddable":true,"href":"https:\/\/energizer.com\/eu\/italy\/wp-json\/wp\/v2\/comments?post=7398"}],"version-history":[{"count":5,"href":"https:\/\/energizer.com\/eu\/italy\/wp-json\/wp\/v2\/product\/7398\/revisions"}],"predecessor-version":[{"id":10494,"href":"https:\/\/energizer.com\/eu\/italy\/wp-json\/wp\/v2\/product\/7398\/revisions\/10494"}],"wp:attachment":[{"href":"https:\/\/energizer.com\/eu\/italy\/wp-json\/wp\/v2\/media?parent=7398"}],"wp:term":[{"taxonomy":"product_brand","embeddable":true,"href":"https:\/\/energizer.com\/eu\/italy\/wp-json\/wp\/v2\/product_brand?post=7398"},{"taxonomy":"product_cat","embeddable":true,"href":"https:\/\/energizer.com\/eu\/italy\/wp-json\/wp\/v2\/product_cat?post=7398"},{"taxonomy":"product_tag","embeddable":true,"href":"https:\/\/energizer.com\/eu\/italy\/wp-json\/wp\/v2\/product_tag?post=7398"}],"curies":[{"name":"wp","href":"https:\/\/api.w.org\/{rel}","templated":true}]}}