{"id":7498,"date":"2024-06-03T05:38:31","date_gmt":"2024-06-03T05:38:31","guid":{"rendered":"https:\/\/23b13e8ab3.nxcli.io\/italy\/?post_type=product&#038;p=7498"},"modified":"2024-08-24T04:23:10","modified_gmt":"2024-08-24T04:23:10","slug":"energizer-bike-light","status":"publish","type":"product","link":"https:\/\/energizer.com\/eu\/italy\/product\/energizer-bike-light\/","title":{"rendered":"Energizer Bike Light"},"content":{"rendered":"<ul>\n<li>Luce anteriore per bici Energizer e Luce posteriore per bici Energizer con batterie Energizer AAA<\/li>\n<li>La brillante luce anteriore per bici emette 130 lumen per un massimo di 6 ore<\/li>\n<li>Il raggio di emissione luminosa di 220 gradi della luce posteriore ti rende visibile da pi\u00f9 angolazioni<\/li>\n<li>Perfetta come luce per bici da strada o luce per mountain bike<\/li>\n<li>IPX4 resistente all&#8217;acqua e agli urti fino a 0.91 metri<\/li>\n<li>La luce a clip compatta e leggera sembra parte della tua bici<\/li>\n<li>Affidati a Energizer per offrire le potenti prestazioni che promettiamo: tutte le luci Energizer sono testate in modo indipendente e aderiscono a standard ANSI rigorosi e affidabili<\/li>\n<\/ul>\n","protected":false},"excerpt":{"rendered":"<p>Illumina il tuo percorso con la luce per bici Energizer. Questa luce a clip a LED include una luce anteriore e una luce posteriore per aiutarti a vedere ed essere visto, sia che tu stia guidando lungo la strada o su sentieri bui. La luce anteriore per bici \u00e8 dotata di una lente ottica precisa per proiettare un&#8217;illuminazione concentrata che viaggia dritto davanti a s\u00e9, emettendo un raggio di 53 metri. Fino a 14 volte pi\u00f9 luminosa della tecnologia LED standard, la luce anteriore dispone anche di una modalit\u00e0 lampeggiante per le emergenze. La luce posteriore \u00e8 dotata di LED rossi lampeggianti e un raggio di emissione luminosa di 220 gradi per essere visibile da pi\u00f9 angolazioni. Entrambe le luci per bici presentano un design compatto e leggero con una lente infrangibile per l&#8217;uso su tutti i terreni. L&#8217;installazione \u00e8 veloce e facile. La luce a clip anteriore a LED si monta sul manubrio con una staffa facile da usare, facendola sembrare parte della tua bici. Oppure puoi staccare la piccola luce dalla staffa per utilizzarla come mini torcia. La luce posteriore \u00e8 dotata di anelli in gomma di diverse dimensioni per fissarla rapidamente alla bicicletta, allineandola comodamente al reggisella. Affidati a Energizer per prestazioni affidabili in ogni situazione.<\/p>\n","protected":false},"featured_media":0,"comment_status":"open","ping_status":"closed","template":"","meta":{"_acf_changed":false},"product_brand":[],"product_cat":[43],"product_tag":[],"class_list":{"0":"post-7498","1":"product","2":"type-product","3":"status-publish","5":"product_cat-hands-free","6":"pa_uses-everyday","8":"first","9":"instock","10":"shipping-taxable","11":"product-type-simple"},"acf":[],"yoast_head":"<!-- This site is optimized with the Yoast SEO plugin v27.4 - https:\/\/yoast.com\/product\/yoast-seo-wordpress\/ -->\n<title>Energizer Bike Light - Italy<\/title>\n<meta name=\"robots\" content=\"index, follow, max-snippet:-1, max-image-preview:large, max-video-preview:-1\" \/>\n<link rel=\"canonical\" href=\"https:\/\/energizer.com\/eu\/italy\/product\/energizer-bike-light\/\" \/>\n<meta property=\"og:locale\" content=\"en_US\" \/>\n<meta property=\"og:type\" content=\"article\" \/>\n<meta property=\"og:title\" content=\"Energizer Bike Light - Italy\" \/>\n<meta property=\"og:description\" content=\"Illumina il tuo percorso con la luce per bici Energizer. Questa luce a clip a LED include una luce anteriore e una luce posteriore per aiutarti a vedere ed essere visto, sia che tu stia guidando lungo la strada o su sentieri bui. La luce anteriore per bici \u00e8 dotata di una lente ottica precisa per proiettare un&#039;illuminazione concentrata che viaggia dritto davanti a s\u00e9, emettendo un raggio di 53 metri. Fino a 14 volte pi\u00f9 luminosa della tecnologia LED standard, la luce anteriore dispone anche di una modalit\u00e0 lampeggiante per le emergenze. La luce posteriore \u00e8 dotata di LED rossi lampeggianti e un raggio di emissione luminosa di 220 gradi per essere visibile da pi\u00f9 angolazioni. Entrambe le luci per bici presentano un design compatto e leggero con una lente infrangibile per l&#039;uso su tutti i terreni. L&#039;installazione \u00e8 veloce e facile. La luce a clip anteriore a LED si monta sul manubrio con una staffa facile da usare, facendola sembrare parte della tua bici. Oppure puoi staccare la piccola luce dalla staffa per utilizzarla come mini torcia. La luce posteriore \u00e8 dotata di anelli in gomma di diverse dimensioni per fissarla rapidamente alla bicicletta, allineandola comodamente al reggisella. Affidati a Energizer per prestazioni affidabili in ogni situazione.\" \/>\n<meta property=\"og:url\" content=\"https:\/\/energizer.com\/eu\/italy\/product\/energizer-bike-light\/\" \/>\n<meta property=\"og:site_name\" content=\"Italy\" \/>\n<meta property=\"article:modified_time\" content=\"2024-08-24T04:23:10+00:00\" \/>\n<meta name=\"twitter:card\" content=\"summary_large_image\" \/>\n<script type=\"application\/ld+json\" class=\"yoast-schema-graph\">{\"@context\":\"https:\\\/\\\/schema.org\",\"@graph\":[{\"@type\":\"WebPage\",\"@id\":\"https:\\\/\\\/energizer.com\\\/eu\\\/italy\\\/product\\\/energizer-bike-light\\\/\",\"url\":\"https:\\\/\\\/energizer.com\\\/eu\\\/italy\\\/product\\\/energizer-bike-light\\\/\",\"name\":\"Energizer Bike Light - Italy\",\"isPartOf\":{\"@id\":\"https:\\\/\\\/energizer.com\\\/eu\\\/italy\\\/#website\"},\"datePublished\":\"2024-06-03T05:38:31+00:00\",\"dateModified\":\"2024-08-24T04:23:10+00:00\",\"breadcrumb\":{\"@id\":\"https:\\\/\\\/energizer.com\\\/eu\\\/italy\\\/product\\\/energizer-bike-light\\\/#breadcrumb\"},\"inLanguage\":\"en-US\",\"potentialAction\":[{\"@type\":\"ReadAction\",\"target\":[\"https:\\\/\\\/energizer.com\\\/eu\\\/italy\\\/product\\\/energizer-bike-light\\\/\"]}]},{\"@type\":\"BreadcrumbList\",\"@id\":\"https:\\\/\\\/energizer.com\\\/eu\\\/italy\\\/product\\\/energizer-bike-light\\\/#breadcrumb\",\"itemListElement\":[{\"@type\":\"ListItem\",\"position\":1,\"name\":\"Home\",\"item\":\"https:\\\/\\\/energizer.com\\\/eu\\\/italy\\\/\"},{\"@type\":\"ListItem\",\"position\":2,\"name\":\"Energizer Bike Light\"}]},{\"@type\":\"WebSite\",\"@id\":\"https:\\\/\\\/energizer.com\\\/eu\\\/italy\\\/#website\",\"url\":\"https:\\\/\\\/energizer.com\\\/eu\\\/italy\\\/\",\"name\":\"Energizer Italy\",\"description\":\"\",\"publisher\":{\"@id\":\"https:\\\/\\\/energizer.com\\\/eu\\\/italy\\\/#organization\"},\"potentialAction\":[{\"@type\":\"SearchAction\",\"target\":{\"@type\":\"EntryPoint\",\"urlTemplate\":\"https:\\\/\\\/energizer.com\\\/eu\\\/italy\\\/?s={search_term_string}\"},\"query-input\":{\"@type\":\"PropertyValueSpecification\",\"valueRequired\":true,\"valueName\":\"search_term_string\"}}],\"inLanguage\":\"en-US\"},{\"@type\":\"Organization\",\"@id\":\"https:\\\/\\\/energizer.com\\\/eu\\\/italy\\\/#organization\",\"name\":\"Energizer Italy\",\"url\":\"https:\\\/\\\/energizer.com\\\/eu\\\/italy\\\/\",\"logo\":{\"@type\":\"ImageObject\",\"inLanguage\":\"en-US\",\"@id\":\"https:\\\/\\\/energizer.com\\\/eu\\\/italy\\\/#\\\/schema\\\/logo\\\/image\\\/\",\"url\":\"https:\\\/\\\/energizer.com\\\/eu\\\/italy\\\/wp-content\\\/uploads\\\/sites\\\/7\\\/2024\\\/04\\\/Energizer_brand.png\",\"contentUrl\":\"https:\\\/\\\/energizer.com\\\/eu\\\/italy\\\/wp-content\\\/uploads\\\/sites\\\/7\\\/2024\\\/04\\\/Energizer_brand.png\",\"width\":267,\"height\":100,\"caption\":\"Energizer Italy\"},\"image\":{\"@id\":\"https:\\\/\\\/energizer.com\\\/eu\\\/italy\\\/#\\\/schema\\\/logo\\\/image\\\/\"}}]}<\/script>\n<!-- \/ Yoast SEO plugin. -->","yoast_head_json":{"title":"Energizer Bike Light - Italy","robots":{"index":"index","follow":"follow","max-snippet":"max-snippet:-1","max-image-preview":"max-image-preview:large","max-video-preview":"max-video-preview:-1"},"canonical":"https:\/\/energizer.com\/eu\/italy\/product\/energizer-bike-light\/","og_locale":"en_US","og_type":"article","og_title":"Energizer Bike Light - Italy","og_description":"Illumina il tuo percorso con la luce per bici Energizer. Questa luce a clip a LED include una luce anteriore e una luce posteriore per aiutarti a vedere ed essere visto, sia che tu stia guidando lungo la strada o su sentieri bui. La luce anteriore per bici \u00e8 dotata di una lente ottica precisa per proiettare un'illuminazione concentrata che viaggia dritto davanti a s\u00e9, emettendo un raggio di 53 metri. Fino a 14 volte pi\u00f9 luminosa della tecnologia LED standard, la luce anteriore dispone anche di una modalit\u00e0 lampeggiante per le emergenze. La luce posteriore \u00e8 dotata di LED rossi lampeggianti e un raggio di emissione luminosa di 220 gradi per essere visibile da pi\u00f9 angolazioni. Entrambe le luci per bici presentano un design compatto e leggero con una lente infrangibile per l'uso su tutti i terreni. L'installazione \u00e8 veloce e facile. La luce a clip anteriore a LED si monta sul manubrio con una staffa facile da usare, facendola sembrare parte della tua bici. Oppure puoi staccare la piccola luce dalla staffa per utilizzarla come mini torcia. La luce posteriore \u00e8 dotata di anelli in gomma di diverse dimensioni per fissarla rapidamente alla bicicletta, allineandola comodamente al reggisella. Affidati a Energizer per prestazioni affidabili in ogni situazione.","og_url":"https:\/\/energizer.com\/eu\/italy\/product\/energizer-bike-light\/","og_site_name":"Italy","article_modified_time":"2024-08-24T04:23:10+00:00","twitter_card":"summary_large_image","schema":{"@context":"https:\/\/schema.org","@graph":[{"@type":"WebPage","@id":"https:\/\/energizer.com\/eu\/italy\/product\/energizer-bike-light\/","url":"https:\/\/energizer.com\/eu\/italy\/product\/energizer-bike-light\/","name":"Energizer Bike Light - Italy","isPartOf":{"@id":"https:\/\/energizer.com\/eu\/italy\/#website"},"datePublished":"2024-06-03T05:38:31+00:00","dateModified":"2024-08-24T04:23:10+00:00","breadcrumb":{"@id":"https:\/\/energizer.com\/eu\/italy\/product\/energizer-bike-light\/#breadcrumb"},"inLanguage":"en-US","potentialAction":[{"@type":"ReadAction","target":["https:\/\/energizer.com\/eu\/italy\/product\/energizer-bike-light\/"]}]},{"@type":"BreadcrumbList","@id":"https:\/\/energizer.com\/eu\/italy\/product\/energizer-bike-light\/#breadcrumb","itemListElement":[{"@type":"ListItem","position":1,"name":"Home","item":"https:\/\/energizer.com\/eu\/italy\/"},{"@type":"ListItem","position":2,"name":"Energizer Bike Light"}]},{"@type":"WebSite","@id":"https:\/\/energizer.com\/eu\/italy\/#website","url":"https:\/\/energizer.com\/eu\/italy\/","name":"Energizer Italy","description":"","publisher":{"@id":"https:\/\/energizer.com\/eu\/italy\/#organization"},"potentialAction":[{"@type":"SearchAction","target":{"@type":"EntryPoint","urlTemplate":"https:\/\/energizer.com\/eu\/italy\/?s={search_term_string}"},"query-input":{"@type":"PropertyValueSpecification","valueRequired":true,"valueName":"search_term_string"}}],"inLanguage":"en-US"},{"@type":"Organization","@id":"https:\/\/energizer.com\/eu\/italy\/#organization","name":"Energizer Italy","url":"https:\/\/energizer.com\/eu\/italy\/","logo":{"@type":"ImageObject","inLanguage":"en-US","@id":"https:\/\/energizer.com\/eu\/italy\/#\/schema\/logo\/image\/","url":"https:\/\/energizer.com\/eu\/italy\/wp-content\/uploads\/sites\/7\/2024\/04\/Energizer_brand.png","contentUrl":"https:\/\/energizer.com\/eu\/italy\/wp-content\/uploads\/sites\/7\/2024\/04\/Energizer_brand.png","width":267,"height":100,"caption":"Energizer Italy"},"image":{"@id":"https:\/\/energizer.com\/eu\/italy\/#\/schema\/logo\/image\/"}}]}},"_links":{"self":[{"href":"https:\/\/energizer.com\/eu\/italy\/wp-json\/wp\/v2\/product\/7498","targetHints":{"allow":["GET"]}}],"collection":[{"href":"https:\/\/energizer.com\/eu\/italy\/wp-json\/wp\/v2\/product"}],"about":[{"href":"https:\/\/energizer.com\/eu\/italy\/wp-json\/wp\/v2\/types\/product"}],"replies":[{"embeddable":true,"href":"https:\/\/energizer.com\/eu\/italy\/wp-json\/wp\/v2\/comments?post=7498"}],"version-history":[{"count":3,"href":"https:\/\/energizer.com\/eu\/italy\/wp-json\/wp\/v2\/product\/7498\/revisions"}],"predecessor-version":[{"id":9543,"href":"https:\/\/energizer.com\/eu\/italy\/wp-json\/wp\/v2\/product\/7498\/revisions\/9543"}],"wp:attachment":[{"href":"https:\/\/energizer.com\/eu\/italy\/wp-json\/wp\/v2\/media?parent=7498"}],"wp:term":[{"taxonomy":"product_brand","embeddable":true,"href":"https:\/\/energizer.com\/eu\/italy\/wp-json\/wp\/v2\/product_brand?post=7498"},{"taxonomy":"product_cat","embeddable":true,"href":"https:\/\/energizer.com\/eu\/italy\/wp-json\/wp\/v2\/product_cat?post=7498"},{"taxonomy":"product_tag","embeddable":true,"href":"https:\/\/energizer.com\/eu\/italy\/wp-json\/wp\/v2\/product_tag?post=7498"}],"curies":[{"name":"wp","href":"https:\/\/api.w.org\/{rel}","templated":true}]}}