{"id":3363,"date":"2024-05-13T08:20:06","date_gmt":"2024-05-13T08:20:06","guid":{"rendered":"http:\/\/64.91.246.76\/~energizer\/?post_type=product&#038;p=3363"},"modified":"2024-10-18T10:05:08","modified_gmt":"2024-10-18T10:05:08","slug":"energizer-alkaline-power-aa","status":"publish","type":"product","link":"https:\/\/energizer.com\/eu\/poland\/product\/energizer-alkaline-power-aa\/","title":{"rendered":"ENERGIZER\u00ae ALKALINE POWER &#8211; AA"},"content":{"rendered":"<ul>\n<li>Baterie <span class=\"jsx-1045662379 change-context added\">alkaliczne<\/span> Energizer Alkaline Power AA, opakowanie 4 szt.<\/li>\n<li>D\u0142ugotrwa\u0142e dzia\u0142anie:\u00a0A\u017c do 50% d\u0142u\u017csze dzia\u0142anie w por\u00f3wnaniu do\u00a0minimalnego \u015bredniego czasu dzia\u0142ania w latarkach przeno\u015bnych zgodnie z norm\u0105 IEC 2015<\/li>\n<li>Moc, kt\u00f3rej mo\u017cesz zaufa\u0107: Baterie Alkaline Power\u00a0AA zasil\u0105 piloty, zegarki, dzwonki do drzwi i inne urz\u0105dzenia codziennego u\u017cytku<\/li>\n<li>Niezawodno\u015b\u0107: Ka\u017cda bateria alkaliczna Alkaline Power AA\u00a0 ma nawet 7-letni okres przydatno\u015bci, dzi\u0119ki czemu jest gotowa do u\u017cycia zawsze, gdy jej potrzebujesz<\/li>\n<li>Innowacje Energizer: Od producent\u00f3w\u00a0najd\u0142u\u017cej dzia\u0142aj\u0105cej baterii AA na \u015bwiecie &#8211; Energizer Ultimate Lithium<\/li>\n<li>Opakowanie w 100% nadaj\u0105ce si\u0119 do recyklingu: Opakowania Energizer\u00a0 wspieraj\u0105 odpowiedzialn\u0105 gospodark\u0119 le\u015bn\u0105 i nie zawieraj\u0105 plastiku, z wyj\u0105tkiem plomb w wybranych opakowaniach<\/li>\n<li>Zawiera materia\u0142y z recyklingu: Do 10% stali z recyklingu. Tylko AA\/AAA. Specjalnie oznakowane\u00a0opakowania<\/li>\n<\/ul>\n","protected":false},"excerpt":{"rendered":"<p>Wykorzystaj w pe\u0142ni swoje najwa\u017cniejsze urz\u0105dzenia dzi\u0119ki niezawodnej, d\u0142u\u017cszej \u017cywotno\u015bci, jakiej mo\u017cesz oczekiwa\u0107 od baterii Energizer. Zaopatrz si\u0119 w baterie AA do lampek i zabawek, a tak\u017ce baterie do dzwonk\u00f3w do drzwi i pilot\u00f3w. Ten zestaw baterii AA jest r\u00f3wnie\u017c doskona\u0142ym wyborem, je\u015bli potrzebujesz baterii podw\u00f3jnej A do urz\u0105dze\u0144 codziennego u\u017cytku, takich jak zegary i latarki. Baterie AA Energizer Alkaline Power zachowuj\u0105 moc do 7 lat podczas przechowywania. Z Energizer, moc jest gotowa, gdy tylko jej potrzebujesz. Seria Energizer Alkaline Power obejmuje r\u00f3wnie\u017c baterie AAA, C, D i 9V, wi\u0119c \u0142atwo jest znale\u017a\u0107 niezawodne zasilanie w potrzebnym rozmiarze.<\/p>\n","protected":false},"featured_media":0,"template":"","meta":{"_acf_changed":false},"product_brand":[],"product_cat":[57],"product_tag":[],"class_list":{"0":"post-3363","1":"product","2":"type-product","3":"status-publish","5":"product_cat-alkaline-power","7":"first","8":"instock","9":"shipping-taxable","10":"product-type-simple"},"acf":[],"_links":{"self":[{"href":"https:\/\/energizer.com\/eu\/poland\/wp-json\/wp\/v2\/product\/3363","targetHints":{"allow":["GET"]}}],"collection":[{"href":"https:\/\/energizer.com\/eu\/poland\/wp-json\/wp\/v2\/product"}],"about":[{"href":"https:\/\/energizer.com\/eu\/poland\/wp-json\/wp\/v2\/types\/product"}],"version-history":[{"count":19,"href":"https:\/\/energizer.com\/eu\/poland\/wp-json\/wp\/v2\/product\/3363\/revisions"}],"predecessor-version":[{"id":10921,"href":"https:\/\/energizer.com\/eu\/poland\/wp-json\/wp\/v2\/product\/3363\/revisions\/10921"}],"wp:attachment":[{"href":"https:\/\/energizer.com\/eu\/poland\/wp-json\/wp\/v2\/media?parent=3363"}],"wp:term":[{"taxonomy":"product_brand","embeddable":true,"href":"https:\/\/energizer.com\/eu\/poland\/wp-json\/wp\/v2\/product_brand?post=3363"},{"taxonomy":"product_cat","embeddable":true,"href":"https:\/\/energizer.com\/eu\/poland\/wp-json\/wp\/v2\/product_cat?post=3363"},{"taxonomy":"product_tag","embeddable":true,"href":"https:\/\/energizer.com\/eu\/poland\/wp-json\/wp\/v2\/product_tag?post=3363"}],"curies":[{"name":"wp","href":"https:\/\/api.w.org\/{rel}","templated":true}]}}