{"id":4097,"date":"2024-05-15T13:21:15","date_gmt":"2024-05-15T13:21:15","guid":{"rendered":"https:\/\/23b13e8ab3.nxcli.io\/poland\/?post_type=product&#038;p=4097"},"modified":"2024-08-22T05:10:11","modified_gmt":"2024-08-22T05:10:11","slug":"energizer-hearing-aid-batteries-312","status":"publish","type":"product","link":"https:\/\/energizer.com\/eu\/poland\/product\/energizer-hearing-aid-batteries-312\/","title":{"rendered":"ENERGIZER\u00ae HEARING AID BATTERIES \u2013 312"},"content":{"rendered":"<ul>\n<li>Baterie Energizer do aparat\u00f3w s\u0142uchowych rozmiar 312, br\u0105zowa zak\u0142adka<\/li>\n<li>Najd\u0142u\u017cej trwaj\u0105ce: Te najd\u0142u\u017cej dzia\u0142aj\u0105ce baterie do aparat\u00f3w s\u0142uchowych w rozmiarze 312 firmy s\u0105 odpowiednie dla r\u00f3\u017cnych aparat\u00f3w s\u0142uchowych<\/li>\n<li>Zaufana moc: Baterie Energizer do aparat\u00f3w s\u0142uchowych w rozmiarze 10 zapewniaj\u0105 do 3,5 godziny wi\u0119cej bezprzewodowego przesy\u0142ania strumieniowego ni\u017c wiod\u0105cy konkurent<\/li>\n<li>Niezawodno\u015b\u0107: Ka\u017cda bateria Energizer 10 mo\u017ce by\u0107 przechowywana nawet przez 4 lata, wi\u0119c zawsze jest gotowa, gdy jej potrzebujesz<\/li>\n<li>Innowacje Energizera: Od producent\u00f3w pierwszej na \u015bwiecie dost\u0119pnej na rynku baterii do aparat\u00f3w s\u0142uchowych o zerowej zawarto\u015bci rt\u0119ci<\/li>\n<\/ul>\n","protected":false},"excerpt":{"rendered":"<p>Wykorzystaj w pe\u0142ni mo\u017cliwo\u015bci swojego aparatu s\u0142uchowego dzi\u0119ki niezawodnej mocy baterii Energizer do aparat\u00f3w s\u0142uchowych o rozmiarze 312. Trwa\u0142e baterie Energizer do aparat\u00f3w s\u0142uchowych rozmiaru 312 zapewniaj\u0105 do 3.5 godzin wi\u0119cej bezprzewodowego przesy\u0142ania strumieniowego ni\u017c wiod\u0105cy konkurent. Ka\u017cda bateria Energizer z \u017c\u00f3\u0142t\u0105 zak\u0142adk\u0105 w rozmiarze 10 zapewnia sta\u0142\u0105 jako\u015b\u0107 d\u017awi\u0119ku przez ca\u0142y okres eksploatacji, co zapewnia lepsze wra\u017cenia s\u0142uchowe. Perforowane opakowanie premium baterii do aparat\u00f3w s\u0142uchowych jest dyskretne i przeno\u015bne. Po prostu obr\u00f3\u0107 dwustronne pokr\u0119t\u0142o, aby uzyska\u0107 dost\u0119p do baterii, w\u0142\u00f3\u017c j\u0105 do urz\u0105dzenia za pomoc\u0105 por\u0119cznych d\u0142ugich wypustek i zamknij komor\u0119 baterii, aby bezpiecznie przechowywa\u0107 pozosta\u0142e baterie w \u015brodku.<\/p>\n","protected":false},"featured_media":0,"template":"","meta":{"_acf_changed":false},"product_brand":[],"product_cat":[32],"product_tag":[],"class_list":{"0":"post-4097","1":"product","2":"type-product","3":"status-publish","5":"product_cat-hearing-aid","7":"first","8":"instock","9":"shipping-taxable","10":"product-type-simple"},"acf":[],"_links":{"self":[{"href":"https:\/\/energizer.com\/eu\/poland\/wp-json\/wp\/v2\/product\/4097","targetHints":{"allow":["GET"]}}],"collection":[{"href":"https:\/\/energizer.com\/eu\/poland\/wp-json\/wp\/v2\/product"}],"about":[{"href":"https:\/\/energizer.com\/eu\/poland\/wp-json\/wp\/v2\/types\/product"}],"version-history":[{"count":11,"href":"https:\/\/energizer.com\/eu\/poland\/wp-json\/wp\/v2\/product\/4097\/revisions"}],"predecessor-version":[{"id":10112,"href":"https:\/\/energizer.com\/eu\/poland\/wp-json\/wp\/v2\/product\/4097\/revisions\/10112"}],"wp:attachment":[{"href":"https:\/\/energizer.com\/eu\/poland\/wp-json\/wp\/v2\/media?parent=4097"}],"wp:term":[{"taxonomy":"product_brand","embeddable":true,"href":"https:\/\/energizer.com\/eu\/poland\/wp-json\/wp\/v2\/product_brand?post=4097"},{"taxonomy":"product_cat","embeddable":true,"href":"https:\/\/energizer.com\/eu\/poland\/wp-json\/wp\/v2\/product_cat?post=4097"},{"taxonomy":"product_tag","embeddable":true,"href":"https:\/\/energizer.com\/eu\/poland\/wp-json\/wp\/v2\/product_tag?post=4097"}],"curies":[{"name":"wp","href":"https:\/\/api.w.org\/{rel}","templated":true}]}}