{"id":4443,"date":"2024-05-16T12:25:05","date_gmt":"2024-05-16T12:25:05","guid":{"rendered":"https:\/\/23b13e8ab3.nxcli.io\/poland\/?post_type=product&#038;p=4443"},"modified":"2024-11-22T06:06:23","modified_gmt":"2024-11-22T06:06:23","slug":"energizer-photo-lithium-batteries-223","status":"publish","type":"product","link":"https:\/\/energizer.com\/eu\/poland\/product\/energizer-photo-lithium-batteries-223\/","title":{"rendered":"BATERIE FOTOGRAFICZNE ENERGIZER\u00ae \u2013 223"},"content":{"rendered":"<ul>\n<li>Baterie fotograficzne Energizer\u00ae s\u0105 d\u0142ugotrwa\u0142e.<\/li>\n<li>Na tyle mocne dla wsp\u00f3\u0142czesnych zaawansowanych technologicznie latarek.<\/li>\n<li>Lampy b\u0142yskowe i gogle noktowizyjne.<\/li>\n<\/ul>\n","protected":false},"excerpt":{"rendered":"<p>Baterie fotograficzne Energizer\u00ae\u00a0zapewniaj\u0105 optymaln\u0105, d\u0142ugotrwa\u0142\u0105 wydajno\u015b\u0107 aparat\u00f3w fotograficznych i cyfrowych. Baterie s\u0105 tak niezawodne, \u017ce mo\u017cna na nich polega\u0107, klatka po klatce.<\/p>\n","protected":false},"featured_media":0,"template":"","meta":{"_acf_changed":false},"product_brand":[],"product_cat":[58],"product_tag":[],"class_list":{"0":"post-4443","1":"product","2":"type-product","3":"status-publish","5":"product_cat-specialty","7":"first","8":"instock","9":"shipping-taxable","10":"product-type-simple"},"acf":[],"_links":{"self":[{"href":"https:\/\/energizer.com\/eu\/poland\/wp-json\/wp\/v2\/product\/4443","targetHints":{"allow":["GET"]}}],"collection":[{"href":"https:\/\/energizer.com\/eu\/poland\/wp-json\/wp\/v2\/product"}],"about":[{"href":"https:\/\/energizer.com\/eu\/poland\/wp-json\/wp\/v2\/types\/product"}],"version-history":[{"count":15,"href":"https:\/\/energizer.com\/eu\/poland\/wp-json\/wp\/v2\/product\/4443\/revisions"}],"predecessor-version":[{"id":11087,"href":"https:\/\/energizer.com\/eu\/poland\/wp-json\/wp\/v2\/product\/4443\/revisions\/11087"}],"wp:attachment":[{"href":"https:\/\/energizer.com\/eu\/poland\/wp-json\/wp\/v2\/media?parent=4443"}],"wp:term":[{"taxonomy":"product_brand","embeddable":true,"href":"https:\/\/energizer.com\/eu\/poland\/wp-json\/wp\/v2\/product_brand?post=4443"},{"taxonomy":"product_cat","embeddable":true,"href":"https:\/\/energizer.com\/eu\/poland\/wp-json\/wp\/v2\/product_cat?post=4443"},{"taxonomy":"product_tag","embeddable":true,"href":"https:\/\/energizer.com\/eu\/poland\/wp-json\/wp\/v2\/product_tag?post=4443"}],"curies":[{"name":"wp","href":"https:\/\/api.w.org\/{rel}","templated":true}]}}