{"id":4581,"date":"2024-05-17T06:44:01","date_gmt":"2024-05-17T06:44:01","guid":{"rendered":"https:\/\/23b13e8ab3.nxcli.io\/poland\/?post_type=product&#038;p=4581"},"modified":"2024-11-22T06:08:17","modified_gmt":"2024-11-22T06:08:17","slug":"energizer-watch-batteries-319","status":"publish","type":"product","link":"https:\/\/energizer.com\/eu\/poland\/product\/energizer-watch-batteries-319\/","title":{"rendered":"BATERIE ZEGARKOWE ENERGIZER\u00ae \u2013 319"},"content":{"rendered":"<ul>\n<li>Bateria guzikowa Energizer 319 z tlenkiem srebra 1,5 V<\/li>\n<li>Zapewnia d\u0142ugotrwa\u0142\u0105 i niezawodn\u0105 moc urz\u0105dze\u0144 zasilanych bateri\u0105 guzikow\u0105, takich jak sprz\u0119t medyczny, kalkulatory, zabawki i zegarki<\/li>\n<li>Utrzymuje energi\u0119 przez okres do 3 lat przechowywania, dzi\u0119ki czemu baterie guzikowe s\u0105 gotowe, gdy ich potrzebujesz<\/li>\n<li>Rozmiar ogniwa: 319; Typ: Tlenek srebra; Wolt: 1.5<\/li>\n<li>Zamiennik: S54, 280-60, D319, SR64, SR527SW, SP319, RW328, SB-AE, SB-DE, TR527SW, SR527 i V319<\/li>\n<li>Nasze baterie guzikowe z tlenkiem srebra zosta\u0142y zaprojektowane w spos\u00f3b odpowiedzialny i nie zawieraj\u0105 rt\u0119ci<\/li>\n<\/ul>\n","protected":false},"excerpt":{"rendered":"<p>Istniej\u0105 standardowe baterie specjalistyczne, a tak\u017ce baterie specjalistyczne Energizer. Uzyskaj wi\u0119c trwa\u0142e, niezawodne zasilanie dzi\u0119ki baterii guzikowem Energizer 319 z tlenkiem srebra. Zapewnia d\u0142ugotrwa\u0142e zasilanie urz\u0105dzeniom zasilanym bateri\u0105 guzikow\u0105, od elektroniki domowej, takiej jak systemy dost\u0119pu bezkluczykowego, po e-booki, zabawki, kalkulatory i zegarki, a\u017c po monitory t\u0119tna i glukozy. Te baterie monety o zerowej zawarto\u015bci rt\u0119ci wytrzymuj\u0105 okres przechowywania do 3 lat. Wybierz baterie specjalistyczne Energizer, aby uzyska\u0107 d\u0142ugotrwa\u0142\u0105 moc, na kt\u00f3r\u0105 mo\u017cesz liczy\u0107, kiedy jej potrzebujesz.<\/p>\n","protected":false},"featured_media":0,"template":"","meta":{"_acf_changed":false},"product_brand":[],"product_cat":[58],"product_tag":[],"class_list":{"0":"post-4581","1":"product","2":"type-product","3":"status-publish","5":"product_cat-specialty","7":"first","8":"instock","9":"shipping-taxable","10":"product-type-simple"},"acf":[],"_links":{"self":[{"href":"https:\/\/energizer.com\/eu\/poland\/wp-json\/wp\/v2\/product\/4581","targetHints":{"allow":["GET"]}}],"collection":[{"href":"https:\/\/energizer.com\/eu\/poland\/wp-json\/wp\/v2\/product"}],"about":[{"href":"https:\/\/energizer.com\/eu\/poland\/wp-json\/wp\/v2\/types\/product"}],"version-history":[{"count":10,"href":"https:\/\/energizer.com\/eu\/poland\/wp-json\/wp\/v2\/product\/4581\/revisions"}],"predecessor-version":[{"id":11092,"href":"https:\/\/energizer.com\/eu\/poland\/wp-json\/wp\/v2\/product\/4581\/revisions\/11092"}],"wp:attachment":[{"href":"https:\/\/energizer.com\/eu\/poland\/wp-json\/wp\/v2\/media?parent=4581"}],"wp:term":[{"taxonomy":"product_brand","embeddable":true,"href":"https:\/\/energizer.com\/eu\/poland\/wp-json\/wp\/v2\/product_brand?post=4581"},{"taxonomy":"product_cat","embeddable":true,"href":"https:\/\/energizer.com\/eu\/poland\/wp-json\/wp\/v2\/product_cat?post=4581"},{"taxonomy":"product_tag","embeddable":true,"href":"https:\/\/energizer.com\/eu\/poland\/wp-json\/wp\/v2\/product_tag?post=4581"}],"curies":[{"name":"wp","href":"https:\/\/api.w.org\/{rel}","templated":true}]}}