{"id":4633,"date":"2024-05-17T06:59:49","date_gmt":"2024-05-17T06:59:49","guid":{"rendered":"https:\/\/23b13e8ab3.nxcli.io\/poland\/?post_type=product&#038;p=4633"},"modified":"2024-11-22T06:08:08","modified_gmt":"2024-11-22T06:08:08","slug":"energizer-watch-batteries-317","status":"publish","type":"product","link":"https:\/\/energizer.com\/eu\/poland\/product\/energizer-watch-batteries-317\/","title":{"rendered":"BATERIE ZEGARKOWE ENERGIZER\u00ae \u2013 317"},"content":{"rendered":"<ul>\n<li>Charakteryzuj\u0105 si\u0119 wysok\u0105 wydajno\u015bci\u0105 \u2013 por\u00f3wnywaln\u0105 z nasz\u0105 gam\u0105 baterii zawieraj\u0105cych rt\u0119\u0107<\/li>\n<li>Maj\u0105 d\u0142ugi okres przechowywania \u2013 dzi\u0119ki czemu s\u0105 zawsze pod r\u0119k\u0105, gdy ich potrzebujesz<\/li>\n<li>Zosta\u0142y dok\u0142adnie przetestowane \u2013 wi\u0119c nigdy si\u0119 nie zawiedziesz<\/li>\n<\/ul>\n","protected":false},"excerpt":{"rendered":"<p>W 1957 roku firma Energizer\u00ae\u00a0wyprodukowa\u0142a pierwsz\u0105 bateri\u0119 zegarkow\u0105 \u2013 i ludzie przestali nakr\u0119ca\u0107 swoje zegarki. Obecnie na rynku dost\u0119pnych jest ponad 46 r\u00f3\u017cnych typ\u00f3w baterii do zegark\u00f3w, co sprawia, \u017ce \u200b\u200bco\u015b, co na pocz\u0105tku by\u0142o proste, jest znacznie bardziej z\u0142o\u017cone.<\/p>\n<p>Mamy pe\u0142n\u0105 gam\u0119 baterii do wszystkich typ\u00f3w zegark\u00f3w zasilanych bateriami, w tym nowe i bezprecedensowe osi\u0105gni\u0119cie w dziedzinie konstrukcji baterii zegarkowych, kt\u00f3re wprowadza prostot\u0119 do skomplikowanego \u015bwiata \u2013 Energizer\u00ae Multi Drain.<\/p>\n<p>Wykorzystuj\u0105c innowacyjn\u0105 chemi\u0119 ogniw, baterie wielozakresowe (typu multi-drain) wykazuj\u0105 si\u0119 najlepszymi w\u0142a\u015bciwo\u015bciami zar\u00f3wno baterii o wysokim, jak i niskim poborze mocy. Teraz potrzebujesz tylko jednej baterii, niezale\u017cnie od zapotrzebowania na energi\u0119. Technologia Energizer\u00ae\u00a0Multi-Drain zapewni t\u0119 sam\u0105 doskona\u0142\u0105 wydajno\u015b\u0107 we wszystkich urz\u0105dzeniach o niskim i wysokim poborze pr\u0105du, od prostego zegarka analogowego po najbardziej z\u0142o\u017cone cyfrowe zegarki elektroniczne.<\/p>\n","protected":false},"featured_media":0,"template":"","meta":{"_acf_changed":false},"product_brand":[],"product_cat":[58],"product_tag":[],"class_list":{"0":"post-4633","1":"product","2":"type-product","3":"status-publish","5":"product_cat-specialty","7":"first","8":"instock","9":"shipping-taxable","10":"product-type-simple"},"acf":[],"_links":{"self":[{"href":"https:\/\/energizer.com\/eu\/poland\/wp-json\/wp\/v2\/product\/4633","targetHints":{"allow":["GET"]}}],"collection":[{"href":"https:\/\/energizer.com\/eu\/poland\/wp-json\/wp\/v2\/product"}],"about":[{"href":"https:\/\/energizer.com\/eu\/poland\/wp-json\/wp\/v2\/types\/product"}],"version-history":[{"count":12,"href":"https:\/\/energizer.com\/eu\/poland\/wp-json\/wp\/v2\/product\/4633\/revisions"}],"predecessor-version":[{"id":11091,"href":"https:\/\/energizer.com\/eu\/poland\/wp-json\/wp\/v2\/product\/4633\/revisions\/11091"}],"wp:attachment":[{"href":"https:\/\/energizer.com\/eu\/poland\/wp-json\/wp\/v2\/media?parent=4633"}],"wp:term":[{"taxonomy":"product_brand","embeddable":true,"href":"https:\/\/energizer.com\/eu\/poland\/wp-json\/wp\/v2\/product_brand?post=4633"},{"taxonomy":"product_cat","embeddable":true,"href":"https:\/\/energizer.com\/eu\/poland\/wp-json\/wp\/v2\/product_cat?post=4633"},{"taxonomy":"product_tag","embeddable":true,"href":"https:\/\/energizer.com\/eu\/poland\/wp-json\/wp\/v2\/product_tag?post=4633"}],"curies":[{"name":"wp","href":"https:\/\/api.w.org\/{rel}","templated":true}]}}