{"id":4723,"date":"2024-05-17T08:41:40","date_gmt":"2024-05-17T08:41:40","guid":{"rendered":"https:\/\/23b13e8ab3.nxcli.io\/poland\/?post_type=product&#038;p=4723"},"modified":"2024-08-22T04:59:27","modified_gmt":"2024-08-22T04:59:27","slug":"energizer-mini-charger","status":"publish","type":"product","link":"https:\/\/energizer.com\/eu\/poland\/product\/energizer-mini-charger\/","title":{"rendered":"ENERGIZER\u00ae MINI CHARGER"},"content":{"rendered":"<ul>\n<li>Na\u0142aduje jeden lub dwa akumulatorki AA albo AAA przez noc<\/li>\n<li>Wska\u017anik stanu \u0142adowania LED informuje o trwaj\u0105cym \u0142adowaniu<\/li>\n<li>Zabezpieczenie przed odwrotn\u0105 polaryzacj\u0105<\/li>\n<li>Automatyczny mechanizm wy\u0142\u0105czaj\u0105cy oparty na regulatorze czasowym<\/li>\n<li>Do akumulatork\u00f3w Energizer\u00ae Recharge \u2014 wed\u0142ug dost\u0119pnych danych najlepiej na \u015bwiecie sprzedaj\u0105cej si\u0119 marki akumulatork\u00f3w<\/li>\n<\/ul>\n","protected":false},"excerpt":{"rendered":"<p>\u0141adowarka Energizer\u00ae Mini \u015bwietnie sprawdzi si\u0119 w podr\u00f3\u017cy oraz w sytuacjach, gdy nie trzeba \u0142adowa\u0107 wielu akumulatork\u00f3w naraz. Ultrakompaktowa \u0142adowarka efektownie wygl\u0105da i jest bardzo lekka. To \u015bwietny towarzysz podr\u00f3\u017cy, kt\u00f3ry pomo\u017ce utrzyma\u0107 zasilanie Twoich urz\u0105dze\u0144 w ka\u017cdym miejscu.<\/p>\n","protected":false},"featured_media":0,"template":"","meta":{"_acf_changed":false},"product_brand":[],"product_cat":[82],"product_tag":[],"class_list":{"0":"post-4723","1":"product","2":"type-product","3":"status-publish","5":"product_cat-recharge-battery-chargers","7":"first","8":"instock","9":"shipping-taxable","10":"product-type-simple"},"acf":[],"_links":{"self":[{"href":"https:\/\/energizer.com\/eu\/poland\/wp-json\/wp\/v2\/product\/4723","targetHints":{"allow":["GET"]}}],"collection":[{"href":"https:\/\/energizer.com\/eu\/poland\/wp-json\/wp\/v2\/product"}],"about":[{"href":"https:\/\/energizer.com\/eu\/poland\/wp-json\/wp\/v2\/types\/product"}],"version-history":[{"count":6,"href":"https:\/\/energizer.com\/eu\/poland\/wp-json\/wp\/v2\/product\/4723\/revisions"}],"predecessor-version":[{"id":9776,"href":"https:\/\/energizer.com\/eu\/poland\/wp-json\/wp\/v2\/product\/4723\/revisions\/9776"}],"wp:attachment":[{"href":"https:\/\/energizer.com\/eu\/poland\/wp-json\/wp\/v2\/media?parent=4723"}],"wp:term":[{"taxonomy":"product_brand","embeddable":true,"href":"https:\/\/energizer.com\/eu\/poland\/wp-json\/wp\/v2\/product_brand?post=4723"},{"taxonomy":"product_cat","embeddable":true,"href":"https:\/\/energizer.com\/eu\/poland\/wp-json\/wp\/v2\/product_cat?post=4723"},{"taxonomy":"product_tag","embeddable":true,"href":"https:\/\/energizer.com\/eu\/poland\/wp-json\/wp\/v2\/product_tag?post=4723"}],"curies":[{"name":"wp","href":"https:\/\/api.w.org\/{rel}","templated":true}]}}