{"id":4815,"date":"2024-05-13T07:35:22","date_gmt":"2024-05-13T07:35:22","guid":{"rendered":"https:\/\/23b13e8ab3.nxcli.io\/poland\/?post_type=product&#038;p=4815"},"modified":"2025-08-01T13:01:21","modified_gmt":"2025-08-01T13:01:21","slug":"energizer-max-plus-aa","status":"publish","type":"product","link":"https:\/\/energizer.com\/eu\/poland\/product\/energizer-max-plus-aa\/","title":{"rendered":"ENERGIZER\u00ae MAX PLUS \u2122 &#8211; AA"},"content":{"rendered":"<ul>\n<li>Baterie alkaliczne Energizer Max Plus AA, opakowanie 4 szt.<\/li>\n<li>Najd\u0142u\u017csza \u017cywotno\u015b\u0107: Ta najd\u0142u\u017cej dzia\u0142aj\u0105ca bateria alkaliczna Energizer dzia\u0142a do 200% d\u0142u\u017cej w aparatach cyfrowych ni\u017c podstawowa bateria alkaliczna Energizer<\/li>\n<li>Moc, kt\u00f3rej mo\u017cesz zaufa\u0107: Baterii alkalicznych Energizer u\u017cywaj do pilot\u00f3w, zegar\u00f3w, aparat\u00f3w fotograficznych i innych urz\u0105dze\u0144 codziennego u\u017cytku<\/li>\n<li>Ochrona przed wyciekiem: Baterie AA o szczelnej konstrukcji chroni\u0105cej urz\u0105dzenia przed wyciekami; obj\u0119te gwarancj\u0105 Energizer No Leak<\/li>\n<li>Niezawodno\u015b\u0107: Ka\u017cda bateria <span class=\"jsx-1045662379 change-context added\">alkaliczna Max Plus AA<\/span> ma okres przydatno\u015bci do 10 lat, dzi\u0119ki czemu jest <span class=\"jsx-1045662379 change-context added\">zawsze<\/span><span class=\"jsx-1045662379 change-context\">, <\/span>do u\u017cycia zawsze, gdy jest potrzebna<\/li>\n<li>Innowacje Energizer: Od producenta najd\u0142u\u017cej dzia\u0142aj\u0105cej baterii AA na \u015bwiecie &#8211; Energizer Ultimate Lithium<\/li>\n<li>Opakowanie w 100% nadaj\u0105ce si\u0119 do recyklingu: Opakowania Energizer wspieraj\u0105 odpowiedzialn\u0105 gospodark\u0119 le\u015bn\u0105 i nie zawieraj\u0105 plastiku, z wyj\u0105tkiem plomb w wybranych opakowaniach<\/li>\n<\/ul>\n","protected":false},"excerpt":{"rendered":"<p>Wykorzystaj w pe\u0142ni swoje kluczowe urz\u0105dzenia dzi\u0119ki niezawodnej, d\u0142ugo dzia\u0142aj\u0105cej baterii Energizer Max Plus. Zaopatrz si\u0119 w baterie AA\u00a0 i wykorzystaj je do <span class=\"jsx-1045662379 change-context added\">urz\u0105dze\u0144 o wysokim poborze mocy<\/span><span class=\"jsx-1045662379 change-context\">.<\/span> e baterie s\u0105 tak\u017ce doskona\u0142ym wyborem, je\u015bli potrzebujesz niezawodnego zasilania o\u015bwietlenia LED, latarek, kontroler\u00f3w do gier, pilot\u00f3w, zegar\u00f3w czy zabawek. Baterie Energizer Max Plus AA utrzymuj\u0105 energi\u0119 do 10 lat podczas przechowywania, a ich szczelna konstrukcja chroni urz\u0105dzenia przed\u00a0 jej potrzebujesz. Seria Energizer Max Plus obejmuje r\u00f3wnie\u017c baterie AAA, 9V, C i D, wi\u0119c \u0142atwo jest znale\u017a\u0107 niezawodne zasilanie w potrzebnym rozmiarze.<\/p>\n","protected":false},"featured_media":11385,"template":"","meta":{"_acf_changed":false},"product_brand":[],"product_cat":[87],"product_tag":[],"class_list":{"0":"post-4815","1":"product","2":"type-product","3":"status-publish","4":"has-post-thumbnail","6":"product_cat-energizer-max-plus","8":"first","9":"instock","10":"shipping-taxable","11":"product-type-simple"},"acf":[],"_links":{"self":[{"href":"https:\/\/energizer.com\/eu\/poland\/wp-json\/wp\/v2\/product\/4815","targetHints":{"allow":["GET"]}}],"collection":[{"href":"https:\/\/energizer.com\/eu\/poland\/wp-json\/wp\/v2\/product"}],"about":[{"href":"https:\/\/energizer.com\/eu\/poland\/wp-json\/wp\/v2\/types\/product"}],"version-history":[{"count":23,"href":"https:\/\/energizer.com\/eu\/poland\/wp-json\/wp\/v2\/product\/4815\/revisions"}],"predecessor-version":[{"id":11386,"href":"https:\/\/energizer.com\/eu\/poland\/wp-json\/wp\/v2\/product\/4815\/revisions\/11386"}],"wp:featuredmedia":[{"embeddable":true,"href":"https:\/\/energizer.com\/eu\/poland\/wp-json\/wp\/v2\/media\/11385"}],"wp:attachment":[{"href":"https:\/\/energizer.com\/eu\/poland\/wp-json\/wp\/v2\/media?parent=4815"}],"wp:term":[{"taxonomy":"product_brand","embeddable":true,"href":"https:\/\/energizer.com\/eu\/poland\/wp-json\/wp\/v2\/product_brand?post=4815"},{"taxonomy":"product_cat","embeddable":true,"href":"https:\/\/energizer.com\/eu\/poland\/wp-json\/wp\/v2\/product_cat?post=4815"},{"taxonomy":"product_tag","embeddable":true,"href":"https:\/\/energizer.com\/eu\/poland\/wp-json\/wp\/v2\/product_tag?post=4815"}],"curies":[{"name":"wp","href":"https:\/\/api.w.org\/{rel}","templated":true}]}}