{"id":5197,"date":"2024-05-21T13:46:33","date_gmt":"2024-05-21T13:46:33","guid":{"rendered":"https:\/\/23b13e8ab3.nxcli.io\/poland\/?post_type=product&#038;p=5197"},"modified":"2024-08-22T04:57:44","modified_gmt":"2024-08-22T04:57:44","slug":"energizer-compact-incandescent-handheld","status":"publish","type":"product","link":"https:\/\/energizer.com\/eu\/poland\/product\/energizer-compact-incandescent-handheld\/","title":{"rendered":"Energizer Compact Incandescent handheld"},"content":{"rendered":"<ul>\n<li>Du\u017ca soczewka do szerokiej wi\u0105zki<\/li>\n<li>Prze\u0142\u0105cznik naciskowy zaprojektowany z my\u015bl\u0105 o \u0142atwym w\u0142\u0105czaniu\/wy\u0142\u0105czaniu zasilania<\/li>\n<li>Wygodny hak do zawieszania<\/li>\n<li>Wsp\u00f3\u0142pracuje z 1 akumulatorkiem 3R12<\/li>\n<\/ul>\n","protected":false},"excerpt":{"rendered":"<p>Kompaktowa latarka Energizer to idealna latarka do torebek i kieszeni. Posiada du\u017c\u0105 soczewk\u0119 zapewniaj\u0105c\u0105 szerok\u0105 wi\u0105zk\u0119 \u015bwiat\u0142a oraz wy\u0142\u0105cznik ci\u015bnieniowy zaprojektowany z my\u015bl\u0105 o \u0142atwym w\u0142\u0105czaniu\/wy\u0142\u0105czaniu zasilania. Kompaktowa latarka ma r\u00f3wnie\u017c wygodny hak do zawieszania, kt\u00f3ry w razie potrzeby zapewnia o\u015bwietlenie bez u\u017cycia r\u0105k.<\/p>\n","protected":false},"featured_media":0,"template":"","meta":{"_acf_changed":false},"product_brand":[],"product_cat":[97],"product_tag":[],"class_list":{"0":"post-5197","1":"product","2":"type-product","3":"status-publish","5":"product_cat-handheld","7":"first","8":"instock","9":"shipping-taxable","10":"product-type-simple"},"acf":[],"_links":{"self":[{"href":"https:\/\/energizer.com\/eu\/poland\/wp-json\/wp\/v2\/product\/5197","targetHints":{"allow":["GET"]}}],"collection":[{"href":"https:\/\/energizer.com\/eu\/poland\/wp-json\/wp\/v2\/product"}],"about":[{"href":"https:\/\/energizer.com\/eu\/poland\/wp-json\/wp\/v2\/types\/product"}],"version-history":[{"count":6,"href":"https:\/\/energizer.com\/eu\/poland\/wp-json\/wp\/v2\/product\/5197\/revisions"}],"predecessor-version":[{"id":9781,"href":"https:\/\/energizer.com\/eu\/poland\/wp-json\/wp\/v2\/product\/5197\/revisions\/9781"}],"wp:attachment":[{"href":"https:\/\/energizer.com\/eu\/poland\/wp-json\/wp\/v2\/media?parent=5197"}],"wp:term":[{"taxonomy":"product_brand","embeddable":true,"href":"https:\/\/energizer.com\/eu\/poland\/wp-json\/wp\/v2\/product_brand?post=5197"},{"taxonomy":"product_cat","embeddable":true,"href":"https:\/\/energizer.com\/eu\/poland\/wp-json\/wp\/v2\/product_cat?post=5197"},{"taxonomy":"product_tag","embeddable":true,"href":"https:\/\/energizer.com\/eu\/poland\/wp-json\/wp\/v2\/product_tag?post=5197"}],"curies":[{"name":"wp","href":"https:\/\/api.w.org\/{rel}","templated":true}]}}