{"id":5217,"date":"2024-05-21T18:43:38","date_gmt":"2024-05-21T18:43:38","guid":{"rendered":"https:\/\/23b13e8ab3.nxcli.io\/poland\/?post_type=product&#038;p=5217"},"modified":"2024-08-22T04:56:10","modified_gmt":"2024-08-22T04:56:10","slug":"energizer-led-headlight","status":"publish","type":"product","link":"https:\/\/energizer.com\/eu\/poland\/product\/energizer-led-headlight\/","title":{"rendered":"Energizer LED Headlight"},"content":{"rendered":"<ul>\n<li>Kompaktowy rozmiar<\/li>\n<li>Lekko\u015b\u0107 zapewniaj\u0105ca wygod\u0119<\/li>\n<li>Regulowany pasek<\/li>\n<li>\u0141atwy w obs\u0142udze przycisk w\u0142\u0105cz\/wy\u0142\u0105cz<\/li>\n<li>Codzienne rozwi\u0105zanie typu &#8216;r\u0119ce wolne&#8217;<\/li>\n<li>W zestawie 2 baterie AAA<\/li>\n<\/ul>\n","protected":false},"excerpt":{"rendered":"<p>Czo\u0142\u00f3wka LED ENERGIZER to niezawodne rozwi\u0105zanie o\u015bwietleniowe, kt\u00f3re \u0142\u0105czy w sobie dzisiejsz\u0105 technologi\u0119 LED z konstrukcj\u0105 umo\u017cliwiaj\u0105c\u0105 obs\u0142ug\u0119 bez u\u017cycia r\u0105k, zapewniaj\u0105c doskona\u0142e wra\u017cenia u\u017cytkownika. Za pomoc\u0105 prostego przycisku u\u017cytkownicy mog\u0105 aktywowa\u0107 technologi\u0119 LED, kt\u00f3ra zapewnia doskona\u0142\u0105 r\u00f3wnowag\u0119 jasno\u015bci z d\u0142ugim czasem pracy. Wyposa\u017cony w regulowany, wygodny pasek na g\u0142ow\u0119, czo\u0142\u00f3wka LED ENERGIZER dostosowuje si\u0119 do r\u00f3\u017cnorodnych potrzeb u\u017cytkownik\u00f3w, od zastosowa\u0144 codziennych po prac\u0119.<\/p>\n","protected":false},"featured_media":0,"template":"","meta":{"_acf_changed":false},"product_brand":[],"product_cat":[43],"product_tag":[],"class_list":{"0":"post-5217","1":"product","2":"type-product","3":"status-publish","5":"product_cat-hands-free","7":"first","8":"instock","9":"shipping-taxable","10":"product-type-simple"},"acf":[],"_links":{"self":[{"href":"https:\/\/energizer.com\/eu\/poland\/wp-json\/wp\/v2\/product\/5217","targetHints":{"allow":["GET"]}}],"collection":[{"href":"https:\/\/energizer.com\/eu\/poland\/wp-json\/wp\/v2\/product"}],"about":[{"href":"https:\/\/energizer.com\/eu\/poland\/wp-json\/wp\/v2\/types\/product"}],"version-history":[{"count":6,"href":"https:\/\/energizer.com\/eu\/poland\/wp-json\/wp\/v2\/product\/5217\/revisions"}],"predecessor-version":[{"id":9790,"href":"https:\/\/energizer.com\/eu\/poland\/wp-json\/wp\/v2\/product\/5217\/revisions\/9790"}],"wp:attachment":[{"href":"https:\/\/energizer.com\/eu\/poland\/wp-json\/wp\/v2\/media?parent=5217"}],"wp:term":[{"taxonomy":"product_brand","embeddable":true,"href":"https:\/\/energizer.com\/eu\/poland\/wp-json\/wp\/v2\/product_brand?post=5217"},{"taxonomy":"product_cat","embeddable":true,"href":"https:\/\/energizer.com\/eu\/poland\/wp-json\/wp\/v2\/product_cat?post=5217"},{"taxonomy":"product_tag","embeddable":true,"href":"https:\/\/energizer.com\/eu\/poland\/wp-json\/wp\/v2\/product_tag?post=5217"}],"curies":[{"name":"wp","href":"https:\/\/api.w.org\/{rel}","templated":true}]}}