{"id":5229,"date":"2024-05-21T19:00:47","date_gmt":"2024-05-21T19:00:47","guid":{"rendered":"https:\/\/23b13e8ab3.nxcli.io\/poland\/?post_type=product&#038;p=5229"},"modified":"2024-07-30T11:42:09","modified_gmt":"2024-07-30T11:42:09","slug":"energizer-fusion-compact-area-lantern","status":"publish","type":"product","link":"https:\/\/energizer.com\/eu\/poland\/product\/energizer-fusion-compact-area-lantern\/","title":{"rendered":"Energizer Fusion Compact area lantern"},"content":{"rendered":"<ul>\n<li>Kompaktowy i lekki<\/li>\n<li>Solidny uchwyt do przenoszenia lub zawieszenia, sk\u0142adany dla dodatkowej stabilno\u015bci<\/li>\n<li>Wodoodporny, idealny na dworze i na kemping<\/li>\n<li>Technologia Light Fusion zapewnia \u017cywe, jednolite \u015bwiat\u0142o obszarowe<\/li>\n<li>360-stopniowe \u015bwiat\u0142o obszarowe<\/li>\n<li>Tryb wysoki i niski<\/li>\n<li>Wyposa\u017cony w technologi\u0119 LED<\/li>\n<li>Dzia\u0142a na 4 bateriach AA<\/li>\n<\/ul>\n","protected":false},"excerpt":{"rendered":"<p>Kompaktowa latarnia Energizer z technologi\u0105 Light Fusion zapewnia wydajne, przeno\u015bne rozwi\u0105zanie o\u015bwietlenia obszarowego. Generuje imponuj\u0105co jasny, 360-stopniowy obszar o\u015bwietlenia dzi\u0119ki unikalnej technologii Light Fusion. Do\u0142\u0105czony uchwyt do przenoszenia mo\u017cna z\u0142o\u017cy\u0107, co zapewnia wi\u0119ksz\u0105 stabilno\u015b\u0107, lub mo\u017cna go u\u017cywa\u0107 w pozycji pionowej do przenoszenia lub wieszania \u015bwiat\u0142a, je\u015bli zajdzie taka potrzeba. Smuk\u0142e, lekkie i wodoodporne, ta latarnia idealnie nadaje si\u0119 do u\u017cytku na zewn\u0105trz, na kempingu, a nawet w przypadku przerw w dostawie pr\u0105du. Dzi\u0119ki dodanemu ustawieniu oszcz\u0119dzania energii u\u017cytkownicy mog\u0105 znacznie wyd\u0142u\u017cy\u0107 czas pracy. Energizer Compact Lantern zapewnia jasne, jednolite \u015bwiat\u0142o i elastyczno\u015b\u0107, jakiej oczekuj\u0105 u\u017cytkownicy.<\/p>\n","protected":false},"featured_media":0,"template":"","meta":{"_acf_changed":false},"product_brand":[],"product_cat":[97],"product_tag":[],"class_list":{"0":"post-5229","1":"product","2":"type-product","3":"status-publish","5":"product_cat-handheld","7":"first","8":"instock","9":"shipping-taxable","10":"product-type-simple"},"acf":[],"_links":{"self":[{"href":"https:\/\/energizer.com\/eu\/poland\/wp-json\/wp\/v2\/product\/5229","targetHints":{"allow":["GET"]}}],"collection":[{"href":"https:\/\/energizer.com\/eu\/poland\/wp-json\/wp\/v2\/product"}],"about":[{"href":"https:\/\/energizer.com\/eu\/poland\/wp-json\/wp\/v2\/types\/product"}],"version-history":[{"count":6,"href":"https:\/\/energizer.com\/eu\/poland\/wp-json\/wp\/v2\/product\/5229\/revisions"}],"predecessor-version":[{"id":9795,"href":"https:\/\/energizer.com\/eu\/poland\/wp-json\/wp\/v2\/product\/5229\/revisions\/9795"}],"wp:attachment":[{"href":"https:\/\/energizer.com\/eu\/poland\/wp-json\/wp\/v2\/media?parent=5229"}],"wp:term":[{"taxonomy":"product_brand","embeddable":true,"href":"https:\/\/energizer.com\/eu\/poland\/wp-json\/wp\/v2\/product_brand?post=5229"},{"taxonomy":"product_cat","embeddable":true,"href":"https:\/\/energizer.com\/eu\/poland\/wp-json\/wp\/v2\/product_cat?post=5229"},{"taxonomy":"product_tag","embeddable":true,"href":"https:\/\/energizer.com\/eu\/poland\/wp-json\/wp\/v2\/product_tag?post=5229"}],"curies":[{"name":"wp","href":"https:\/\/api.w.org\/{rel}","templated":true}]}}