{"id":5233,"date":"2024-05-21T19:13:55","date_gmt":"2024-05-21T19:13:55","guid":{"rendered":"https:\/\/23b13e8ab3.nxcli.io\/poland\/?post_type=product&#038;p=5233"},"modified":"2024-08-22T04:53:41","modified_gmt":"2024-08-22T04:53:41","slug":"energizer-led-torch-vision-hd-metal","status":"publish","type":"product","link":"https:\/\/energizer.com\/eu\/poland\/product\/energizer-led-torch-vision-hd-metal\/","title":{"rendered":"Energizer LED Torch, Vision HD Metal"},"content":{"rendered":"<ul>\n<li>Metalowa latarka Energizer Vision HD, metalowa latarka Energizer Vision HD z 3 bateriami alkalicznymi AAA w zestawie<\/li>\n<li>Super jasna latarka: Ta latarka LED o mocy 270 lumen\u00f3w zapewnia wyj\u0105tkow\u0105 jasno\u015b\u0107 i wysok\u0105 wydajno\u015b\u0107, umo\u017cliwiaj\u0105c widoczno\u015b\u0107 do 84 metr\u00f3w w trybie wysokim<\/li>\n<li>3 tryby \u015bwiat\u0142a: Ta metalowa latarka posiada 3 tryby \u015bwiecenia: Wysoki tryb, oszcz\u0119dzanie mocy i stroboskop awaryjny<\/li>\n<li>Konstrukcja z wytrzyma\u0142ego stopu: Wytrzyma\u0142y metalowy korpus i odporno\u015b\u0107 na wod\u0119 IPX4 zapewniaj\u0105 ochron\u0119 przed uszkodzeniami i zachlapaniami<\/li>\n<li>Godziny pracy:\u202fLatarka Energizer LED mo\u017ce \u015bwieci\u0107 a\u017c do 12,5 godziny w trybie niskim<\/li>\n<li>Wygodny rozmiar: Trzymaj t\u0119 wszechstronn\u0105, mocn\u0105 latark\u0119 w szufladzie, samochodzie, domowym zestawie awaryjnym lub no\u015b j\u0105 w torbie<\/li>\n<li>Godna zaufania technologia MAX-VIZ: Zaawansowana technologia Energizera odtwarza \u015bwiat\u0142o dzienne, zapewniaj\u0105c obraz w wysokiej rozdzielczo\u015bci, na kt\u00f3rym mo\u017cesz polega\u0107<\/li>\n<\/ul>\n","protected":false},"excerpt":{"rendered":"<p>O\u015bwietl swoje otoczenie bez wysi\u0142ku dzi\u0119ki tej wydajnej, super jasnej latarce. Kompaktowa latarka Energizer Metal Vision HD zapewnia wyj\u0105tkow\u0105 jasno\u015b\u0107 nawet przez 12,5 godziny w trybie oszcz\u0119dzania energii &#8211; niezale\u017cnie od tego, czy wyruszasz na poszukiwanie przyg\u00f3d, czy przygotowujesz si\u0119 do domowych sytuacji awaryjnych. Idealna na kempingu, podczas majsterkowania lub w przypadku przerw w dostawie pr\u0105du w domu, latarka akumulatorowa Energizer pomo\u017ce ci odnale\u017a\u0107 drog\u0119 w ciemno\u015bci. Latarka LED o jasno\u015bci 270 lumen\u00f3w mo\u017ce rozja\u015bni\u0107 najciemniejsze miejsca, o\u015bwietlaj\u0105c do 84 metr\u00f3w w trybie wysokim. Latarka odwzorowuje nawet \u015bwiat\u0142o dzienne dzi\u0119ki technologii MAX-VIZ, kt\u00f3ra dopasowuje si\u0119 do naturalnych preferencji oczu, oferuj\u0105c wyj\u0105tkowe widzenie w wysokiej rozdzielczo\u015bci.<\/p>\n","protected":false},"featured_media":0,"template":"","meta":{"_acf_changed":false},"product_brand":[],"product_cat":[97],"product_tag":[],"class_list":{"0":"post-5233","1":"product","2":"type-product","3":"status-publish","5":"product_cat-handheld","7":"first","8":"instock","9":"shipping-taxable","10":"product-type-simple"},"acf":[],"_links":{"self":[{"href":"https:\/\/energizer.com\/eu\/poland\/wp-json\/wp\/v2\/product\/5233","targetHints":{"allow":["GET"]}}],"collection":[{"href":"https:\/\/energizer.com\/eu\/poland\/wp-json\/wp\/v2\/product"}],"about":[{"href":"https:\/\/energizer.com\/eu\/poland\/wp-json\/wp\/v2\/types\/product"}],"version-history":[{"count":5,"href":"https:\/\/energizer.com\/eu\/poland\/wp-json\/wp\/v2\/product\/5233\/revisions"}],"predecessor-version":[{"id":9797,"href":"https:\/\/energizer.com\/eu\/poland\/wp-json\/wp\/v2\/product\/5233\/revisions\/9797"}],"wp:attachment":[{"href":"https:\/\/energizer.com\/eu\/poland\/wp-json\/wp\/v2\/media?parent=5233"}],"wp:term":[{"taxonomy":"product_brand","embeddable":true,"href":"https:\/\/energizer.com\/eu\/poland\/wp-json\/wp\/v2\/product_brand?post=5233"},{"taxonomy":"product_cat","embeddable":true,"href":"https:\/\/energizer.com\/eu\/poland\/wp-json\/wp\/v2\/product_cat?post=5233"},{"taxonomy":"product_tag","embeddable":true,"href":"https:\/\/energizer.com\/eu\/poland\/wp-json\/wp\/v2\/product_tag?post=5233"}],"curies":[{"name":"wp","href":"https:\/\/api.w.org\/{rel}","templated":true}]}}