{"id":5239,"date":"2024-05-21T19:19:53","date_gmt":"2024-05-21T19:19:53","guid":{"rendered":"https:\/\/23b13e8ab3.nxcli.io\/poland\/?post_type=product&#038;p=5239"},"modified":"2024-08-22T04:53:24","modified_gmt":"2024-08-22T04:53:24","slug":"energizer-touch-tech-keychain","status":"publish","type":"product","link":"https:\/\/energizer.com\/eu\/poland\/product\/energizer-touch-tech-keychain\/","title":{"rendered":"Energizer Touch Tech Keychain"},"content":{"rendered":"<ul>\n<li>Bezprzyciskowe w\u0142\u0105czanie\/wy\u0142\u0105czanie dotykowe zasilanie<\/li>\n<li>Zaprojektowane z my\u015bl\u0105 o maksymalnej wygodzie &#8211; chwy\u0107 latark\u0119, aby uzyska\u0107 natychmiastowe o\u015bwietlenie i zwolnij j\u0105, aby p\u0142ynnie wy\u0142\u0105czy\u0107<\/li>\n<li>Kompaktowe rozmiary sprawiaj\u0105, \u017ce jest to wygodna latarka, kt\u00f3r\u0105 mo\u017cna mie\u0107 zawsze przy sobie<\/li>\n<\/ul>\n","protected":false},"excerpt":{"rendered":"<p>Brelok do kluczy Energizer z technologi\u0105 Touch Tech \u0142\u0105czy w sobie najnowsz\u0105 opatentowan\u0105 technologi\u0119, zapewniaj\u0105c \u0142atw\u0105 i intuicyjn\u0105 obs\u0142ug\u0119. Dzi\u0119ki innowacji bez prze\u0142\u0105cznika Touch Tech u\u017cytkownicy uzyskuj\u0105 natychmiastowe o\u015bwietlenie, po prostu chwytaj\u0105c \u015bwiat\u0142o. Po zako\u0144czeniu u\u017cywania wystarczy zwolni\u0107 uchwyt, a Touch Tech p\u0142ynnie wy\u0142\u0105czy \u015bwiat\u0142o. Touch Tech gwarantuje, \u017ce latarka nigdy nie zostanie przypadkowo w\u0142\u0105czona i pomaga wyd\u0142u\u017cy\u0107 \u017cywotno\u015b\u0107 baterii. Dzi\u0119ki tej technologii ten brelok do kluczy jest bardzo wygodny i \u0142atwy w u\u017cyciu.<\/p>\n","protected":false},"featured_media":0,"template":"","meta":{"_acf_changed":false},"product_brand":[],"product_cat":[97],"product_tag":[],"class_list":{"0":"post-5239","1":"product","2":"type-product","3":"status-publish","5":"product_cat-handheld","7":"first","8":"instock","9":"shipping-taxable","10":"product-type-simple"},"acf":[],"_links":{"self":[{"href":"https:\/\/energizer.com\/eu\/poland\/wp-json\/wp\/v2\/product\/5239","targetHints":{"allow":["GET"]}}],"collection":[{"href":"https:\/\/energizer.com\/eu\/poland\/wp-json\/wp\/v2\/product"}],"about":[{"href":"https:\/\/energizer.com\/eu\/poland\/wp-json\/wp\/v2\/types\/product"}],"version-history":[{"count":5,"href":"https:\/\/energizer.com\/eu\/poland\/wp-json\/wp\/v2\/product\/5239\/revisions"}],"predecessor-version":[{"id":9800,"href":"https:\/\/energizer.com\/eu\/poland\/wp-json\/wp\/v2\/product\/5239\/revisions\/9800"}],"wp:attachment":[{"href":"https:\/\/energizer.com\/eu\/poland\/wp-json\/wp\/v2\/media?parent=5239"}],"wp:term":[{"taxonomy":"product_brand","embeddable":true,"href":"https:\/\/energizer.com\/eu\/poland\/wp-json\/wp\/v2\/product_brand?post=5239"},{"taxonomy":"product_cat","embeddable":true,"href":"https:\/\/energizer.com\/eu\/poland\/wp-json\/wp\/v2\/product_cat?post=5239"},{"taxonomy":"product_tag","embeddable":true,"href":"https:\/\/energizer.com\/eu\/poland\/wp-json\/wp\/v2\/product_tag?post=5239"}],"curies":[{"name":"wp","href":"https:\/\/api.w.org\/{rel}","templated":true}]}}