{"id":5365,"date":"2024-05-22T07:53:44","date_gmt":"2024-05-22T07:53:44","guid":{"rendered":"https:\/\/23b13e8ab3.nxcli.io\/poland\/?post_type=product&#038;p=5365"},"modified":"2024-08-22T05:30:27","modified_gmt":"2024-08-22T05:30:27","slug":"energizer-vision-450-ultra-headlight","status":"publish","type":"product","link":"https:\/\/energizer.com\/eu\/poland\/product\/energizer-vision-450-ultra-headlight\/","title":{"rendered":"Energizer VISION 450 ULTRA Headlight"},"content":{"rendered":"<ul>\n<li>Latarka czo\u0142owa Energizer Vision Ultra HD LED z technologia LED i 3 bateriami Energizer MAX AAA w zestawie<\/li>\n<li>Technologia LED: Ta czo\u0142\u00f3wka o mocy 450 lumen\u00f3w ma zasi\u0119g 85 metr\u00f3w w trybie wysokim \u2013 15 razy ja\u015bniejsza ni\u017c standardowa technologia LED<\/li>\n<li>Czerwone \u015bwiat\u0142o Tryb nocny: Czerwone \u015bwiat\u0142o poprawia widzenie nocne podczas takich aktywno\u015bci, jak biwakowanie, spacery z psami i w\u0119dr\u00f3wki po zmroku<\/li>\n<li>Wytrzyma\u0142a konstrukcja Idealna do d\u0142ugotrwa\u0142ego u\u017cytkowania, ta trwa\u0142a czo\u0142\u00f3wka Energizer wytrzymuje upadek z wysoko\u015bci 1 metra, ma niet\u0142uk\u0105c\u0105 si\u0119 soczewk\u0119 i wodoodporn\u0105 obudow\u0119<\/li>\n<li>Wszechstronna lampka g\u0142o\u015bnom\u00f3wi\u0105ca: Ta \u0142atwa w u\u017cyciu, kompaktowa latarka niewymagaj\u0105ca u\u017cycia r\u0105k zapewnia Ci wsparcie podczas przerw w dostawie pr\u0105du, rob\u00f3tki r\u0119czne i nie tylko<\/li>\n<li>Wygodna konstrukcja: Skieruj \u015bwiat\u0142o tam, gdzie go potrzebujesz, dzi\u0119ki tej lekkiej czo\u0142\u00f3wce, kt\u00f3ra zapewnia pewne dopasowanie dzi\u0119ki regulowanemu pa\u0142\u0105kowi i obrotowej g\u0142\u00f3wce<\/li>\n<li>Technologia Smart Dimming: Dostosuj intensywno\u015b\u0107 od 10% do 100% we wszystkich trybach, w tym mocnym, punktowym i szerokim<\/li>\n<\/ul>\n","protected":false},"excerpt":{"rendered":"<p>Dzi\u0119ki tej lekkiej i wszechstronnej latarce czo\u0142owej masz wolne r\u0119ce i mo\u017cesz w pe\u0142ni cieszy\u0107 si\u0119 ka\u017cd\u0105 przygod\u0105. Latarka czo\u0142owa Energizer Vision Ultra HD LED oferuje kompaktowe o\u015bwietlenie bez u\u017cycia r\u0105k &#8211; idealne do majsterkowania i czynno\u015bci wymagaj\u0105cych u\u017cycia obu r\u0105k. B\u0119dzie o\u015bwietla\u0107 drog\u0119 podczas twoich eskapad po zmroku, niezale\u017cnie od tego, czy jeste\u015b na biwaku, w\u0119drujesz po g\u00f3rach, czy wychodzisz pobiega\u0107. Ta latarka czo\u0142owa o mocy 450 lumen\u00f3w o\u015bwietli nawet najciemniejsze miejsca, \u015bwiec\u0105c na odleg\u0142o\u015b\u0107 do 85 metr\u00f3w w trybie wysokim i umo\u017cliwiaj\u0105c regulacj\u0119 nat\u0119\u017cenia \u015bwiat\u0142a od 100% do 10% dzi\u0119ki technologii Smart Dimming. Wybierz idealny tryb \u015bwiat\u0142a dla swojej aktywno\u015bci, wybieraj\u0105c spo\u015br\u00f3d 7 r\u00f3\u017cnych tryb\u00f3w (w tym 2 tryby noktowizyjne LED): wysoki, niski, szeroki, szeroki-niski (przyciemniony), czerwony, czerwony migaj\u0105cy i zielony. U\u017cyj czerwonego trybu noktowizyjnego, aby lepiej widzie\u0107 w ciemno\u015bci, a dzi\u0119ki czerwonemu wska\u017anikowi niskiego poziomu na\u0142adowania baterii \u0142atwo zorientujesz si\u0119, kiedy bateria jest na wyczerpaniu. Mo\u017cesz nawet zminimalizowa\u0107 o\u015blepianie os\u00f3b postronnych poprzez powolne zwi\u0119kszanie intensywno\u015bci \u015bwiat\u0142a, korzystaj\u0105c z funkcji VisionGuard. Wygodna konstrukcja czo\u0142\u00f3wki Energizer Vision Ultra HD LED i trwa\u0142a, wodoodporna konstrukcja zapewniaj\u0105 optymalny komfort i wszechstronno\u015b\u0107. Regulowany pasek, obrotowa g\u0142\u00f3wka i niet\u0142uk\u0105ca si\u0119 soczewka sprawiaj\u0105, \u017ce jest to wygodna opcja na ka\u017cd\u0105 przygod\u0119 w pomieszczeniu lub na zewn\u0105trz. Toruj\u0105c drog\u0119 przeno\u015bnemu o\u015bwietleniu od ponad 120 lat, Energizer wprowadzi\u0142 na rynek pierwsz\u0105 na \u015bwiecie wodoodporn\u0105 latark\u0119 w 1970 roku. Energizer sprawia, \u017ce o\u015bwietlanie drogi jest \u0142atwe.<\/p>\n","protected":false},"featured_media":0,"template":"","meta":{"_acf_changed":false},"product_brand":[],"product_cat":[43],"product_tag":[],"class_list":{"0":"post-5365","1":"product","2":"type-product","3":"status-publish","5":"product_cat-hands-free","7":"first","8":"instock","9":"shipping-taxable","10":"product-type-simple"},"acf":[],"_links":{"self":[{"href":"https:\/\/energizer.com\/eu\/poland\/wp-json\/wp\/v2\/product\/5365","targetHints":{"allow":["GET"]}}],"collection":[{"href":"https:\/\/energizer.com\/eu\/poland\/wp-json\/wp\/v2\/product"}],"about":[{"href":"https:\/\/energizer.com\/eu\/poland\/wp-json\/wp\/v2\/types\/product"}],"version-history":[{"count":6,"href":"https:\/\/energizer.com\/eu\/poland\/wp-json\/wp\/v2\/product\/5365\/revisions"}],"predecessor-version":[{"id":9821,"href":"https:\/\/energizer.com\/eu\/poland\/wp-json\/wp\/v2\/product\/5365\/revisions\/9821"}],"wp:attachment":[{"href":"https:\/\/energizer.com\/eu\/poland\/wp-json\/wp\/v2\/media?parent=5365"}],"wp:term":[{"taxonomy":"product_brand","embeddable":true,"href":"https:\/\/energizer.com\/eu\/poland\/wp-json\/wp\/v2\/product_brand?post=5365"},{"taxonomy":"product_cat","embeddable":true,"href":"https:\/\/energizer.com\/eu\/poland\/wp-json\/wp\/v2\/product_cat?post=5365"},{"taxonomy":"product_tag","embeddable":true,"href":"https:\/\/energizer.com\/eu\/poland\/wp-json\/wp\/v2\/product_tag?post=5365"}],"curies":[{"name":"wp","href":"https:\/\/api.w.org\/{rel}","templated":true}]}}