{"id":5367,"date":"2024-05-22T07:54:44","date_gmt":"2024-05-22T07:54:44","guid":{"rendered":"https:\/\/23b13e8ab3.nxcli.io\/poland\/?post_type=product&#038;p=5367"},"modified":"2024-08-22T05:30:22","modified_gmt":"2024-08-22T05:30:22","slug":"energizer-atex-2aa","status":"publish","type":"product","link":"https:\/\/energizer.com\/eu\/poland\/product\/energizer-atex-2aa\/","title":{"rendered":"Energizer ATEX 2AA"},"content":{"rendered":"<ul>\n<li>Wewn\u0119trznie bezpieczny (ATEX) r\u0119czny<\/li>\n<li>Zakres roboczy temperatury otoczenia od -20\u00b0C do 40\u00b0C<\/li>\n<li>Dywizja I, Klasa I, II i III<\/li>\n<li>IECEx ia wrodzone bezpiecze\u0144stwo<\/li>\n<li>EN60529 ochrona przed dost\u0119pem IP67<\/li>\n<li>\u017bebrowana obudowa zapewniaj\u0105ca pewny chwyt<\/li>\n<li>Testowane zgodnie ze standardem ANSI FL 1 przy u\u017cyciu baterii Energizer MAX<\/li>\n<\/ul>\n","protected":false},"excerpt":{"rendered":"<p>Zatwierdzona przez \u015bwiatowe agencje bezpiecze\u0144stwa, wewn\u0119trznie bezpieczna latarka LED Energizer Atex jest zdolna do pracy w najci\u0119\u017cszych warunkach. Zaprojektowana z my\u015bl\u0105 o rzemio\u015ble przemys\u0142owym, to wysokowydajne \u015bwiat\u0142o posiada certyfikat wodoodporno\u015bci IP67 i wytrzymuje po wielokrotnym upadku z wysoko\u015bci do 1 metra. Aby zapewni\u0107 u\u017cytkownikowi bezpiecze\u0144stwo, p\u0119tla na smycz umo\u017cliwia \u0142atwy dost\u0119p podczas pracy, a pomara\u0144czowy kolor bezpiecze\u0144stwa umo\u017cliwia natychmiastow\u0105 identyfikacj\u0119. Technologia LED zapewnia sp\u00f3jne o\u015bwietlenie o nat\u0119\u017ceniu do 150 lumen\u00f3w przez d\u0142ugi czas wynosz\u0105cy 10 godzin, dzi\u0119ki czemu mo\u017cesz cieszy\u0107 si\u0119 d\u0142u\u017csz\u0105 aktywno\u015bci\u0105.<\/p>\n","protected":false},"featured_media":0,"template":"","meta":{"_acf_changed":false},"product_brand":[],"product_cat":[97],"product_tag":[],"class_list":{"0":"post-5367","1":"product","2":"type-product","3":"status-publish","5":"product_cat-handheld","7":"first","8":"instock","9":"shipping-taxable","10":"product-type-simple"},"acf":[],"_links":{"self":[{"href":"https:\/\/energizer.com\/eu\/poland\/wp-json\/wp\/v2\/product\/5367","targetHints":{"allow":["GET"]}}],"collection":[{"href":"https:\/\/energizer.com\/eu\/poland\/wp-json\/wp\/v2\/product"}],"about":[{"href":"https:\/\/energizer.com\/eu\/poland\/wp-json\/wp\/v2\/types\/product"}],"version-history":[{"count":7,"href":"https:\/\/energizer.com\/eu\/poland\/wp-json\/wp\/v2\/product\/5367\/revisions"}],"predecessor-version":[{"id":10510,"href":"https:\/\/energizer.com\/eu\/poland\/wp-json\/wp\/v2\/product\/5367\/revisions\/10510"}],"wp:attachment":[{"href":"https:\/\/energizer.com\/eu\/poland\/wp-json\/wp\/v2\/media?parent=5367"}],"wp:term":[{"taxonomy":"product_brand","embeddable":true,"href":"https:\/\/energizer.com\/eu\/poland\/wp-json\/wp\/v2\/product_brand?post=5367"},{"taxonomy":"product_cat","embeddable":true,"href":"https:\/\/energizer.com\/eu\/poland\/wp-json\/wp\/v2\/product_cat?post=5367"},{"taxonomy":"product_tag","embeddable":true,"href":"https:\/\/energizer.com\/eu\/poland\/wp-json\/wp\/v2\/product_tag?post=5367"}],"curies":[{"name":"wp","href":"https:\/\/api.w.org\/{rel}","templated":true}]}}