{"id":5415,"date":"2024-05-22T09:35:35","date_gmt":"2024-05-22T09:35:35","guid":{"rendered":"https:\/\/23b13e8ab3.nxcli.io\/poland\/?post_type=product&#038;p=5415"},"modified":"2024-08-22T05:24:59","modified_gmt":"2024-08-22T05:24:59","slug":"enr-eu-tier2hdl50-450-hl-os-y25a32","status":"publish","type":"product","link":"https:\/\/energizer.com\/eu\/poland\/product\/enr-eu-tier2hdl50-450-hl-os-y25a32\/","title":{"rendered":"Energizer HEADLAMP HDL50"},"content":{"rendered":"<ul>\n<li>Latarka czo\u0142owa Energizer HDL50 LED z 3 bateriami Energizer AAA<\/li>\n<li>Jasna latarka czo\u0142owa zapewnia \u015bwiat\u0142o bez u\u017cycia r\u0105k i d\u0142ugi czas dzia\u0142ania<\/li>\n<li>Idealna latarka czo\u0142owa do domu, pracy i zaj\u0119\u0107 na \u015bwie\u017cym powietrzu<\/li>\n<li>Emituje 500 lumen\u00f3w przy zasi\u0119gu \u015bwiat\u0142a o d\u0142ugo\u015bci 75 metr\u00f3w przez maksymalnie 2 godziny<\/li>\n<li>Wodoodporno\u015b\u0107 IPX7 do u\u017cytku w ka\u017cdych warunkach pogodowych, niet\u0142uk\u0105ca soczewka i odporno\u015b\u0107 na uderzenia do 1,8 metra<\/li>\n<li>Obrotowa g\u0142owica kieruj\u0105ca \u015bwiat\u0142o oraz opatentowana funkcja Digital Focus poszerzaj\u0105ca lub zaw\u0119\u017caj\u0105ca pole \u015bwiat\u0142a<\/li>\n<li>Zaufaj marce Energizer w kwestii niezawodnej mocy i wydajno\u015bci w ka\u017cdej sytuacji<\/li>\n<\/ul>\n","protected":false},"excerpt":{"rendered":"<p>Gdy potrzebujesz wolnych r\u0105k, latarka czo\u0142owa Energizer HDL50 LED zapewnia jasne \u015bwiat\u0142o o wysokim wsp\u00f3\u0142czynniku CRI, zapewniaj\u0105cym jasne definicje kolor\u00f3w. Kompaktowa latarka czo\u0142owa jest lekka, wodoodporna i py\u0142oszczelna, dzi\u0119ki czemu mo\u017cna j\u0105 zabra\u0107 ze sob\u0105 wsz\u0119dzie \u2014 na zewn\u0105trz podczas deszczu, na placu budowy lub po prostu do piwnicy. Idealna latarka czo\u0142owa do domu i pracy, emituje jasne \u015bwiat\u0142o o mocy 500 lumen\u00f3w przez maksymalnie 2 godziny. Tryb zielonej diody LED chroni widzenie w nocy, a g\u0142owica obraca si\u0119, aby \u015bwieci\u0107 tam, gdzie jest to potrzebne. Opatentowana funkcja Digital Focus pozwala poszerzy\u0107 lub zaw\u0119zi\u0107 pole widzenia jednym naci\u015bni\u0119ciem przycisku. Regulowany pasek na g\u0142ow\u0119, konstrukcja przeciwodblaskowa i niet\u0142uk\u0105ca soczewka przygotuj\u0105 Ci\u0119 na to, co Ci\u0119 czeka. Latarka czo\u0142owa LED Energizer jest dostarczana z trzema bateriami AAA. Zaufaj firmie Energizer, kt\u00f3ra dostarcza obiecan\u0105 mocn\u0105 wydajno\u015b\u0107 \u2013 lampy Energizer s\u0105 testowane i spe\u0142niaj\u0105 rygorystyczne, niezawodne standardy ANSI.<\/p>\n","protected":false},"featured_media":0,"template":"","meta":{"_acf_changed":false},"product_brand":[],"product_cat":[43],"product_tag":[],"class_list":{"0":"post-5415","1":"product","2":"type-product","3":"status-publish","5":"product_cat-hands-free","7":"first","8":"instock","9":"shipping-taxable","10":"product-type-simple"},"acf":[],"_links":{"self":[{"href":"https:\/\/energizer.com\/eu\/poland\/wp-json\/wp\/v2\/product\/5415","targetHints":{"allow":["GET"]}}],"collection":[{"href":"https:\/\/energizer.com\/eu\/poland\/wp-json\/wp\/v2\/product"}],"about":[{"href":"https:\/\/energizer.com\/eu\/poland\/wp-json\/wp\/v2\/types\/product"}],"version-history":[{"count":7,"href":"https:\/\/energizer.com\/eu\/poland\/wp-json\/wp\/v2\/product\/5415\/revisions"}],"predecessor-version":[{"id":9833,"href":"https:\/\/energizer.com\/eu\/poland\/wp-json\/wp\/v2\/product\/5415\/revisions\/9833"}],"wp:attachment":[{"href":"https:\/\/energizer.com\/eu\/poland\/wp-json\/wp\/v2\/media?parent=5415"}],"wp:term":[{"taxonomy":"product_brand","embeddable":true,"href":"https:\/\/energizer.com\/eu\/poland\/wp-json\/wp\/v2\/product_brand?post=5415"},{"taxonomy":"product_cat","embeddable":true,"href":"https:\/\/energizer.com\/eu\/poland\/wp-json\/wp\/v2\/product_cat?post=5415"},{"taxonomy":"product_tag","embeddable":true,"href":"https:\/\/energizer.com\/eu\/poland\/wp-json\/wp\/v2\/product_tag?post=5415"}],"curies":[{"name":"wp","href":"https:\/\/api.w.org\/{rel}","templated":true}]}}