{"id":5478,"date":"2024-05-22T11:36:10","date_gmt":"2024-05-22T11:36:10","guid":{"rendered":"https:\/\/23b13e8ab3.nxcli.io\/poland\/?post_type=product&#038;p=5478"},"modified":"2024-08-22T05:24:22","modified_gmt":"2024-08-22T05:24:22","slug":"energizer-2-in-1-lantern-handheld","status":"publish","type":"product","link":"https:\/\/energizer.com\/eu\/poland\/product\/energizer-2-in-1-lantern-handheld\/","title":{"rendered":"Energizer 2-in-1 Lantern handheld"},"content":{"rendered":"<ul>\n<li>Nowy projekt obejmuj\u0105cy panele odblaskowe zapewniaj\u0105ce lepsz\u0105 widoczno\u015b\u0107 w nocy<\/li>\n<li>\u0141\u0105czy \u015bwiat\u0142o punktowe i obszarowe w kompaktowej obudowie, zapewniaj\u0105c wi\u0119ksz\u0105 wszechstronno\u015b\u0107<\/li>\n<li>Pot\u0119\u017cne \u017ar\u00f3d\u0142o \u015bwiat\u0142a, kt\u00f3re wystarcza na wiele godzin<\/li>\n<li>Tryby wysoki i oszcz\u0119dno\u015bciowy spe\u0142niaj\u0105ce wszystkie Twoje potrzeby<\/li>\n<li>Zaprojektowane i zbudowane z my\u015bl\u0105 o trudnych warunkach zewn\u0119trznych: Odporny na upadek z wysoko\u015bci 1 metra i odporny na warunki atmosferyczne<\/li>\n<li>Por\u0119czna p\u0119tla do zawieszenia<\/li>\n<li>W zestawie s\u0105 2 baterie alkaliczne AA<\/li>\n<\/ul>\n","protected":false},"excerpt":{"rendered":"<p>Latarnia awaryjna Energizer 2 w 1 to wszechstronne \u015bwiat\u0142o obszarowe i reflektor punktowy w jednym kompaktowym i wysoce niezawodnym produkcie. Zaprojektowany do u\u017cytku zar\u00f3wno na zewn\u0105trz, jak i wewn\u0105trz, jej jaskrawe wyko\u0144czenie i odblaskowe panele, dzi\u0119ki czemu mo\u017cna go \u0142atwo znale\u017a\u0107 w sytuacjach awaryjnych. Tryb o\u015bwietlenia obszarowego zapewnia szerokie, rozproszone \u015bwiat\u0142o do o\u015bwietlania wi\u0119kszych przestrzeni przy jednoczesnym zachowaniu wyj\u0105tkowo d\u0142ugiego czasu dzia\u0142ania. Tryb reflektora zapewnia skoncentrowane, bezpo\u015brednie \u015bwiat\u0142o o d\u0142ugim czasie \u015bwiecenia i doskona\u0142ym zasi\u0119gu wi\u0105zki. Wytrzyma\u0142a konstrukcja Energizer 2 w 1 Light wytrzymuje nawet po wielokrotnym upadku i jest wodoodporna, dzi\u0119ki czemu mo\u017cna jej u\u017cywa\u0107 nawet w najtrudniejszych warunkach pogodowych.<\/p>\n","protected":false},"featured_media":0,"template":"","meta":{"_acf_changed":false},"product_brand":[],"product_cat":[97],"product_tag":[],"class_list":{"0":"post-5478","1":"product","2":"type-product","3":"status-publish","5":"product_cat-handheld","7":"first","8":"instock","9":"shipping-taxable","10":"product-type-simple"},"acf":[],"_links":{"self":[{"href":"https:\/\/energizer.com\/eu\/poland\/wp-json\/wp\/v2\/product\/5478","targetHints":{"allow":["GET"]}}],"collection":[{"href":"https:\/\/energizer.com\/eu\/poland\/wp-json\/wp\/v2\/product"}],"about":[{"href":"https:\/\/energizer.com\/eu\/poland\/wp-json\/wp\/v2\/types\/product"}],"version-history":[{"count":6,"href":"https:\/\/energizer.com\/eu\/poland\/wp-json\/wp\/v2\/product\/5478\/revisions"}],"predecessor-version":[{"id":9844,"href":"https:\/\/energizer.com\/eu\/poland\/wp-json\/wp\/v2\/product\/5478\/revisions\/9844"}],"wp:attachment":[{"href":"https:\/\/energizer.com\/eu\/poland\/wp-json\/wp\/v2\/media?parent=5478"}],"wp:term":[{"taxonomy":"product_brand","embeddable":true,"href":"https:\/\/energizer.com\/eu\/poland\/wp-json\/wp\/v2\/product_brand?post=5478"},{"taxonomy":"product_cat","embeddable":true,"href":"https:\/\/energizer.com\/eu\/poland\/wp-json\/wp\/v2\/product_cat?post=5478"},{"taxonomy":"product_tag","embeddable":true,"href":"https:\/\/energizer.com\/eu\/poland\/wp-json\/wp\/v2\/product_tag?post=5478"}],"curies":[{"name":"wp","href":"https:\/\/api.w.org\/{rel}","templated":true}]}}