{"id":5520,"date":"2024-05-22T12:28:24","date_gmt":"2024-05-22T12:28:24","guid":{"rendered":"https:\/\/23b13e8ab3.nxcli.io\/poland\/?post_type=product&#038;p=5520"},"modified":"2024-08-22T05:22:41","modified_gmt":"2024-08-22T05:22:41","slug":"energizer-hard-case-led-headlamp","status":"publish","type":"product","link":"https:\/\/energizer.com\/eu\/poland\/product\/energizer-hard-case-led-headlamp\/","title":{"rendered":"Energizer Hard Case LED Headlamp"},"content":{"rendered":"<ul>\n<li>Ta trwa\u0142a, wytrzyma\u0142a latarka czo\u0142owa dzia\u0142a na 3 bateriach Energizer MAX AA (w zestawie)<\/li>\n<li>Technologia LED o du\u017cej mocy zapewnia siln\u0105 wi\u0105zk\u0119 o mocy do 325 lumen\u00f3w, kt\u00f3ra w trybie wysokim mo\u017ce si\u0119ga\u0107 do 100 metr\u00f3w<\/li>\n<li>Antypo\u015blizgowy pasek na g\u0142ow\u0119 i regulowany pasek pasuj\u0105 do standardowych kask\u00f3w i he\u0142m\u00f3w<\/li>\n<li>Wytrzyma\u0142a konstrukcja wytrzymuje wielokrotne upadki z wysoko\u015bci do 7 metr\u00f3w<\/li>\n<li>Zawiera wygodn\u0105 obrotow\u0105 g\u0142owic\u0119, kt\u00f3ra kieruje mocny strumie\u0144 \u015bwiat\u0142a<\/li>\n<li>\u0141atwe prze\u0142\u0105czanie mi\u0119dzy trybami \u015bwiat\u0142a rozproszonego i\/lub \u015bwiat\u0142a skoncentrowanego<\/li>\n<li>Gotowy na ka\u017cd\u0105 pogod\u0119: Wodoodporny zgodnie ze standardem IPX4<\/li>\n<\/ul>\n","protected":false},"excerpt":{"rendered":"<p>Uwolnij swoje r\u0119ce dzi\u0119ki wytrzyma\u0142ej latarce czo\u0142owej LED Energizer Hard Case Professional. Obr\u00f3\u0107 latark\u0119 i skieruj jej mocny strumie\u0144 \u015bwiat\u0142a LED na odleg\u0142o\u015b\u0107 do 100 metr\u00f3w (w trybie wysokiej jasno\u015bci). W trybie pe\u0142nej mocy, punktowy lub rozproszony mo\u017cna uzyska\u0107 wysok\u0105 jasno\u015b\u0107 przez 6,5 godziny (w trybie wysokim) lub d\u0142u\u017cszy, 22-godzinny czas pracy (w trybie niskim). To latarka czo\u0142owa stworzona z my\u015bl\u0105 o nawet najbardziej wymagaj\u0105cych zadaniach: Jego wytrzyma\u0142a obudowa zewn\u0119trzna jest odporna na warunki atmosferyczne i wytrzymuje wielokrotne upadki, nawet z wysoko\u015bci do 7 metr\u00f3w. \u0141atwy w noszeniu, wygodny i regulowany pasek tej latarki czo\u0142owej pasuje jak ula\u0142. Nosisz kask ochronny czy kask? Nie martw si\u0119 \u2014 antypo\u015blizgowy pasek tej latarki czo\u0142owej Energizer utrzymuje si\u0119 na miejscu, gdy jest to potrzebne, zapewniaj\u0105c stabilne \u015bwiat\u0142o.<\/p>\n","protected":false},"featured_media":0,"template":"","meta":{"_acf_changed":false},"product_brand":[],"product_cat":[43],"product_tag":[],"class_list":{"0":"post-5520","1":"product","2":"type-product","3":"status-publish","5":"product_cat-hands-free","7":"first","8":"instock","9":"shipping-taxable","10":"product-type-simple"},"acf":[],"_links":{"self":[{"href":"https:\/\/energizer.com\/eu\/poland\/wp-json\/wp\/v2\/product\/5520","targetHints":{"allow":["GET"]}}],"collection":[{"href":"https:\/\/energizer.com\/eu\/poland\/wp-json\/wp\/v2\/product"}],"about":[{"href":"https:\/\/energizer.com\/eu\/poland\/wp-json\/wp\/v2\/types\/product"}],"version-history":[{"count":7,"href":"https:\/\/energizer.com\/eu\/poland\/wp-json\/wp\/v2\/product\/5520\/revisions"}],"predecessor-version":[{"id":10506,"href":"https:\/\/energizer.com\/eu\/poland\/wp-json\/wp\/v2\/product\/5520\/revisions\/10506"}],"wp:attachment":[{"href":"https:\/\/energizer.com\/eu\/poland\/wp-json\/wp\/v2\/media?parent=5520"}],"wp:term":[{"taxonomy":"product_brand","embeddable":true,"href":"https:\/\/energizer.com\/eu\/poland\/wp-json\/wp\/v2\/product_brand?post=5520"},{"taxonomy":"product_cat","embeddable":true,"href":"https:\/\/energizer.com\/eu\/poland\/wp-json\/wp\/v2\/product_cat?post=5520"},{"taxonomy":"product_tag","embeddable":true,"href":"https:\/\/energizer.com\/eu\/poland\/wp-json\/wp\/v2\/product_tag?post=5520"}],"curies":[{"name":"wp","href":"https:\/\/api.w.org\/{rel}","templated":true}]}}