{"id":5532,"date":"2024-05-22T12:43:57","date_gmt":"2024-05-22T12:43:57","guid":{"rendered":"https:\/\/23b13e8ab3.nxcli.io\/poland\/?post_type=product&#038;p=5532"},"modified":"2024-08-22T05:18:48","modified_gmt":"2024-08-22T05:18:48","slug":"energizer-fusion-3in1-work-tripod-torch","status":"publish","type":"product","link":"https:\/\/energizer.com\/eu\/poland\/product\/energizer-fusion-3in1-work-tripod-torch\/","title":{"rendered":"Energizer Fusion 3in1 Work Tripod Torch"},"content":{"rendered":"<ul>\n<li>Obrotowa g\u0142owica kieruje \u015bwiat\u0142o punktowe tam, gdzie jest to potrzebne<\/li>\n<li>Rozk\u0142adane nogi umo\u017cliwiaj\u0105ce o\u015bwietlenie kierunkowe lub obszarowe bez u\u017cycia r\u0105k<\/li>\n<li>Zintegrowany hak do zawieszania zapewniaj\u0105cy maksymaln\u0105 wszechstronno\u015b\u0107<\/li>\n<\/ul>\n","protected":false},"excerpt":{"rendered":"<p>Wielofunkcyjna latarka Energizer z technologi\u0105 Fusion Light zapewnia naprawd\u0119 wszechstronne rozwi\u0105zanie do ka\u017cdego zadania. Wybierz opcj\u0119 jasnego o\u015bwietlenia punktowego lub imponuj\u0105co jasnego \u015bwiat\u0142a obszarowego. Dzi\u0119ki solidnemu statywowi i obrotowej g\u0142owicy, ta lampa dostosowuje si\u0119, zapewniaj\u0105c doskona\u0142\u0105 obs\u0142ug\u0119 bez u\u017cycia r\u0105k. Aby u\u017cywa\u0107 jej jako latarki r\u0119cznej, wystarczy z\u0142o\u017cy\u0107 sk\u0142adane n\u00f3\u017cki. Dzi\u0119ki tak wielu opcjom o\u015bwietlenia, to rozwi\u0105zanie zapewnia o\u015bwietlenie powierzchniowe i punktowe potrzebne do dowolnego celu.<\/p>\n","protected":false},"featured_media":0,"template":"","meta":{"_acf_changed":false},"product_brand":[],"product_cat":[97],"product_tag":[],"class_list":{"0":"post-5532","1":"product","2":"type-product","3":"status-publish","5":"product_cat-handheld","7":"first","8":"instock","9":"shipping-taxable","10":"product-type-simple"},"acf":[],"_links":{"self":[{"href":"https:\/\/energizer.com\/eu\/poland\/wp-json\/wp\/v2\/product\/5532","targetHints":{"allow":["GET"]}}],"collection":[{"href":"https:\/\/energizer.com\/eu\/poland\/wp-json\/wp\/v2\/product"}],"about":[{"href":"https:\/\/energizer.com\/eu\/poland\/wp-json\/wp\/v2\/types\/product"}],"version-history":[{"count":5,"href":"https:\/\/energizer.com\/eu\/poland\/wp-json\/wp\/v2\/product\/5532\/revisions"}],"predecessor-version":[{"id":9860,"href":"https:\/\/energizer.com\/eu\/poland\/wp-json\/wp\/v2\/product\/5532\/revisions\/9860"}],"wp:attachment":[{"href":"https:\/\/energizer.com\/eu\/poland\/wp-json\/wp\/v2\/media?parent=5532"}],"wp:term":[{"taxonomy":"product_brand","embeddable":true,"href":"https:\/\/energizer.com\/eu\/poland\/wp-json\/wp\/v2\/product_brand?post=5532"},{"taxonomy":"product_cat","embeddable":true,"href":"https:\/\/energizer.com\/eu\/poland\/wp-json\/wp\/v2\/product_cat?post=5532"},{"taxonomy":"product_tag","embeddable":true,"href":"https:\/\/energizer.com\/eu\/poland\/wp-json\/wp\/v2\/product_tag?post=5532"}],"curies":[{"name":"wp","href":"https:\/\/api.w.org\/{rel}","templated":true}]}}