{"id":5538,"date":"2024-05-22T13:25:11","date_gmt":"2024-05-22T13:25:11","guid":{"rendered":"https:\/\/23b13e8ab3.nxcli.io\/poland\/?post_type=product&#038;p=5538"},"modified":"2024-08-22T05:17:49","modified_gmt":"2024-08-22T05:17:49","slug":"energizer-vision-hd-focus-industrial-headlight","status":"publish","type":"product","link":"https:\/\/energizer.com\/eu\/poland\/product\/energizer-vision-hd-focus-industrial-headlight\/","title":{"rendered":"Energizer Vision HD Focus Industrial Headlight"},"content":{"rendered":"<ul>\n<li>3 bia\u0142e diody LED, 2 czerwone diody LED<\/li>\n<li>5 tryb\u00f3w o\u015bwietlenia<\/li>\n<li>Technologia inteligentnego przyciemniania<\/li>\n<li>Technologia VisionGuard<\/li>\n<li>Antypo\u015blizgowy pasek na g\u0142ow\u0119 z warstwami silikonu<\/li>\n<li>4 uniwersalne paski do kask\u00f3w<\/li>\n<li>G\u0142owica obrotowa<\/li>\n<li>IPX4: Jest odporny na bryzgi wody z dowolnego kierunku<\/li>\n<\/ul>\n","protected":false},"excerpt":{"rendered":"<p>Latarka czo\u0142owa Energizer Industrial jest ergonomiczna, o wysokiej wydajno\u015bci i solidna, aby sprosta\u0107 wymaganiom najbardziej wymagaj\u0105cych profesjonalist\u00f3w w zakresie o\u015bwietlenia bez konieczno\u015bci trzymania w r\u0119kach.<\/p>\n","protected":false},"featured_media":0,"template":"","meta":{"_acf_changed":false},"product_brand":[],"product_cat":[43],"product_tag":[],"class_list":{"0":"post-5538","1":"product","2":"type-product","3":"status-publish","5":"product_cat-hands-free","7":"first","8":"instock","9":"shipping-taxable","10":"product-type-simple"},"acf":[],"_links":{"self":[{"href":"https:\/\/energizer.com\/eu\/poland\/wp-json\/wp\/v2\/product\/5538","targetHints":{"allow":["GET"]}}],"collection":[{"href":"https:\/\/energizer.com\/eu\/poland\/wp-json\/wp\/v2\/product"}],"about":[{"href":"https:\/\/energizer.com\/eu\/poland\/wp-json\/wp\/v2\/types\/product"}],"version-history":[{"count":6,"href":"https:\/\/energizer.com\/eu\/poland\/wp-json\/wp\/v2\/product\/5538\/revisions"}],"predecessor-version":[{"id":9863,"href":"https:\/\/energizer.com\/eu\/poland\/wp-json\/wp\/v2\/product\/5538\/revisions\/9863"}],"wp:attachment":[{"href":"https:\/\/energizer.com\/eu\/poland\/wp-json\/wp\/v2\/media?parent=5538"}],"wp:term":[{"taxonomy":"product_brand","embeddable":true,"href":"https:\/\/energizer.com\/eu\/poland\/wp-json\/wp\/v2\/product_brand?post=5538"},{"taxonomy":"product_cat","embeddable":true,"href":"https:\/\/energizer.com\/eu\/poland\/wp-json\/wp\/v2\/product_cat?post=5538"},{"taxonomy":"product_tag","embeddable":true,"href":"https:\/\/energizer.com\/eu\/poland\/wp-json\/wp\/v2\/product_tag?post=5538"}],"curies":[{"name":"wp","href":"https:\/\/api.w.org\/{rel}","templated":true}]}}