{"id":5541,"date":"2024-05-22T13:26:46","date_gmt":"2024-05-22T13:26:46","guid":{"rendered":"https:\/\/23b13e8ab3.nxcli.io\/poland\/?post_type=product&#038;p=5541"},"modified":"2024-08-22T05:17:44","modified_gmt":"2024-08-22T05:17:44","slug":"enr-eu-tier2hdl40-400-hl-tr-y24a32","status":"publish","type":"product","link":"https:\/\/energizer.com\/eu\/poland\/product\/enr-eu-tier2hdl40-400-hl-tr-y24a32\/","title":{"rendered":"Energizer HEADLAMP HDL40"},"content":{"rendered":"<ul>\n<li>Latarka czo\u0142owa Energizer HDL40 z bateriami 3AAA Energizer w zestawie<\/li>\n<li>Technologia LED: Ta latarka czo\u0142owa o mocy 500 lumen\u00f3w, wyposa\u017cona w trwa\u0142\u0105 i energooszcz\u0119dn\u0105 technologi\u0119 LED<\/li>\n<li>Zaawansowana technologia \u015bciemniania: Kontroluj intensywno\u015b\u0107 \u015bwiat\u0142a od 100% do 10% we wszystkich trybach<\/li>\n<li>Trwa\u0142a konstrukcja: Idealna do d\u0142ugotrwa\u0142ego u\u017cytkowania, ta kompaktowa i lekka latarka czo\u0142owa jest wodoodporna i ma niet\u0142uk\u0105c\u0105 si\u0119 soczewk\u0119<\/li>\n<li>Wszechstronna lampka g\u0142o\u015bnom\u00f3wi\u0105ca: Ta \u0142atwa w u\u017cyciu, kompaktowa, wodoodporna latarka czo\u0142owa ma regulowany pasek na g\u0142ow\u0119, dzi\u0119ki czemu mo\u017cesz zabezpieczy\u0107 si\u0119 przed przerwami w dostawie pr\u0105du, majsterkowaniem i nie tylko<\/li>\n<li>Godziny pracy:\u202f\u202fTa trwa\u0142a i wydajna latarka czo\u0142owa mo\u017ce \u015bwieci\u0107 do 22 godzin w trybie niskim<\/li>\n<li>Niezawodne zasilanie: Zaufaj firmie Energizer, kt\u00f3ra obiecuje wysok\u0105 wydajno\u015b\u0107 \u2013 wszystkie lampy Energizer s\u0105 testowane i spe\u0142niaj\u0105 rygorystyczne, niezawodne standardy ANSI<\/li>\n<\/ul>\n","protected":false},"excerpt":{"rendered":"<p>Trzymaj r\u0119ce wolne i ciesz si\u0119 w pe\u0142ni ka\u017cd\u0105 przygod\u0105 dzi\u0119ki tej lekkiej i wszechstronnej latarce turystycznej. Latarka czo\u0142owa Energizer HDL40 jest kompaktowa i nie wymaga u\u017cycia r\u0105k \u2013 idealnie nadaje si\u0119 do majsterkowania i innych projekt\u00f3w wymagaj\u0105cych dw\u00f3ch r\u0105k. O\u015bwietli Twoj\u0105 drog\u0119 podczas wszelkich aktywno\u015bci po zmroku, niezale\u017cnie od tego, czy wybierasz si\u0119 na biwak, w\u0119dr\u00f3wk\u0119 czy biegasz. Ta latarka czo\u0142owa LED o mocy 500 lumen\u00f3w i regulowanym pasku na g\u0142ow\u0119 o\u015bwietli nawet najciemniejsze miejsca, zapewniaj\u0105c wystarczaj\u0105c\u0105 ilo\u015b\u0107 \u015bwiat\u0142a dok\u0142adnie tam, gdzie go potrzebujesz. Dzi\u0119ki zaawansowanej funkcji przyciemniania mo\u017cesz kontrolowa\u0107 intensywno\u015b\u0107 \u015bwiat\u0142a od 100% do 10% we wszystkich ustawieniach \u015bwiat\u0142a. Wybierz idealny tryb o\u015bwietlenia dla swojej aktywno\u015bci \u2013 wysoki, \u015bredni, szeroki, niski, czerwony lub migaj\u0105cy czerwony. Ta wodoodporna latarka czo\u0142owa z odpornym na st\u0142uczenia soczewk\u0105 ma wygodn\u0105 konstrukcj\u0119 i trwa\u0142e wykonanie, zapewniaj\u0105c optymalny komfort i wszechstronno\u015b\u0107 podczas wszelkich przyg\u00f3d w pomieszczeniach i na \u015bwie\u017cym powietrzu. Toruj\u0105c drog\u0119 przeno\u015bnemu o\u015bwietleniu od ponad 120 lat, Energizer wprowadzi\u0142 na rynek pierwsz\u0105 na \u015bwiecie wodoodporn\u0105 latark\u0119 w 1970 roku. Energizer sprawia, \u017ce o\u015bwietlanie drogi jest \u0142atwe.<\/p>\n","protected":false},"featured_media":0,"template":"","meta":{"_acf_changed":false},"product_brand":[],"product_cat":[43],"product_tag":[],"class_list":{"0":"post-5541","1":"product","2":"type-product","3":"status-publish","5":"product_cat-hands-free","7":"first","8":"instock","9":"shipping-taxable","10":"product-type-simple"},"acf":[],"_links":{"self":[{"href":"https:\/\/energizer.com\/eu\/poland\/wp-json\/wp\/v2\/product\/5541","targetHints":{"allow":["GET"]}}],"collection":[{"href":"https:\/\/energizer.com\/eu\/poland\/wp-json\/wp\/v2\/product"}],"about":[{"href":"https:\/\/energizer.com\/eu\/poland\/wp-json\/wp\/v2\/types\/product"}],"version-history":[{"count":7,"href":"https:\/\/energizer.com\/eu\/poland\/wp-json\/wp\/v2\/product\/5541\/revisions"}],"predecessor-version":[{"id":9864,"href":"https:\/\/energizer.com\/eu\/poland\/wp-json\/wp\/v2\/product\/5541\/revisions\/9864"}],"wp:attachment":[{"href":"https:\/\/energizer.com\/eu\/poland\/wp-json\/wp\/v2\/media?parent=5541"}],"wp:term":[{"taxonomy":"product_brand","embeddable":true,"href":"https:\/\/energizer.com\/eu\/poland\/wp-json\/wp\/v2\/product_brand?post=5541"},{"taxonomy":"product_cat","embeddable":true,"href":"https:\/\/energizer.com\/eu\/poland\/wp-json\/wp\/v2\/product_cat?post=5541"},{"taxonomy":"product_tag","embeddable":true,"href":"https:\/\/energizer.com\/eu\/poland\/wp-json\/wp\/v2\/product_tag?post=5541"}],"curies":[{"name":"wp","href":"https:\/\/api.w.org\/{rel}","templated":true}]}}